000
CDUS43 KMKX 050701
CLIMKE


CLIMATE REPORT
NATIONAL WEATHER SERVICE IN MILWAUKEE
200 AM CDT SAT JUL 5 2014


...................................

...THE MILWAUKEE WI CLIMATE SUMMARY FOR JULY 4 2014...

CLIMATE NORMAL PERIOD 1981 TO 2010
CLIMATE RECORD PERIOD 1871 TO 2014


WEATHER ITEM   OBSERVED TIME   RECORD YEAR NORMAL DEPARTURE LAST
                VALUE   (LST)  VALUE       VALUE  FROM      YEAR
                                                  NORMAL
..................................................................
TEMPERATURE (F)
 YESTERDAY
  MAXIMUM         72    336 PM 102    2012  80     -8       80
  MINIMUM         56    536 AM  45    1963  63     -7       61
  AVERAGE         64                        71     -7       71

PRECIPITATION (IN)
  YESTERDAY        0.00          1.08 1904   0.12  -0.12     0.00
  MONTH TO DATE    0.06                      0.50  -0.44     0.34
  SINCE JUN 1      6.40                      4.40   2.00     6.14
  SINCE JAN 1     17.35                     17.04   0.31    25.65

SNOWFALL (IN)
  YESTERDAY        0.0           0.0    MM   0.0    0.0      0.0
  MONTH TO DATE    0.0                       0.0    0.0      0.0
  SINCE JUN 1      0.0                       0.0    0.0      0.0
  SINCE JUL 1      0.0                       0.0    0.0      0.0
  SNOW DEPTH       0

DEGREE DAYS
 HEATING
  YESTERDAY        1                         1      0        0
  MONTH TO DATE    6                         4      2        3
  SINCE JUN 1     80                        88     -8       90
  SINCE JUL 1      6                         4      2        3

 COOLING
  YESTERDAY        0                         7     -7        6
  MONTH TO DATE    8                        27    -19        8
  SINCE JUN 1     98                       147    -49      107
  SINCE JAN 1    116                       177    -61      146
..................................................................


WIND (MPH)
  HIGHEST WIND SPEED    12   HIGHEST WIND DIRECTION    SE (140)
  HIGHEST GUST SPEED    15   HIGHEST GUST DIRECTION    SE (120)
  AVERAGE WIND SPEED     5.5


SKY COVER
  POSSIBLE SUNSHINE  MM
  AVERAGE SKY COVER 0.3


WEATHER CONDITIONS
 THE FOLLOWING WEATHER WAS RECORDED YESTERDAY.
  HAZE


RELATIVE HUMIDITY (PERCENT)
 HIGHEST    77           400 AM
 LOWEST     44          1100 AM
 AVERAGE    61

..........................................................


THE MILWAUKEE WI CLIMATE NORMALS FOR TODAY
                         NORMAL    RECORD    YEAR
 MAXIMUM TEMPERATURE (F)   80       103      2012
 MINIMUM TEMPERATURE (F)   63        45      1972


SUNRISE AND SUNSET
JULY  5 2014..........SUNRISE   519 AM CDT   SUNSET   833 PM CDT
JULY  6 2014..........SUNRISE   519 AM CDT   SUNSET   833 PM CDT


-  INDICATES NEGATIVE NUMBERS.
R  INDICATES RECORD WAS SET OR TIED.
MM INDICATES DATA IS MISSING.
T  INDICATES TRACE AMOUNT.




$$
