000
CDUS43 KMKX 150706
CLIMKE


CLIMATE REPORT
NATIONAL WEATHER SERVICE IN MILWAUKEE
205 AM CDT SUN MAY 15 2016


...................................

...THE MILWAUKEE WI CLIMATE SUMMARY FOR MAY 14 2016...

CLIMATE NORMAL PERIOD 1981 TO 2010
CLIMATE RECORD PERIOD 1871 TO 2016


WEATHER ITEM   OBSERVED TIME   RECORD YEAR NORMAL DEPARTURE LAST
                VALUE   (LST)  VALUE       VALUE  FROM      YEAR
                                                  NORMAL
..................................................................
TEMPERATURE (F)
 YESTERDAY
  MAXIMUM         46    928 AM  89    2007  64    -18       57
  MINIMUM         40   1159 PM  31    1895  46     -6       40
  AVERAGE         43                        55    -12       49

PRECIPITATION (IN)
  YESTERDAY        T             1.79 1983   0.11  -0.11     0.05
  MONTH TO DATE    1.72                      1.47   0.25     0.90
  SINCE MAR 1      6.86                      7.30  -0.44     6.95
  SINCE JAN 1      8.17                     10.71  -2.54     8.67

SNOWFALL (IN)
  YESTERDAY        T   R         0.0    MM   0.0    0.0      0.0
  MONTH TO DATE    T                         0.1   -0.1      0.0
  SINCE MAR 1     10.0                       9.1    0.9      4.9
  SINCE JUL 1     39.1                      46.9   -7.8     43.0
  SNOW DEPTH       0

DEGREE DAYS
 HEATING
  YESTERDAY       22                        11     11       16
  MONTH TO DATE  181                       174      7      145
  SINCE MAR 1   1578                      1691   -113     1644
  SINCE JUL 1   5797                      6671   -874     6976

 COOLING
  YESTERDAY        0                         1     -1        0
  MONTH TO DATE    0                         4     -4       11
  SINCE MAR 1      0                         9     -9       11
  SINCE JAN 1      0                         9     -9       11
..................................................................


WIND (MPH)
  HIGHEST WIND SPEED    25   HIGHEST WIND DIRECTION    NW (310)
  HIGHEST GUST SPEED    31   HIGHEST GUST DIRECTION    NW (310)
  AVERAGE WIND SPEED    14.1


SKY COVER
  POSSIBLE SUNSHINE  MM
  AVERAGE SKY COVER 0.9


WEATHER CONDITIONS
 THE FOLLOWING WEATHER WAS RECORDED YESTERDAY.
  LIGHT RAIN
  SNOW


RELATIVE HUMIDITY (PERCENT)
 HIGHEST    83          1200 AM
 LOWEST     45          1100 AM
 AVERAGE    64

..........................................................


THE MILWAUKEE WI CLIMATE NORMALS FOR TODAY
                         NORMAL    RECORD    YEAR
 MAXIMUM TEMPERATURE (F)   65        88      1932
 MINIMUM TEMPERATURE (F)   46        34      1888


SUNRISE AND SUNSET
MAY 15 2016...........SUNRISE   528 AM CDT   SUNSET   808 PM CDT
MAY 16 2016...........SUNRISE   527 AM CDT   SUNSET   810 PM CDT


-  INDICATES NEGATIVE NUMBERS.
R  INDICATES RECORD WAS SET OR TIED.
MM INDICATES DATA IS MISSING.
T  INDICATES TRACE AMOUNT.




$$
