000
CDUS43 KMKX 230641
CLIMKE


CLIMATE REPORT
NATIONAL WEATHER SERVICE IN MILWAUKEE
1240 AM CST MON FEB 23 2015


...................................

...THE MILWAUKEE WI CLIMATE SUMMARY FOR FEBRUARY 22 2015...

CLIMATE NORMAL PERIOD 1981 TO 2010
CLIMATE RECORD PERIOD 1871 TO 2015


WEATHER ITEM   OBSERVED TIME   RECORD YEAR NORMAL DEPARTURE LAST
                VALUE   (LST)  VALUE       VALUE  FROM      YEAR
                                                  NORMAL
..................................................................
TEMPERATURE (F)
 YESTERDAY
  MAXIMUM         23   1226 AM  62    1984  35    -12       31
  MINIMUM          1   1159 PM -11    1873  21    -20       18
  AVERAGE         12                        28    -16       25

PRECIPITATION (IN)
  YESTERDAY        T             1.03 1981   0.07  -0.07     0.00
  MONTH TO DATE    0.63                      1.26  -0.63     1.62
  SINCE DEC 1      2.57                      5.06  -2.49     4.52
  SINCE JAN 1      1.54                      3.02  -1.48     2.73

SNOWFALL (IN)
  YESTERDAY        T             8.6  1974   0.3   -0.3      0.0
  MONTH TO DATE   14.3                       7.8    6.5     15.6
  SINCE DEC 1     28.0                      33.1   -5.1     54.5
  SINCE JUL 1     32.8                      35.8   -3.0     56.5
  SNOW DEPTH       0

DEGREE DAYS
 HEATING
  YESTERDAY       53                        37     16       40
  MONTH TO DATE 1088                       877    211     1039
  SINCE DEC 1   3435                      3397     38     3967
  SINCE JUL 1   5006                      4762    244     5342

 COOLING
  YESTERDAY        0                         0      0        0
  MONTH TO DATE    0                         0      0        0
  SINCE DEC 1      0                         0      0        0
  SINCE JAN 1      0                         0      0        0
..................................................................


WIND (MPH)
  HIGHEST WIND SPEED    21   HIGHEST WIND DIRECTION     W (280)
  HIGHEST GUST SPEED    25   HIGHEST GUST DIRECTION     W (280)
  AVERAGE WIND SPEED    12.4


SKY COVER
  POSSIBLE SUNSHINE  MM
  AVERAGE SKY COVER 0.6


WEATHER CONDITIONS
 THE FOLLOWING WEATHER WAS RECORDED YESTERDAY.
  LIGHT SNOW


RELATIVE HUMIDITY (PERCENT)
 HIGHEST    65          1200 AM
 LOWEST     42           300 PM
 AVERAGE    54

..........................................................


THE MILWAUKEE WI CLIMATE NORMALS FOR TODAY
                         NORMAL    RECORD    YEAR
 MAXIMUM TEMPERATURE (F)   35        62      1984
 MINIMUM TEMPERATURE (F)   22       -16      1889


SUNRISE AND SUNSET
FEBRUARY 23 2015......SUNRISE   637 AM CST   SUNSET   533 PM CST
FEBRUARY 24 2015......SUNRISE   636 AM CST   SUNSET   534 PM CST


-  INDICATES NEGATIVE NUMBERS.
R  INDICATES RECORD WAS SET OR TIED.
MM INDICATES DATA IS MISSING.
T  INDICATES TRACE AMOUNT.




$$
