000
CDUS43 KMKX 300645
CLIMKE


CLIMATE REPORT
NATIONAL WEATHER SERVICE IN MILWAUKEE
1245 AM CST WED NOV 30 2016


...................................

...THE MILWAUKEE WI CLIMATE SUMMARY FOR NOVEMBER 29 2016...

CLIMATE NORMAL PERIOD 1981 TO 2010
CLIMATE RECORD PERIOD 1871 TO 2016


WEATHER ITEM   OBSERVED TIME   RECORD YEAR NORMAL DEPARTURE LAST
                VALUE   (LST)  VALUE       VALUE  FROM      YEAR
                                                  NORMAL
..................................................................
TEMPERATURE (F)
 YESTERDAY
  MAXIMUM         54    337 PM  66    1998  39     15       39
  MINIMUM         40    633 PM -14    1875  26     14       22
  AVERAGE         47                        32     15       31

PRECIPITATION (IN)
  YESTERDAY        0.00          1.03 1991   0.08  -0.08     0.00
  MONTH TO DATE    1.81                      2.62  -0.81     4.43
  SINCE SEP 1      9.67                      8.45   1.22    10.77
  SINCE JAN 1     27.33                     32.63  -5.30    28.52

SNOWFALL (IN)
  YESTERDAY        0.0           3.3  1971   0.2   -0.2      0.0
  MONTH TO DATE    T                         2.2   -2.2      6.9
  SINCE SEP 1      T                         2.5   -2.5      6.9
  SINCE JUL 1      T                         2.5   -2.5      6.9
  SNOW DEPTH       0

DEGREE DAYS
 HEATING
  YESTERDAY       18                        33    -15       34
  MONTH TO DATE  501                       749   -248      583
  SINCE SEP 1    801                      1308   -507      967
  SINCE JUL 1    803                      1334   -531     1015

 COOLING
  YESTERDAY        0                         0      0        0
  MONTH TO DATE    3                         0      3        0
  SINCE SEP 1    155                        76     79      135
  SINCE JAN 1    991                       641    350      622
..................................................................


WIND (MPH)
  HIGHEST WIND SPEED    24   HIGHEST WIND DIRECTION    SW (210)
  HIGHEST GUST SPEED    31   HIGHEST GUST DIRECTION    SW (210)
  AVERAGE WIND SPEED    10.8


SKY COVER
  POSSIBLE SUNSHINE  MM
  AVERAGE SKY COVER 0.3


WEATHER CONDITIONS
 THE FOLLOWING WEATHER WAS RECORDED YESTERDAY.
  NO SIGNIFICANT WEATHER WAS OBSERVED.


RELATIVE HUMIDITY (PERCENT)
 HIGHEST    83           100 AM
 LOWEST     50           200 PM
 AVERAGE    67

..........................................................


THE MILWAUKEE WI CLIMATE NORMALS FOR TODAY
                         NORMAL    RECORD    YEAR
 MAXIMUM TEMPERATURE (F)   39        63      1998
 MINIMUM TEMPERATURE (F)   26        -4      1947


SUNRISE AND SUNSET
NOVEMBER 30 2016......SUNRISE   702 AM CST   SUNSET   418 PM CST
DECEMBER  1 2016......SUNRISE   703 AM CST   SUNSET   418 PM CST


-  INDICATES NEGATIVE NUMBERS.
R  INDICATES RECORD WAS SET OR TIED.
MM INDICATES DATA IS MISSING.
T  INDICATES TRACE AMOUNT.




$$
