000
CDUS43 KMKX 280645
CLIMKE


CLIMATE REPORT
NATIONAL WEATHER SERVICE IN MILWAUKEE
1245 AM CST SAT FEB 28 2015


...................................

...THE MILWAUKEE WI CLIMATE SUMMARY FOR FEBRUARY 27 2015...

CLIMATE NORMAL PERIOD 1981 TO 2010
CLIMATE RECORD PERIOD 1871 TO 2015


WEATHER ITEM   OBSERVED TIME   RECORD YEAR NORMAL DEPARTURE LAST
                VALUE   (LST)  VALUE       VALUE  FROM      YEAR
                                                  NORMAL
..................................................................
TEMPERATURE (F)
 YESTERDAY
  MAXIMUM         18    229 PM  65    1976  36    -18       15
  MINIMUM          0    647 AM -12    1879  23    -23        0
  AVERAGE          9                        30    -21        8

PRECIPITATION (IN)
  YESTERDAY        0.00          1.17 1948   0.07  -0.07      T
  MONTH TO DATE    0.81                      1.59  -0.78     1.62
  SINCE DEC 1      2.75                      5.39  -2.64     4.52
  SINCE JAN 1      1.72                      3.35  -1.63     2.73

SNOWFALL (IN)
  YESTERDAY        0.0           5.4  2013   0.3   -0.3      0.2
  MONTH TO DATE   19.5                       9.5   10.0     15.8
  SINCE DEC 1     33.2                      34.8   -1.6     54.7
  SINCE JUL 1     38.0                      37.5    0.5     56.7
  SNOW DEPTH       9

DEGREE DAYS
 HEATING
  YESTERDAY       56                        36     20       57
  MONTH TO DATE 1356                      1059    297     1300
  SINCE DEC 1   3703                      3579    124     4228
  SINCE JUL 1   5274                      4944    330     5603

 COOLING
  YESTERDAY        0                         0      0        0
  MONTH TO DATE    0                         0      0        0
  SINCE DEC 1      0                         0      0        0
  SINCE JAN 1      0                         0      0        0
..................................................................


WIND (MPH)
  HIGHEST WIND SPEED    14   HIGHEST WIND DIRECTION    SW (230)
  HIGHEST GUST SPEED    20   HIGHEST GUST DIRECTION     W (270)
  AVERAGE WIND SPEED     8.4


SKY COVER
  POSSIBLE SUNSHINE  MM
  AVERAGE SKY COVER 0.0


WEATHER CONDITIONS
 THE FOLLOWING WEATHER WAS RECORDED YESTERDAY.
  NO SIGNIFICANT WEATHER WAS OBSERVED.


RELATIVE HUMIDITY (PERCENT)
 HIGHEST    66           100 AM
 LOWEST     33           200 PM
 AVERAGE    50

..........................................................


THE MILWAUKEE WI CLIMATE NORMALS FOR TODAY
                         NORMAL    RECORD    YEAR
 MAXIMUM TEMPERATURE (F)   37        54      1895
 MINIMUM TEMPERATURE (F)   23       -12      1884


SUNRISE AND SUNSET
FEBRUARY 28 2015......SUNRISE   630 AM CST   SUNSET   539 PM CST
MARCH  1 2015.........SUNRISE   628 AM CST   SUNSET   541 PM CST


-  INDICATES NEGATIVE NUMBERS.
R  INDICATES RECORD WAS SET OR TIED.
MM INDICATES DATA IS MISSING.
T  INDICATES TRACE AMOUNT.




$$
