703
CDUS43 KMKX 110641
CLIMKE


CLIMATE REPORT
NATIONAL WEATHER SERVICE IN MILWAUKEE
141 AM CDT MON SEP 11 2017


...................................

...THE MILWAUKEE WI CLIMATE SUMMARY FOR SEPTEMBER 10 2017...

CLIMATE NORMAL PERIOD 1981 TO 2010
CLIMATE RECORD PERIOD 1871 TO 2017


WEATHER ITEM   OBSERVED TIME   RECORD YEAR NORMAL DEPARTURE LAST
                VALUE   (LST)  VALUE       VALUE  FROM      YEAR
                                                  NORMAL
..................................................................
TEMPERATURE (F)
 YESTERDAY
  MAXIMUM         68   1137 AM  97    1931  74     -6       74
  MINIMUM         50    539 AM  39    1883  57     -7       60
  AVERAGE         59                        66     -7       67

PRECIPITATION (IN)
  YESTERDAY        0.00          1.74 1986   0.10  -0.10     0.08
  MONTH TO DATE    0.39                      1.03  -0.64     1.67
  SINCE SEP 1      0.39                      1.03  -0.64     1.67
  SINCE JAN 1     27.71                     25.21   2.50    19.33

SNOWFALL (IN)
  YESTERDAY        0.0           0.0    MM   0.0    0.0      0.0
  MONTH TO DATE    0.0                       0.0    0.0      0.0
  SINCE SEP 1      0.0                       0.0    0.0      0.0
  SINCE JUL 1      0.0                       0.0    0.0      0.0
  SNOW DEPTH       0

DEGREE DAYS
 HEATING
  YESTERDAY        6                         3      3        0
  MONTH TO DATE   37                        17     20        0
  SINCE SEP 1     37                        17     20        0
  SINCE JUL 1     46                        43      3        2

 COOLING
  YESTERDAY        0                         3     -3        2
  MONTH TO DATE   10                        38    -28       70
  SINCE SEP 1     10                        38    -28       70
  SINCE JAN 1    620                       603     17      906
..................................................................


WIND (MPH)
  HIGHEST WIND SPEED    16   HIGHEST WIND DIRECTION    SE (140)
  HIGHEST GUST SPEED    21   HIGHEST GUST DIRECTION    SE (130)
  AVERAGE WIND SPEED     5.2


SKY COVER
  POSSIBLE SUNSHINE  MM
  AVERAGE SKY COVER 0.1


WEATHER CONDITIONS
 THE FOLLOWING WEATHER WAS RECORDED YESTERDAY.
  NO SIGNIFICANT WEATHER WAS OBSERVED.


RELATIVE HUMIDITY (PERCENT)
 HIGHEST    93          1100 PM
 LOWEST     49          1100 AM
 AVERAGE    71

..........................................................


THE MILWAUKEE WI CLIMATE NORMALS FOR TODAY
                         NORMAL    RECORD    YEAR
 MAXIMUM TEMPERATURE (F)   73        94      1931
 MINIMUM TEMPERATURE (F)   57        38      1943


SUNRISE AND SUNSET
SEPTEMBER 11 2017.....SUNRISE   627 AM CDT   SUNSET   708 PM CDT
SEPTEMBER 12 2017.....SUNRISE   628 AM CDT   SUNSET   706 PM CDT


-  INDICATES NEGATIVE NUMBERS.
R  INDICATES RECORD WAS SET OR TIED.
MM INDICATES DATA IS MISSING.
T  INDICATES TRACE AMOUNT.




$$
