000
CDUS43 KMKX 200045
CLIMKE


CLIMATE REPORT
NATIONAL WEATHER SERVICE IN MILWAUKEE
744 PM CDT TUE APR 19 2016


...................................

...THE MILWAUKEE WI CLIMATE SUMMARY FOR APRIL 19 2016...
VALID TODAY AS OF 0700 PM LOCAL TIME.

CLIMATE NORMAL PERIOD 1981 TO 2010
CLIMATE RECORD PERIOD 1871 TO 2016


WEATHER ITEM   OBSERVED TIME   RECORD YEAR NORMAL DEPARTURE LAST
                VALUE   (LST)  VALUE       VALUE  FROM      YEAR
                                                  NORMAL
..................................................................
TEMPERATURE (F)
 TODAY
  MAXIMUM         48    950 AM  86    1985  55     -7       55
  MINIMUM         40    641 AM  23    1897  39      1       42
  AVERAGE         44                        47     -3       49

PRECIPITATION (IN)
  TODAY            T             2.92 1877   0.12  -0.12     0.94
  MONTH TO DATE    1.01                      2.30  -1.29     4.95
  SINCE MAR 1      4.35                      4.57  -0.22     5.78
  SINCE JAN 1      5.66                      7.98  -2.32     7.50

SNOWFALL (IN)
  TODAY            0.0           0.2  2013   0.1   -0.1      0.0
  MONTH TO DATE    3.4                       1.7    1.7      0.0
  SINCE MAR 1     10.0                       8.7    1.3      4.9
  SINCE JUL 1     39.1                      46.5   -7.4     43.0
  SNOW DEPTH       0

DEGREE DAYS
 HEATING
  TODAY           21                        18      3       16
  MONTH TO DATE  447                       409     38      325
  SINCE MAR 1   1211                      1338   -127     1256
  SINCE JUL 1   5430                      6318   -888     6588

 COOLING
  TODAY            0                         0      0        0
  MONTH TO DATE    0                         0      0        0
  SINCE MAR 1      0                         0      0        0
  SINCE JAN 1      0                         0      0        0
..................................................................


WIND (MPH)
  HIGHEST WIND SPEED    24   HIGHEST WIND DIRECTION    NE (30)
  HIGHEST GUST SPEED    31   HIGHEST GUST DIRECTION    NE (30)
  AVERAGE WIND SPEED    15.0


SKY COVER
  POSSIBLE SUNSHINE  MM
  AVERAGE SKY COVER 0.9


WEATHER CONDITIONS
 THE FOLLOWING WEATHER WAS RECORDED TODAY.
  LIGHT RAIN


RELATIVE HUMIDITY (PERCENT)
 HIGHEST    92           300 AM
 LOWEST     76           900 AM
 AVERAGE    84

..........................................................


THE MILWAUKEE WI CLIMATE NORMALS FOR TOMORROW
                         NORMAL    RECORD    YEAR
 MAXIMUM TEMPERATURE (F)   56        83      1985
 MINIMUM TEMPERATURE (F)   39        25      1904


SUNRISE AND SUNSET
APRIL 19 2016.........SUNRISE   603 AM CDT   SUNSET   739 PM CDT
APRIL 20 2016.........SUNRISE   601 AM CDT   SUNSET   740 PM CDT


-  INDICATES NEGATIVE NUMBERS.
R  INDICATES RECORD WAS SET OR TIED.
MM INDICATES DATA IS MISSING.
T  INDICATES TRACE AMOUNT.




$$
