000
CDUS43 KMKX 230700
CLIMKE


CLIMATE REPORT
NATIONAL WEATHER SERVICE IN MILWAUKEE
100 AM CST TUE DEC 23 2014


...................................

...THE MILWAUKEE WI CLIMATE SUMMARY FOR DECEMBER 22 2014...

CLIMATE NORMAL PERIOD 1981 TO 2010
CLIMATE RECORD PERIOD 1871 TO 2014


WEATHER ITEM   OBSERVED TIME   RECORD YEAR NORMAL DEPARTURE LAST
                VALUE   (LST)  VALUE       VALUE  FROM      YEAR
                                                  NORMAL
..................................................................
TEMPERATURE (F)
 YESTERDAY
  MAXIMUM         40   1118 PM  54    1875  31      9       32
  MINIMUM         33    151 AM -13    1872  18     15       21
  AVERAGE         37                        24     13       27

PRECIPITATION (IN)
  YESTERDAY        0.38          1.45 2006   0.06   0.32     0.70
  MONTH TO DATE    0.72                      1.52  -0.80     1.59
  SINCE DEC 1      0.72                      1.52  -0.80     1.59
  SINCE JAN 1     31.80                     34.24  -2.44    39.82

SNOWFALL (IN)
  YESTERDAY        0.0           8.0  2013   0.3   -0.3      8.0
  MONTH TO DATE    0.5                       7.0   -6.5     15.4
  SINCE DEC 1      0.5                       7.0   -6.5     15.4
  SINCE JUL 1      5.3                       9.7   -4.4     17.4
  SNOW DEPTH       0

DEGREE DAYS
 HEATING
  YESTERDAY       28                        40    -12       38
  MONTH TO DATE  723                       821    -98      928
  SINCE DEC 1    723                       821    -98      928
  SINCE JUL 1   2294                      2186    108     2303

 COOLING
  YESTERDAY        0                         0      0        0
  MONTH TO DATE    0                         0      0        0
  SINCE DEC 1      0                         0      0        0
  SINCE JAN 1    464                       641   -177      688
..................................................................


WIND (MPH)
  HIGHEST WIND SPEED    21   HIGHEST WIND DIRECTION    SE (130)
  HIGHEST GUST SPEED    26   HIGHEST GUST DIRECTION    SE (140)
  AVERAGE WIND SPEED    13.4


SKY COVER
  POSSIBLE SUNSHINE  MM
  AVERAGE SKY COVER 1.0


WEATHER CONDITIONS
 THE FOLLOWING WEATHER WAS RECORDED YESTERDAY.
  LIGHT RAIN
  FOG
  HAZE


RELATIVE HUMIDITY (PERCENT)
 HIGHEST    92           300 PM
 LOWEST     75          1200 AM
 AVERAGE    84

..........................................................


THE MILWAUKEE WI CLIMATE NORMALS FOR TODAY
                         NORMAL    RECORD    YEAR
 MAXIMUM TEMPERATURE (F)   31        55      1982
                                             1941
 MINIMUM TEMPERATURE (F)   18       -18      1872


SUNRISE AND SUNSET
DECEMBER 23 2014......SUNRISE   720 AM CST   SUNSET   421 PM CST
DECEMBER 24 2014......SUNRISE   721 AM CST   SUNSET   422 PM CST


-  INDICATES NEGATIVE NUMBERS.
R  INDICATES RECORD WAS SET OR TIED.
MM INDICATES DATA IS MISSING.
T  INDICATES TRACE AMOUNT.




$$
