000
CDUS43 KMKX 100641
CLIMKE


CLIMATE REPORT
NATIONAL WEATHER SERVICE IN MILWAUKEE
140 AM CDT THU APR 10 2014


...................................

...THE MILWAUKEE WI CLIMATE SUMMARY FOR APRIL 9 2014...

CLIMATE NORMAL PERIOD 1981 TO 2010
CLIMATE RECORD PERIOD 1871 TO 2014


WEATHER ITEM   OBSERVED TIME   RECORD YEAR NORMAL DEPARTURE LAST
                VALUE   (LST)  VALUE       VALUE  FROM      YEAR
                                                  NORMAL
..................................................................
TEMPERATURE (F)
 YESTERDAY
  MAXIMUM         62    356 PM  78    1887  51     11       39
  MINIMUM         30    456 AM  20    1997  35     -5       35
                                      1989
                                      1928
  AVERAGE         46                        43      3       37

PRECIPITATION (IN)
  YESTERDAY        0.00          1.80 2013   0.12  -0.12     1.80
  MONTH TO DATE    0.33                      1.04  -0.71     2.42
  SINCE MAR 1      1.45                      3.31  -1.86     4.05
  SINCE JAN 1      4.19                      6.72  -2.53    10.25

SNOWFALL (IN)
  YESTERDAY        0.0          11.6  1973   0.1   -0.1      0.0
  MONTH TO DATE    T                         1.0   -1.0      0.0
  SINCE MAR 1      6.3                       8.0   -1.7      7.4
  SINCE JUL 1     63.1                      45.8   17.3     44.6
  SNOW DEPTH       0

DEGREE DAYS
 HEATING
  YESTERDAY       19                        22     -3       28
  MONTH TO DATE  214                       210      4      234
  SINCE MAR 1   1324                      1139    185     1309
  SINCE JUL 1   6980                      6119    861     6034

 COOLING
  YESTERDAY        0                         0      0        0
  MONTH TO DATE    0                         0      0        0
  SINCE MAR 1      0                         0      0        0
  SINCE JAN 1      0                         0      0        0
..................................................................


WIND (MPH)
  HIGHEST WIND SPEED    25   HIGHEST WIND DIRECTION    SW (220)
  HIGHEST GUST SPEED    33   HIGHEST GUST DIRECTION    SW (220)
  AVERAGE WIND SPEED    10.0


SKY COVER
  POSSIBLE SUNSHINE  MM
  AVERAGE SKY COVER 0.3


WEATHER CONDITIONS
 THE FOLLOWING WEATHER WAS RECORDED YESTERDAY.
  NO SIGNIFICANT WEATHER WAS OBSERVED.


RELATIVE HUMIDITY (PERCENT)
 HIGHEST    92           600 AM
 LOWEST     22           200 PM
 AVERAGE    57

..........................................................


THE MILWAUKEE WI CLIMATE NORMALS FOR TODAY
                         NORMAL    RECORD    YEAR
 MAXIMUM TEMPERATURE (F)   52        90      1930
 MINIMUM TEMPERATURE (F)   36        19      1989


SUNRISE AND SUNSET
APRIL 10 2014.........SUNRISE   618 AM CDT   SUNSET   728 PM CDT
APRIL 11 2014.........SUNRISE   617 AM CDT   SUNSET   729 PM CDT


-  INDICATES NEGATIVE NUMBERS.
R  INDICATES RECORD WAS SET OR TIED.
MM INDICATES DATA IS MISSING.
T  INDICATES TRACE AMOUNT.




$$
