802
CDUS43 KMKX 180708
CLIMKE


CLIMATE REPORT
NATIONAL WEATHER SERVICE IN MILWAUKEE
206 AM CDT SUN JUN 18 2017


...................................

...THE MILWAUKEE WI CLIMATE SUMMARY FOR JUNE 17 2017...

CLIMATE NORMAL PERIOD 1981 TO 2010
CLIMATE RECORD PERIOD 1871 TO 2017


WEATHER ITEM   OBSERVED TIME   RECORD YEAR NORMAL DEPARTURE LAST
                VALUE   (LST)  VALUE       VALUE  FROM      YEAR
                                                  NORMAL
..................................................................
TEMPERATURE (F)
 YESTERDAY
  MAXIMUM         86    336 PM  94    1994  76     10       79
  MINIMUM         66    458 AM  43    1972  58      8       60
                                      1879
  AVERAGE         76                        67      9       70

PRECIPITATION (IN)
  YESTERDAY        0.83          2.14 1996   0.13   0.70     0.00
  MONTH TO DATE    1.53                      2.20  -0.67     1.55
  SINCE JUN 1      1.53                      2.20  -0.67     1.55
  SINCE JAN 1     18.32                     14.84   3.48    10.37

SNOWFALL (IN)
  YESTERDAY        0.0           0.0    MM   0.0    0.0      0.0
  MONTH TO DATE    0.0                       0.0    0.0      0.0
  SINCE JUN 1      0.0                       0.0    0.0      0.0
  SINCE JUL 1     37.6                      46.9   -9.3     39.1
  SNOW DEPTH       0

DEGREE DAYS
 HEATING
  YESTERDAY        0                         2     -2        0
  MONTH TO DATE    9                        66    -57       25
  SINCE JUN 1      9                        66    -57       25
  SINCE JUL 1   5629                      6876  -1247     5905

 COOLING
  YESTERDAY       11                         4      7        5
  MONTH TO DATE  128                        49     79       59
  SINCE JUN 1    128                        49     79       59
  SINCE JAN 1    149                        79     70      104
..................................................................


WIND (MPH)
  HIGHEST WIND SPEED    17   HIGHEST WIND DIRECTION    NW (300)
  HIGHEST GUST SPEED    23   HIGHEST GUST DIRECTION    NW (300)
  AVERAGE WIND SPEED     6.3


SKY COVER
  POSSIBLE SUNSHINE  MM
  AVERAGE SKY COVER 0.8


WEATHER CONDITIONS
 THE FOLLOWING WEATHER WAS RECORDED YESTERDAY.
  THUNDERSTORM
  RAIN
  LIGHT RAIN
  FOG


RELATIVE HUMIDITY (PERCENT)
 HIGHEST    97          1000 PM
 LOWEST     59           300 PM
 AVERAGE    78

..........................................................


THE MILWAUKEE WI CLIMATE NORMALS FOR TODAY
                         NORMAL    RECORD    YEAR
 MAXIMUM TEMPERATURE (F)   76        96      1995
                                             1987
 MINIMUM TEMPERATURE (F)   58        44      1947
                                             1876


SUNRISE AND SUNSET
JUNE 18 2017..........SUNRISE   512 AM CDT   SUNSET   833 PM CDT
JUNE 19 2017..........SUNRISE   512 AM CDT   SUNSET   834 PM CDT


-  INDICATES NEGATIVE NUMBERS.
R  INDICATES RECORD WAS SET OR TIED.
MM INDICATES DATA IS MISSING.
T  INDICATES TRACE AMOUNT.




$$
