000
CDUS43 KMKX 191249
CLIMKE


CLIMATE REPORT
NATIONAL WEATHER SERVICE IN MILWAUKEE
745 AM CDT TUE MAY 19 2015


...................................

...THE MILWAUKEE WI CLIMATE SUMMARY FOR MAY 18 2015...

CLIMATE NORMAL PERIOD 1981 TO 2010
CLIMATE RECORD PERIOD 1871 TO 2015


WEATHER ITEM   OBSERVED TIME   RECORD YEAR NORMAL DEPARTURE LAST
                VALUE   (LST)  VALUE       VALUE  FROM      YEAR
                                                  NORMAL
..................................................................
TEMPERATURE (F)
 YESTERDAY
  MAXIMUM         75   1141 AM  90    1996  66      9       71
  MINIMUM         49   1159 PM  33    2002  47      2       48
  AVERAGE         62                        56      6       60

PRECIPITATION (IN)
  YESTERDAY        0.00          1.53 2000   0.11  -0.11     0.00
  MONTH TO DATE    1.13                      1.89  -0.76     1.89
  SINCE MAR 1      7.18                      7.72  -0.54     7.27
  SINCE JAN 1      8.90                     11.13  -2.23    10.01

SNOWFALL (IN)
  YESTERDAY        0.0           0.0    MM   0.0    0.0      0.0
  MONTH TO DATE    0.0                       0.1   -0.1      0.0
  SINCE MAR 1      4.9                       9.1   -4.2      6.6
  SINCE JUL 1     43.0                      46.9   -3.9     63.4
  SNOW DEPTH       0

DEGREE DAYS
 HEATING
  YESTERDAY        3                        10     -7        5
  MONTH TO DATE  162                       214    -52      217
  SINCE MAR 1   1661                      1731    -70     1951
  SINCE JUL 1   6993                      6711    282     7607

 COOLING
  YESTERDAY        0                         1     -1        0
  MONTH TO DATE   11                         8      3        2
  SINCE MAR 1     11                        13     -2        2
  SINCE JAN 1     11                        13     -2        2
..................................................................


WIND (MPH)
  HIGHEST WIND SPEED    28   HIGHEST WIND DIRECTION    SW (240)
  HIGHEST GUST SPEED    37   HIGHEST GUST DIRECTION    SW (240)
  AVERAGE WIND SPEED    16.2


SKY COVER
  POSSIBLE SUNSHINE  MM
  AVERAGE SKY COVER 0.4


WEATHER CONDITIONS
 THE FOLLOWING WEATHER WAS RECORDED YESTERDAY.
  HAZE


RELATIVE HUMIDITY (PERCENT)
 HIGHEST    81           400 AM
 LOWEST     35           200 PM
 AVERAGE    58

..........................................................


THE MILWAUKEE WI CLIMATE NORMALS FOR TODAY
                         NORMAL    RECORD    YEAR
 MAXIMUM TEMPERATURE (F)   66        92      1975
 MINIMUM TEMPERATURE (F)   47        34      1929


SUNRISE AND SUNSET
MAY 19 2015...........SUNRISE   525 AM CDT   SUNSET   812 PM CDT
MAY 20 2015...........SUNRISE   524 AM CDT   SUNSET   813 PM CDT


-  INDICATES NEGATIVE NUMBERS.
R  INDICATES RECORD WAS SET OR TIED.
MM INDICATES DATA IS MISSING.
T  INDICATES TRACE AMOUNT.




$$
