000
CDUS43 KMKX 220644
CLIMKE


CLIMATE REPORT
NATIONAL WEATHER SERVICE IN MILWAUKEE
1243 AM CST SUN FEB 22 2015


...................................

...THE MILWAUKEE WI CLIMATE SUMMARY FOR FEBRUARY 21 2015...

CLIMATE NORMAL PERIOD 1981 TO 2010
CLIMATE RECORD PERIOD 1871 TO 2015


WEATHER ITEM   OBSERVED TIME   RECORD YEAR NORMAL DEPARTURE LAST
                VALUE   (LST)  VALUE       VALUE  FROM      YEAR
                                                  NORMAL
..................................................................
TEMPERATURE (F)
 YESTERDAY
  MAXIMUM         28    333 PM  58    1930  34     -6       37
  MINIMUM         19    609 AM -12    1963  21     -2       21
  AVERAGE         24                        28     -4       29

PRECIPITATION (IN)
  YESTERDAY        T             1.81 1913   0.06  -0.06     0.08
  MONTH TO DATE    0.63                      1.19  -0.56     1.62
  SINCE DEC 1      2.57                      4.99  -2.42     4.52
  SINCE JAN 1      1.54                      2.95  -1.41     2.73

SNOWFALL (IN)
  YESTERDAY        0.1           7.3  1993   0.4   -0.3      0.9
  MONTH TO DATE   14.3                       7.5    6.8     15.6
  SINCE DEC 1     28.0                      32.8   -4.8     54.5
  SINCE JUL 1     32.8                      35.5   -2.7     56.5
  SNOW DEPTH       6

DEGREE DAYS
 HEATING
  YESTERDAY       41                        37      4       36
  MONTH TO DATE 1035                       840    195      999
  SINCE DEC 1   3382                      3360     22     3927
  SINCE JUL 1   4953                      4725    228     5302

 COOLING
  YESTERDAY        0                         0      0        0
  MONTH TO DATE    0                         0      0        0
  SINCE DEC 1      0                         0      0        0
  SINCE JAN 1      0                         0      0        0
..................................................................


WIND (MPH)
  HIGHEST WIND SPEED    17   HIGHEST WIND DIRECTION    NW (320)
  HIGHEST GUST SPEED    22   HIGHEST GUST DIRECTION    NW (310)
  AVERAGE WIND SPEED     5.4


SKY COVER
  POSSIBLE SUNSHINE  MM
  AVERAGE SKY COVER 1.0


WEATHER CONDITIONS
 THE FOLLOWING WEATHER WAS RECORDED YESTERDAY.
  LIGHT SNOW
  HAZE


RELATIVE HUMIDITY (PERCENT)
 HIGHEST    75           800 PM
 LOWEST     56          1200 AM
 AVERAGE    66

..........................................................


THE MILWAUKEE WI CLIMATE NORMALS FOR TODAY
                         NORMAL    RECORD    YEAR
 MAXIMUM TEMPERATURE (F)   35        62      1984
 MINIMUM TEMPERATURE (F)   21       -11      1873


SUNRISE AND SUNSET
FEBRUARY 22 2015......SUNRISE   639 AM CST   SUNSET   532 PM CST
FEBRUARY 23 2015......SUNRISE   637 AM CST   SUNSET   533 PM CST


-  INDICATES NEGATIVE NUMBERS.
R  INDICATES RECORD WAS SET OR TIED.
MM INDICATES DATA IS MISSING.
T  INDICATES TRACE AMOUNT.




$$
