000
CDUS43 KMKX 162144
CLIMKE


CLIMATE REPORT
NATIONAL WEATHER SERVICE IN MILWAUKEE
443 PM CDT TUE AUG 16 2016


...................................

...THE MILWAUKEE WI CLIMATE SUMMARY FOR AUGUST 16 2016...
VALID TODAY AS OF 0400 PM LOCAL TIME.

CLIMATE NORMAL PERIOD 1981 TO 2010
CLIMATE RECORD PERIOD 1871 TO 2016


WEATHER ITEM   OBSERVED TIME   RECORD YEAR NORMAL DEPARTURE LAST
                VALUE   (LST)  VALUE       VALUE  FROM      YEAR
                                                  NORMAL
..................................................................
TEMPERATURE (F)
 TODAY
  MAXIMUM         85    237 PM 100    1988  79      6       89
  MINIMUM         72    513 AM  46    1979  63      9       73
  AVERAGE         79                        71      8       81

PRECIPITATION (IN)
  TODAY            0.00          2.61 1995   0.14  -0.14     0.00
  MONTH TO DATE    0.34                      2.13  -1.79     1.66
  SINCE JUN 1      5.59                      9.70  -4.11     5.75
  SINCE JAN 1     14.41                     22.34  -7.93    15.95

SNOWFALL (IN)
  TODAY            0.0           0.0    MM   0.0    0.0      0.0
  MONTH TO DATE    0.0                       0.0    0.0      0.0
  SINCE JUN 1      0.0                       0.0    0.0      0.0
  SINCE JUL 1      0.0                       0.0    0.0      0.0
  SNOW DEPTH       0

DEGREE DAYS
 HEATING
  TODAY            0                         0      0        0
  MONTH TO DATE    0                         0      0        0
  SINCE JUN 1     31                        95    -64      130
  SINCE JUL 1      2                        11     -9       28

 COOLING
  TODAY           14                         6      8       16
  MONTH TO DATE  200                       110     90      133
  SINCE JUN 1    657                       452    205      414
  SINCE JAN 1    702                       482    220      440
..................................................................


WIND (MPH)
  HIGHEST WIND SPEED    15   HIGHEST WIND DIRECTION    NW (310)
  HIGHEST GUST SPEED    19   HIGHEST GUST DIRECTION    NW (330)
  AVERAGE WIND SPEED     8.2


SKY COVER
  POSSIBLE SUNSHINE  MM
  AVERAGE SKY COVER 0.6


WEATHER CONDITIONS
 THE FOLLOWING WEATHER WAS RECORDED TODAY.
  NO SIGNIFICANT WEATHER WAS OBSERVED.


RELATIVE HUMIDITY (PERCENT)
 HIGHEST    87          1200 AM
 LOWEST     47           900 AM
 AVERAGE    67

..........................................................


THE MILWAUKEE WI CLIMATE NORMALS FOR TOMORROW
                         NORMAL    RECORD    YEAR
 MAXIMUM TEMPERATURE (F)   79       100      1988
 MINIMUM TEMPERATURE (F)   63        49      1879


SUNRISE AND SUNSET
AUGUST 16 2016........SUNRISE   559 AM CDT   SUNSET   751 PM CDT
AUGUST 17 2016........SUNRISE   600 AM CDT   SUNSET   750 PM CDT


-  INDICATES NEGATIVE NUMBERS.
R  INDICATES RECORD WAS SET OR TIED.
MM INDICATES DATA IS MISSING.
T  INDICATES TRACE AMOUNT.




$$
