000
CDUS43 KMKX 132143
CLIMKE


CLIMATE REPORT
NATIONAL WEATHER SERVICE IN MILWAUKEE
342 PM CST THU NOV 13 2014


...................................

...THE MILWAUKEE WI CLIMATE SUMMARY FOR NOVEMBER 13 2014...
VALID TODAY AS OF 0300 PM LOCAL TIME.

CLIMATE NORMAL PERIOD 1981 TO 2010
CLIMATE RECORD PERIOD 1871 TO 2014


WEATHER ITEM   OBSERVED TIME   RECORD YEAR NORMAL DEPARTURE LAST
                VALUE   (LST)  VALUE       VALUE  FROM      YEAR
                                                  NORMAL
..................................................................
TEMPERATURE (F)
 TODAY
  MAXIMUM         31    117 PM  69    1999  47    -16       41
                                      1989
  MINIMUM         25    809 AM   5    1986  33     -8       21
  AVERAGE         28                        40    -12       31

PRECIPITATION (IN)
  TODAY            T             0.83 1951   0.09  -0.09     0.00
  MONTH TO DATE    0.54                      1.17  -0.63     0.66
  SINCE SEP 1      4.49                      7.00  -2.51     5.79
  SINCE JAN 1     29.78                     31.18  -1.40    35.92

SNOWFALL THROUGH 18Z(IN)
  TODAY            T             3.5  1894   0.0    0.0      0.0
  MONTH TO DATE    T                         0.3   -0.3      1.2
  SINCE SEP 1      0.1                       0.6   -0.5      1.2
  SINCE JUL 1      0.1                       0.6   -0.5      1.2
  SNOW DEPTH       0

DEGREE DAYS
 HEATING
  TODAY           37                        25     12       34
  MONTH TO DATE  314                       285     29      302
  SINCE SEP 1    890                       844     46      820
  SINCE JUL 1    916                       870     46      842

 COOLING
  TODAY            0                         0      0        0
  MONTH TO DATE    0                         0      0        0
  SINCE SEP 1     63                        76    -13      111
  SINCE JAN 1    464                       641   -177      688
..................................................................


WIND (MPH)
  HIGHEST WIND SPEED    22   HIGHEST WIND DIRECTION    NW (300)
  HIGHEST GUST SPEED    26   HIGHEST GUST DIRECTION     W (290)
  AVERAGE WIND SPEED    13.3


SKY COVER
  POSSIBLE SUNSHINE  MM
  AVERAGE SKY COVER 0.9


WEATHER CONDITIONS
 THE FOLLOWING WEATHER WAS RECORDED TODAY.
  LIGHT SNOW


RELATIVE HUMIDITY (PERCENT)
 HIGHEST    68           700 AM
 LOWEST     46           200 PM
 AVERAGE    57

..........................................................


THE MILWAUKEE WI CLIMATE NORMALS FOR TOMORROW
                         NORMAL    RECORD    YEAR
 MAXIMUM TEMPERATURE (F)   47        70      1971
 MINIMUM TEMPERATURE (F)   33         7      1959


SUNRISE AND SUNSET
NOVEMBER 13 2014......SUNRISE   641 AM CST   SUNSET   430 PM CST
NOVEMBER 14 2014......SUNRISE   643 AM CST   SUNSET   429 PM CST


-  INDICATES NEGATIVE NUMBERS.
R  INDICATES RECORD WAS SET OR TIED.
MM INDICATES DATA IS MISSING.
T  INDICATES TRACE AMOUNT.




$$
