000
CDUS43 KMKX 250652
CLIMKE


CLIMATE REPORT
NATIONAL WEATHER SERVICE IN MILWAUKEE
151 AM CDT WED MAY 25 2016


...................................

...THE MILWAUKEE WI CLIMATE SUMMARY FOR MAY 24 2016...

CLIMATE NORMAL PERIOD 1981 TO 2010
CLIMATE RECORD PERIOD 1871 TO 2016


WEATHER ITEM   OBSERVED TIME   RECORD YEAR NORMAL DEPARTURE LAST
                VALUE   (LST)  VALUE       VALUE  FROM      YEAR
                                                  NORMAL
..................................................................
TEMPERATURE (F)
 YESTERDAY
  MAXIMUM         85    422 PM  90    1950  68     17       67
  MINIMUM         59    410 AM  34    1963  49     10       51
                                      1958
                                      1925
  AVERAGE         72                        58     14       59

PRECIPITATION (IN)
  YESTERDAY        0.03          1.88 1955   0.12  -0.09     0.29
  MONTH TO DATE    1.86                      2.59  -0.73     1.41
  SINCE MAR 1      7.00                      8.42  -1.42     7.46
  SINCE JAN 1      8.31                     11.83  -3.52     9.18

SNOWFALL (IN)
  YESTERDAY        0.0           T    1925   0.0    0.0      0.0
  MONTH TO DATE    T                         0.1   -0.1      0.0
  SINCE MAR 1     10.0                       9.1    0.9      4.9
  SINCE JUL 1     39.1                      46.9   -7.8     43.0
  SNOW DEPTH       0

DEGREE DAYS
 HEATING
  YESTERDAY        0                         8     -8        6
  MONTH TO DATE  264                       266     -2      237
  SINCE MAR 1   1661                      1783   -122     1736
  SINCE JUL 1   5880                      6763   -883     7068

 COOLING
  YESTERDAY        7                         1      6        0
  MONTH TO DATE    7                        14     -7       11
  SINCE MAR 1      7                        19    -12       11
  SINCE JAN 1      7                        19    -12       11
..................................................................


WIND (MPH)
  HIGHEST WIND SPEED    18   HIGHEST WIND DIRECTION     S (200)
  HIGHEST GUST SPEED    27   HIGHEST GUST DIRECTION     S (200)
  AVERAGE WIND SPEED     8.3


SKY COVER
  POSSIBLE SUNSHINE  MM
  AVERAGE SKY COVER 0.6


WEATHER CONDITIONS
 THE FOLLOWING WEATHER WAS RECORDED YESTERDAY.
  LIGHT RAIN


RELATIVE HUMIDITY (PERCENT)
 HIGHEST    76           800 PM
 LOWEST     37           400 PM
 AVERAGE    57

..........................................................


THE MILWAUKEE WI CLIMATE NORMALS FOR TODAY
                         NORMAL    RECORD    YEAR
 MAXIMUM TEMPERATURE (F)   68        93      1911
 MINIMUM TEMPERATURE (F)   49        36      1925


SUNRISE AND SUNSET
MAY 25 2016...........SUNRISE   519 AM CDT   SUNSET   818 PM CDT
MAY 26 2016...........SUNRISE   519 AM CDT   SUNSET   819 PM CDT


-  INDICATES NEGATIVE NUMBERS.
R  INDICATES RECORD WAS SET OR TIED.
MM INDICATES DATA IS MISSING.
T  INDICATES TRACE AMOUNT.




$$
