000
CDUS43 KMKX 020651
CLIMKE


CLIMATE REPORT
NATIONAL WEATHER SERVICE IN MILWAUKEE
150 AM CDT MON OCT 2 2017


...................................

...THE MILWAUKEE WI CLIMATE SUMMARY FOR OCTOBER 1 2017...

CLIMATE NORMAL PERIOD 1981 TO 2010
CLIMATE RECORD PERIOD 1871 TO 2017


WEATHER ITEM   OBSERVED TIME   RECORD YEAR NORMAL DEPARTURE LAST
                VALUE   (LST)  VALUE       VALUE  FROM      YEAR
                                                  NORMAL
..................................................................
TEMPERATURE (F)
 YESTERDAY
  MAXIMUM         69   1227 PM  86    1971  65      4       63
  MINIMUM         48    242 AM  32    1958  48      0       59
                                      1947
                                      1886
  AVERAGE         59                        57      2       61

PRECIPITATION (IN)
  YESTERDAY        0.00          1.64 1926   0.09  -0.09     0.25
  MONTH TO DATE    0.00                      0.09  -0.09     0.25
  SINCE SEP 1      0.85                      3.27  -2.42     4.55
  SINCE JAN 1     28.17                     27.45   0.72    22.21

SNOWFALL (IN)
  YESTERDAY        0.0           T    1974   0.0    0.0      0.0
  MONTH TO DATE    0.0                       0.0    0.0      0.0
  SINCE SEP 1      0.0                       0.0    0.0      0.0
  SINCE JUL 1      0.0                       0.0    0.0      0.0
  SNOW DEPTH       0

DEGREE DAYS
 HEATING
  YESTERDAY        6                         9     -3        4
  MONTH TO DATE    6                         9     -3        4
  SINCE SEP 1     69                       135    -66       29
  SINCE JUL 1     78                       161    -83       31

 COOLING
  YESTERDAY        0                         1     -1        0
  MONTH TO DATE    0                         1     -1        0
  SINCE SEP 1    135                        70     65      141
  SINCE JAN 1    745                       635    110      977
..................................................................


WIND (MPH)
  HIGHEST WIND SPEED    22   HIGHEST WIND DIRECTION    SE (140)
  HIGHEST GUST SPEED    26   HIGHEST GUST DIRECTION    SE (130)
  AVERAGE WIND SPEED     9.1


SKY COVER
  POSSIBLE SUNSHINE  MM
  AVERAGE SKY COVER 0.6


WEATHER CONDITIONS
 THE FOLLOWING WEATHER WAS RECORDED YESTERDAY.
  NO SIGNIFICANT WEATHER WAS OBSERVED.


RELATIVE HUMIDITY (PERCENT)
 HIGHEST    80           200 AM
 LOWEST     40          1200 PM
 AVERAGE    60

..........................................................


THE MILWAUKEE WI CLIMATE NORMALS FOR TODAY
                         NORMAL    RECORD    YEAR
 MAXIMUM TEMPERATURE (F)   65        87      1891
 MINIMUM TEMPERATURE (F)   48        28      1974


SUNRISE AND SUNSET
OCTOBER  2 2017.......SUNRISE   650 AM CDT   SUNSET   631 PM CDT
OCTOBER  3 2017.......SUNRISE   651 AM CDT   SUNSET   629 PM CDT


-  INDICATES NEGATIVE NUMBERS.
R  INDICATES RECORD WAS SET OR TIED.
MM INDICATES DATA IS MISSING.
T  INDICATES TRACE AMOUNT.




$$
