000
CDUS43 KMKX 042231
CLIMKE


CLIMATE REPORT
NATIONAL WEATHER SERVICE IN MILWAUKEE
431 PM CST SUN FEB 4 2018


...................................

...THE MILWAUKEE WI CLIMATE SUMMARY FOR FEBRUARY 4 2018...
VALID TODAY AS OF 0400 PM LOCAL TIME.

CLIMATE NORMAL PERIOD 1981 TO 2010
CLIMATE RECORD PERIOD 1871 TO 2018


WEATHER ITEM   OBSERVED TIME   RECORD YEAR NORMAL DEPARTURE LAST
                VALUE   (LST)  VALUE       VALUE  FROM      YEAR
                                                  NORMAL
..................................................................
TEMPERATURE (F)
 TODAY
  MAXIMUM         32   1201 AM  59    1890  30      2       33
  MINIMUM         12    104 PM -19    1996  17     -5       12
  AVERAGE         22                        23     -1       23

PRECIPITATION (IN)
  TODAY            0.15          1.38 1924   0.05   0.10      T
  MONTH TO DATE    0.24                      0.21   0.03     0.02
  SINCE DEC 1      2.32                      4.01  -1.69     4.11
  SINCE JAN 1      1.86                      1.97  -0.11     2.18

SNOWFALL (IN)
  TODAY            4.1           9.7  1903   0.4    3.7      0.0
  MONTH TO DATE    5.3                       1.6    3.7      0.4
  SINCE DEC 1     21.3                      26.9   -5.6     23.3
  SINCE JUL 1     21.5                      29.6   -8.1     23.3
  SNOW DEPTH       3

DEGREE DAYS
 HEATING
  TODAY           43                        42      1       42
  MONTH TO DATE  176                       168      8      176
  SINCE DEC 1   2626                      2688    -62     2526
  SINCE JUL 1   3731                      4053   -322     3356

 COOLING
  TODAY            0                         0      0        0
  MONTH TO DATE    0                         0      0        0
  SINCE DEC 1      0                         0      0        0
  SINCE JAN 1      0                         0      0        0
..................................................................


WIND (MPH)
  HIGHEST WIND SPEED    24   HIGHEST WIND DIRECTION     N (350)
  HIGHEST GUST SPEED    34   HIGHEST GUST DIRECTION     N (350)
  AVERAGE WIND SPEED    16.0


SKY COVER
  POSSIBLE SUNSHINE  MM
  AVERAGE SKY COVER 1.0


WEATHER CONDITIONS
 THE FOLLOWING WEATHER WAS RECORDED TODAY.
  LIGHT SNOW
  FOG
  BLOWING SNOW


RELATIVE HUMIDITY (PERCENT)
 HIGHEST    92           100 AM
 LOWEST     53           400 PM
 AVERAGE    73

..........................................................


THE MILWAUKEE WI CLIMATE NORMALS FOR TOMORROW
                         NORMAL    RECORD    YEAR
 MAXIMUM TEMPERATURE (F)   30        53      1946
 MINIMUM TEMPERATURE (F)   17       -17      1895


SUNRISE AND SUNSET
FEBRUARY  4 2018......SUNRISE   703 AM CST   SUNSET   508 PM CST
FEBRUARY  5 2018......SUNRISE   702 AM CST   SUNSET   510 PM CST


-  INDICATES NEGATIVE NUMBERS.
R  INDICATES RECORD WAS SET OR TIED.
MM INDICATES DATA IS MISSING.
T  INDICATES TRACE AMOUNT.




$$
