000
CDUS43 KMKX 090048
CLIMKE


CLIMATE REPORT
NATIONAL WEATHER SERVICE IN MILWAUKEE
647 PM CST WED FEB 8 2017


...................................

...THE MILWAUKEE WI CLIMATE SUMMARY FOR FEBRUARY 8 2017...
VALID TODAY AS OF 0600 PM LOCAL TIME.

CLIMATE NORMAL PERIOD 1981 TO 2010
CLIMATE RECORD PERIOD 1871 TO 2017


WEATHER ITEM   OBSERVED TIME   RECORD YEAR NORMAL DEPARTURE LAST
                VALUE   (LST)  VALUE       VALUE  FROM      YEAR
                                                  NORMAL
..................................................................
TEMPERATURE (F)
 TODAY
  MAXIMUM         30    150 AM  55    1990  31     -1       34
                                      1925
                                      1900
  MINIMUM         21    559 PM -18    1899  18      3       19
  AVERAGE         26                        24      2       27

PRECIPITATION (IN)
  TODAY            0.00          1.47 1900   0.06  -0.06     0.17
  MONTH TO DATE    0.17                      0.43  -0.26     0.47
  SINCE DEC 1      4.26                      4.23   0.03     4.98
  SINCE JAN 1      2.33                      2.19   0.14     1.16

SNOWFALL (IN)
  TODAY            0.0           5.4  1905   0.4   -0.4      4.0
  MONTH TO DATE    0.4                       3.0   -2.6      4.0
  SINCE DEC 1     23.3                      28.3   -5.0     18.5
  SINCE JUL 1     23.3                      31.0   -7.7     25.4
  SNOW DEPTH       0

DEGREE DAYS
 HEATING
  TODAY           39                        41     -2       38
  MONTH TO DATE  314                       332    -18      267
  SINCE DEC 1   2664                      2852   -188     2404
  SINCE JUL 1   3494                      4217   -723     3443

 COOLING
  TODAY            0                         0      0        0
  MONTH TO DATE    0                         0      0        0
  SINCE DEC 1      0                         0      0        0
  SINCE JAN 1      0                         0      0        0
..................................................................


WIND (MPH)
  HIGHEST WIND SPEED    17   HIGHEST WIND DIRECTION    NW (330)
  HIGHEST GUST SPEED    22   HIGHEST GUST DIRECTION    NW (320)
  AVERAGE WIND SPEED    10.6


SKY COVER
  POSSIBLE SUNSHINE  MM
  AVERAGE SKY COVER 0.9


WEATHER CONDITIONS
 THE FOLLOWING WEATHER WAS RECORDED TODAY.
  NO SIGNIFICANT WEATHER WAS OBSERVED.


RELATIVE HUMIDITY (PERCENT)
 HIGHEST    68           400 AM
 LOWEST     55          1000 AM
 AVERAGE    62

..........................................................


THE MILWAUKEE WI CLIMATE NORMALS FOR TOMORROW
                         NORMAL    RECORD    YEAR
 MAXIMUM TEMPERATURE (F)   31        51      1938
                                             1925
 MINIMUM TEMPERATURE (F)   18       -22      1933
                                             1899


SUNRISE AND SUNSET
FEBRUARY  8 2017......SUNRISE   658 AM CST   SUNSET   514 PM CST
FEBRUARY  9 2017......SUNRISE   657 AM CST   SUNSET   515 PM CST


-  INDICATES NEGATIVE NUMBERS.
R  INDICATES RECORD WAS SET OR TIED.
MM INDICATES DATA IS MISSING.
T  INDICATES TRACE AMOUNT.




$$
