000
CDUS43 KMKX 270655
CLIMKE


CLIMATE REPORT
NATIONAL WEATHER SERVICE IN MILWAUKEE
155 AM CDT WED SEP 27 2017


...................................

...THE MILWAUKEE WI CLIMATE SUMMARY FOR SEPTEMBER 26 2017...

CLIMATE NORMAL PERIOD 1981 TO 2010
CLIMATE RECORD PERIOD 1871 TO 2017


WEATHER ITEM   OBSERVED TIME   RECORD YEAR NORMAL DEPARTURE LAST
                VALUE   (LST)  VALUE       VALUE  FROM      YEAR
                                                  NORMAL
..................................................................
TEMPERATURE (F)
 YESTERDAY
  MAXIMUM         91R   126 PM  88    1998  67     24       68
  MINIMUM         65    520 AM  34    1928  50     15       55
  AVERAGE         78                        59     19       62

PRECIPITATION (IN)
  YESTERDAY        0.46          1.33 1996   0.10   0.36     0.00
  MONTH TO DATE    0.85                      2.78  -1.93     3.66
  SINCE SEP 1      0.85                      2.78  -1.93     3.66
  SINCE JAN 1     28.17                     26.96   1.21    21.32

SNOWFALL (IN)
  YESTERDAY        0.0           T    1942   0.0    0.0      0.0
  MONTH TO DATE    0.0                       0.0    0.0      0.0
  SINCE SEP 1      0.0                       0.0    0.0      0.0
  SINCE JUL 1      0.0                       0.0    0.0      0.0
  SNOW DEPTH       0

DEGREE DAYS
 HEATING
  YESTERDAY        0                         7     -7        3
  MONTH TO DATE   45                        93    -48        3
  SINCE SEP 1     45                        93    -48        3
  SINCE JUL 1     54                       119    -65        5

 COOLING
  YESTERDAY       13                         1     12        0
  MONTH TO DATE  135                        66     69      141
  SINCE SEP 1    135                        66     69      141
  SINCE JAN 1    745                       631    114      977
..................................................................


WIND (MPH)
  HIGHEST WIND SPEED    26   HIGHEST WIND DIRECTION     W (250)
  HIGHEST GUST SPEED    37   HIGHEST GUST DIRECTION     W (260)
  AVERAGE WIND SPEED     7.3


SKY COVER
  POSSIBLE SUNSHINE  MM
  AVERAGE SKY COVER 0.6


WEATHER CONDITIONS
 THE FOLLOWING WEATHER WAS RECORDED YESTERDAY.
  THUNDERSTORM
  HEAVY RAIN
  LIGHT RAIN


RELATIVE HUMIDITY (PERCENT)
 HIGHEST    82           600 PM
 LOWEST     41           100 PM
 AVERAGE    62

..........................................................


THE MILWAUKEE WI CLIMATE NORMALS FOR TODAY
                         NORMAL    RECORD    YEAR
 MAXIMUM TEMPERATURE (F)   67        88      1891
 MINIMUM TEMPERATURE (F)   50        31      1942


SUNRISE AND SUNSET
SEPTEMBER 27 2017.....SUNRISE   645 AM CDT   SUNSET   639 PM CDT
SEPTEMBER 28 2017.....SUNRISE   646 AM CDT   SUNSET   638 PM CDT


-  INDICATES NEGATIVE NUMBERS.
R  INDICATES RECORD WAS SET OR TIED.
MM INDICATES DATA IS MISSING.
T  INDICATES TRACE AMOUNT.




$$
