000
CDUS43 KMKX 120700
CLIMKE


CLIMATE REPORT
NATIONAL WEATHER SERVICE IN MILWAUKEE
200 AM CDT THU OCT 12 2017


...................................

...THE MILWAUKEE WI CLIMATE SUMMARY FOR OCTOBER 11 2017...

CLIMATE NORMAL PERIOD 1981 TO 2010
CLIMATE RECORD PERIOD 1871 TO 2017


WEATHER ITEM   OBSERVED TIME   RECORD YEAR NORMAL DEPARTURE LAST
                VALUE   (LST)  VALUE       VALUE  FROM      YEAR
                                                  NORMAL
..................................................................
TEMPERATURE (F)
 YESTERDAY
  MAXIMUM         59    745 PM  86    1928  61     -2       73
  MINIMUM         55    846 AM  25    1964  45     10       58
                                      1906
  AVERAGE         57                        53      4       66

PRECIPITATION (IN)
  YESTERDAY        0.86          1.01 1912   0.09   0.77     0.01
  MONTH TO DATE    1.82                      0.97   0.85     0.50
  SINCE SEP 1      2.67                      4.15  -1.48     4.80
  SINCE JAN 1     29.99                     28.33   1.66    22.46

SNOWFALL (IN)
  YESTERDAY        0.0           0.1  1909   0.1   -0.1      0.0
  MONTH TO DATE    0.0                       0.1   -0.1      0.0
  SINCE SEP 1      0.0                       0.1   -0.1      0.0
  SINCE JUL 1      0.0                       0.1   -0.1      0.0
  SNOW DEPTH       0

DEGREE DAYS
 HEATING
  YESTERDAY        8                        12     -4        0
  MONTH TO DATE   34                       117    -83       53
  SINCE SEP 1     97                       243   -146       78
  SINCE JUL 1    106                       269   -163       80

 COOLING
  YESTERDAY        0                         0      0        1
  MONTH TO DATE   22                         3     19        2
  SINCE SEP 1    157                        72     85      143
  SINCE JAN 1    767                       637    130      979
..................................................................


WIND (MPH)
  HIGHEST WIND SPEED    22   HIGHEST WIND DIRECTION    NE (60)
  HIGHEST GUST SPEED    29   HIGHEST GUST DIRECTION     E (70)
  AVERAGE WIND SPEED    13.6


SKY COVER
  POSSIBLE SUNSHINE  MM
  AVERAGE SKY COVER 1.0


WEATHER CONDITIONS
 THE FOLLOWING WEATHER WAS RECORDED YESTERDAY.
  HEAVY RAIN
  RAIN
  LIGHT RAIN
  FOG


RELATIVE HUMIDITY (PERCENT)
 HIGHEST   100           100 AM
 LOWEST     80           300 PM
 AVERAGE    90

..........................................................


THE MILWAUKEE WI CLIMATE NORMALS FOR TODAY
                         NORMAL    RECORD    YEAR
 MAXIMUM TEMPERATURE (F)   61        83      1995
 MINIMUM TEMPERATURE (F)   44        26      1967


SUNRISE AND SUNSET
OCTOBER 12 2017.......SUNRISE   702 AM CDT   SUNSET   613 PM CDT
OCTOBER 13 2017.......SUNRISE   703 AM CDT   SUNSET   612 PM CDT


-  INDICATES NEGATIVE NUMBERS.
R  INDICATES RECORD WAS SET OR TIED.
MM INDICATES DATA IS MISSING.
T  INDICATES TRACE AMOUNT.




$$
