000
CDUS43 KMKX 032136
CLIMKE


CLIMATE REPORT
NATIONAL WEATHER SERVICE IN MILWAUKEE
436 PM CDT SAT JUN 3 2017


...................................

...THE MILWAUKEE WI CLIMATE SUMMARY FOR JUNE 3 2017...
VALID TODAY AS OF 0400 PM LOCAL TIME.

CLIMATE NORMAL PERIOD 1981 TO 2010
CLIMATE RECORD PERIOD 1871 TO 2017


WEATHER ITEM   OBSERVED TIME   RECORD YEAR NORMAL DEPARTURE LAST
                VALUE   (LST)  VALUE       VALUE  FROM      YEAR
                                                  NORMAL
..................................................................
TEMPERATURE (F)
 TODAY
  MAXIMUM         81    259 PM  90    1972  71     10       77
  MINIMUM         61    853 AM  36    1945  52      9       56
  AVERAGE         71                        62      9       67

PRECIPITATION (IN)
  TODAY            0.26          2.63 1954   0.13   0.13     0.00
  MONTH TO DATE    0.26                      0.37  -0.11      T
  SINCE JUN 1      0.26                      0.37  -0.11      T
  SINCE JAN 1     17.05                     13.01   4.04     8.82

SNOWFALL (IN)
  TODAY            0.0           0.0    MM   0.0    0.0      0.0
  MONTH TO DATE    0.0                       0.0    0.0      0.0
  SINCE JUN 1      0.0                       0.0    0.0      0.0
  SINCE JUL 1     37.6                      46.9   -9.3     39.1
  SNOW DEPTH       0

DEGREE DAYS
 HEATING
  TODAY            0                         5     -5        0
  MONTH TO DATE    2                        17    -15        0
  SINCE JUN 1      2                        17    -15        0
  SINCE JUL 1   5622                      6827  -1205     5880

 COOLING
  TODAY            6                         2      4        2
  MONTH TO DATE   11                         6      5       12
  SINCE JUN 1     11                         6      5       12
  SINCE JAN 1     32                        36     -4       57
..................................................................


WIND (MPH)
  HIGHEST WIND SPEED    17   HIGHEST WIND DIRECTION     N (360)
  HIGHEST GUST SPEED    26   HIGHEST GUST DIRECTION    NW (330)
  AVERAGE WIND SPEED     8.3


SKY COVER
  POSSIBLE SUNSHINE  MM
  AVERAGE SKY COVER 0.5


WEATHER CONDITIONS
 THE FOLLOWING WEATHER WAS RECORDED TODAY.
  THUNDERSTORM
  RAIN
  LIGHT RAIN
  FOG


RELATIVE HUMIDITY (PERCENT)
 HIGHEST    84          1100 AM
 LOWEST     45           400 AM
 AVERAGE    65

..........................................................


THE MILWAUKEE WI CLIMATE NORMALS FOR TOMORROW
                         NORMAL    RECORD    YEAR
 MAXIMUM TEMPERATURE (F)   72        92      1925
 MINIMUM TEMPERATURE (F)   53        33      1945


SUNRISE AND SUNSET
JUNE  3 2017..........SUNRISE   514 AM CDT   SUNSET   826 PM CDT
JUNE  4 2017..........SUNRISE   514 AM CDT   SUNSET   826 PM CDT


-  INDICATES NEGATIVE NUMBERS.
R  INDICATES RECORD WAS SET OR TIED.
MM INDICATES DATA IS MISSING.
T  INDICATES TRACE AMOUNT.




$$
