000
CDUS43 KMKX 241245
CLIMKE


CLIMATE REPORT
NATIONAL WEATHER SERVICE IN MILWAUKEE
745 AM CDT WED JUN 24 2015


...................................

...THE MILWAUKEE WI CLIMATE SUMMARY FOR JUNE 23 2015...

CLIMATE NORMAL PERIOD 1981 TO 2010
CLIMATE RECORD PERIOD 1871 TO 2015


WEATHER ITEM   OBSERVED TIME   RECORD YEAR NORMAL DEPARTURE LAST
                VALUE   (LST)  VALUE       VALUE  FROM      YEAR
                                                  NORMAL
..................................................................
TEMPERATURE (F)
 YESTERDAY
  MAXIMUM         79    110 PM  95    1934  78      1       74
                                      1911
  MINIMUM         60   1159 PM  41    1963  60      0       55
  AVERAGE         70                        69      1       65

PRECIPITATION (IN)
  YESTERDAY        0.00          5.40 1917   0.12  -0.12     0.85
  MONTH TO DATE    2.47                      2.97  -0.50     4.87
  SINCE JUN 1      2.47                      2.97  -0.50     4.87
  SINCE JAN 1     12.67                     15.61  -2.94    15.82

SNOWFALL (IN)
  YESTERDAY        0.0           0.0    MM   0.0    0.0      0.0
  MONTH TO DATE    0.0                       0.0    0.0      0.0
  SINCE JUN 1      0.0                       0.0    0.0      0.0
  SINCE JUL 1     43.0                      46.9   -3.9     63.4
  SNOW DEPTH       0

DEGREE DAYS
 HEATING
  YESTERDAY        0                         1     -1        0
  MONTH TO DATE   93                        77     16       62
  SINCE JUN 1     93                        77     16       62
  SINCE JUL 1   7188                      6887    301     7730

 COOLING
  YESTERDAY        5                         5      0        0
  MONTH TO DATE   66                        78    -12       55
  SINCE JUN 1     66                        78    -12       55
  SINCE JAN 1     92                       108    -16       73
..................................................................


WIND (MPH)
  HIGHEST WIND SPEED    21   HIGHEST WIND DIRECTION    NW (330)
  HIGHEST GUST SPEED    28   HIGHEST GUST DIRECTION     W (280)
  AVERAGE WIND SPEED     8.9


SKY COVER
  POSSIBLE SUNSHINE  MM
  AVERAGE SKY COVER 0.2


WEATHER CONDITIONS
 THE FOLLOWING WEATHER WAS RECORDED YESTERDAY.
  NO SIGNIFICANT WEATHER WAS OBSERVED.


RELATIVE HUMIDITY (PERCENT)
 HIGHEST    67           900 PM
 LOWEST     39           100 PM
 AVERAGE    53

..........................................................


THE MILWAUKEE WI CLIMATE NORMALS FOR TODAY
                         NORMAL    RECORD    YEAR
 MAXIMUM TEMPERATURE (F)   78        97      1937
 MINIMUM TEMPERATURE (F)   60        44      1961


SUNRISE AND SUNSET
JUNE 24 2015..........SUNRISE   513 AM CDT   SUNSET   835 PM CDT
JUNE 25 2015..........SUNRISE   514 AM CDT   SUNSET   835 PM CDT


-  INDICATES NEGATIVE NUMBERS.
R  INDICATES RECORD WAS SET OR TIED.
MM INDICATES DATA IS MISSING.
T  INDICATES TRACE AMOUNT.




$$
