000
CDUS43 KMKX 030655
CLIMKE


CLIMATE REPORT
NATIONAL WEATHER SERVICE IN MILWAUKEE
1255 AM CST SAT FEB 3 2018


...................................

...THE MILWAUKEE WI CLIMATE SUMMARY FOR FEBRUARY 2 2018...

CLIMATE NORMAL PERIOD 1981 TO 2010
CLIMATE RECORD PERIOD 1871 TO 2018


WEATHER ITEM   OBSERVED TIME   RECORD YEAR NORMAL DEPARTURE LAST
                VALUE   (LST)  VALUE       VALUE  FROM      YEAR
                                                  NORMAL
..................................................................
TEMPERATURE (F)
 YESTERDAY
  MAXIMUM         20   1159 PM  49    1992  30    -10       20
  MINIMUM          4    750 AM -20    1996  16    -12       11
  AVERAGE         12                        23    -11       16

PRECIPITATION (IN)
  YESTERDAY        0.00          1.04 1983   0.06  -0.06     0.00
  MONTH TO DATE    0.00                      0.11  -0.11     0.02
  SINCE DEC 1      2.08                      3.91  -1.83     4.11
  SINCE JAN 1      1.62                      1.87  -0.25     2.18

SNOWFALL (IN)
  YESTERDAY        0.0           9.1  2011   0.4   -0.4      0.0
  MONTH TO DATE    0.0                       0.8   -0.8      0.4
  SINCE DEC 1     16.0                      26.1  -10.1     23.3
  SINCE JUL 1     16.2                      28.8  -12.6     23.3
  SNOW DEPTH       0

DEGREE DAYS
 HEATING
  YESTERDAY       53                        42     11       49
  MONTH TO DATE   97                        84     13       87
  SINCE DEC 1   2547                      2604    -57     2437
  SINCE JUL 1   3652                      3969   -317     3267

 COOLING
  YESTERDAY        0                         0      0        0
  MONTH TO DATE    0                         0      0        0
  SINCE DEC 1      0                         0      0        0
  SINCE JAN 1      0                         0      0        0
..................................................................


WIND (MPH)
  HIGHEST WIND SPEED    16   HIGHEST WIND DIRECTION    NW (300)
  HIGHEST GUST SPEED    23   HIGHEST GUST DIRECTION     W (280)
  AVERAGE WIND SPEED     9.8


SKY COVER
  POSSIBLE SUNSHINE  MM
  AVERAGE SKY COVER 0.3


WEATHER CONDITIONS
 THE FOLLOWING WEATHER WAS RECORDED YESTERDAY.
  NO SIGNIFICANT WEATHER WAS OBSERVED.


RELATIVE HUMIDITY (PERCENT)
 HIGHEST    62           500 AM
 LOWEST     31           400 PM
 AVERAGE    47

..........................................................


THE MILWAUKEE WI CLIMATE NORMALS FOR TODAY
                         NORMAL    RECORD    YEAR
 MAXIMUM TEMPERATURE (F)   30        50      1992
                                             1928
 MINIMUM TEMPERATURE (F)   17       -26      1996


SUNRISE AND SUNSET
FEBRUARY  3 2018......SUNRISE   704 AM CST   SUNSET   507 PM CST
FEBRUARY  4 2018......SUNRISE   703 AM CST   SUNSET   508 PM CST


-  INDICATES NEGATIVE NUMBERS.
R  INDICATES RECORD WAS SET OR TIED.
MM INDICATES DATA IS MISSING.
T  INDICATES TRACE AMOUNT.




$$
