000
CDUS43 KMKX 310646
CLIMKE


CLIMATE REPORT
NATIONAL WEATHER SERVICE IN MILWAUKEE
145 AM CDT THU AUG 31 2017


...................................

...THE MILWAUKEE WI CLIMATE SUMMARY FOR AUGUST 30 2017...

CLIMATE NORMAL PERIOD 1981 TO 2010
CLIMATE RECORD PERIOD 1871 TO 2017


WEATHER ITEM   OBSERVED TIME   RECORD YEAR NORMAL DEPARTURE LAST
                VALUE   (LST)  VALUE       VALUE  FROM      YEAR
                                                  NORMAL
..................................................................
TEMPERATURE (F)
 YESTERDAY
  MAXIMUM         83    241 PM  96    1958  77      6       85
  MINIMUM         59    235 AM  42    1915  61     -2       69
  AVERAGE         71                        69      2       77

PRECIPITATION (IN)
  YESTERDAY        0.04          2.09 2016   0.12  -0.08     2.09
  MONTH TO DATE    1.63                      3.85  -2.22     3.59
  SINCE JUN 1     10.53                     11.42  -0.89     8.84
  SINCE JAN 1     27.32                     24.06   3.26    17.66

SNOWFALL (IN)
  YESTERDAY        0.0           0.0    MM   0.0    0.0      0.0
  MONTH TO DATE    0.0                       0.0    0.0      0.0
  SINCE JUN 1      0.0                       0.0    0.0      0.0
  SINCE JUL 1      0.0                       0.0    0.0      0.0
  SNOW DEPTH       0

DEGREE DAYS
 HEATING
  YESTERDAY        0                         1     -1        0
  MONTH TO DATE    7                         9     -2        0
  SINCE JUN 1     22                       104    -82       31
  SINCE JUL 1      8                        20    -12        2

 COOLING
  YESTERDAY        6                         5      1       12
  MONTH TO DATE  177                       189    -12      330
  SINCE JUN 1    589                       531     58      787
  SINCE JAN 1    610                       561     49      832
..................................................................


WIND (MPH)
  HIGHEST WIND SPEED    22   HIGHEST WIND DIRECTION     N (10)
  HIGHEST GUST SPEED    29   HIGHEST GUST DIRECTION     N (10)
  AVERAGE WIND SPEED     7.7


SKY COVER
  POSSIBLE SUNSHINE  MM
  AVERAGE SKY COVER 0.4


WEATHER CONDITIONS
 THE FOLLOWING WEATHER WAS RECORDED YESTERDAY.
  THUNDERSTORM
  LIGHT RAIN


RELATIVE HUMIDITY (PERCENT)
 HIGHEST    97           300 AM
 LOWEST     45           100 PM
 AVERAGE    71

..........................................................


THE MILWAUKEE WI CLIMATE NORMALS FOR TODAY
                         NORMAL    RECORD    YEAR
 MAXIMUM TEMPERATURE (F)   77        97      1953
 MINIMUM TEMPERATURE (F)   61        45      1892


SUNRISE AND SUNSET
AUGUST 31 2017........SUNRISE   615 AM CDT   SUNSET   727 PM CDT
SEPTEMBER  1 2017.....SUNRISE   616 AM CDT   SUNSET   726 PM CDT


-  INDICATES NEGATIVE NUMBERS.
R  INDICATES RECORD WAS SET OR TIED.
MM INDICATES DATA IS MISSING.
T  INDICATES TRACE AMOUNT.




$$
