000
CDUS43 KMKX 140654
CLIMKE


CLIMATE REPORT
NATIONAL WEATHER SERVICE IN MILWAUKEE
1254 AM CST SUN DEC 14 2014


...................................

...THE MILWAUKEE WI CLIMATE SUMMARY FOR DECEMBER 13 2014...

CLIMATE NORMAL PERIOD 1981 TO 2010
CLIMATE RECORD PERIOD 1871 TO 2014


WEATHER ITEM   OBSERVED TIME   RECORD YEAR NORMAL DEPARTURE LAST
                VALUE   (LST)  VALUE       VALUE  FROM      YEAR
                                                  NORMAL
..................................................................
TEMPERATURE (F)
 YESTERDAY
  MAXIMUM         47    810 PM  58    1975  33     14       29
  MINIMUM         33    526 AM -14    1903  21     12       16
  AVERAGE         40                        27     13       23

PRECIPITATION (IN)
  YESTERDAY        T             1.59 1928   0.06  -0.06      T
  MONTH TO DATE    0.19                      0.97  -0.78     0.58
  SINCE DEC 1      0.19                      0.97  -0.78     0.58
  SINCE JAN 1     31.27                     33.69  -2.42    38.81

SNOWFALL (IN)
  YESTERDAY        0.0          10.8  1885   0.4   -0.4      0.1
  MONTH TO DATE    0.5                       4.0   -3.5      3.9
  SINCE DEC 1      0.5                       4.0   -3.5      3.9
  SINCE JUL 1      5.3                       6.7   -1.4      5.9
  SNOW DEPTH       0

DEGREE DAYS
 HEATING
  YESTERDAY       25                        38    -13       42
  MONTH TO DATE  446                       466    -20      559
  SINCE DEC 1    446                       466    -20      559
  SINCE JUL 1   2017                      1831    186     1934

 COOLING
  YESTERDAY        0                         0      0        0
  MONTH TO DATE    0                         0      0        0
  SINCE DEC 1      0                         0      0        0
  SINCE JAN 1    464                       641   -177      688
..................................................................


WIND (MPH)
  HIGHEST WIND SPEED    17   HIGHEST WIND DIRECTION     W (280)
  HIGHEST GUST SPEED    21   HIGHEST GUST DIRECTION     W (280)
  AVERAGE WIND SPEED     8.3


SKY COVER
  POSSIBLE SUNSHINE  MM
  AVERAGE SKY COVER 1.0


WEATHER CONDITIONS
 THE FOLLOWING WEATHER WAS RECORDED YESTERDAY.
  LIGHT RAIN
  FOG
  FOG W/VISIBILITY <= 1/4 MILE
  HAZE


RELATIVE HUMIDITY (PERCENT)
 HIGHEST    92           700 AM
 LOWEST     82          1200 AM
 AVERAGE    87

..........................................................


THE MILWAUKEE WI CLIMATE NORMALS FOR TODAY
                         NORMAL    RECORD    YEAR
 MAXIMUM TEMPERATURE (F)   33        60      1975
 MINIMUM TEMPERATURE (F)   20       -13      1901


SUNRISE AND SUNSET
DECEMBER 14 2014......SUNRISE   715 AM CST   SUNSET   418 PM CST
DECEMBER 15 2014......SUNRISE   716 AM CST   SUNSET   418 PM CST


-  INDICATES NEGATIVE NUMBERS.
R  INDICATES RECORD WAS SET OR TIED.
MM INDICATES DATA IS MISSING.
T  INDICATES TRACE AMOUNT.




$$
