000
CDUS43 KMKX 240042
CLIMKE


CLIMATE REPORT
NATIONAL WEATHER SERVICE IN MILWAUKEE
641 PM CST WED NOV 23 2016


...................................

...THE MILWAUKEE WI CLIMATE SUMMARY FOR NOVEMBER 23 2016...
VALID TODAY AS OF 0600 PM LOCAL TIME.

CLIMATE NORMAL PERIOD 1981 TO 2010
CLIMATE RECORD PERIOD 1871 TO 2016


WEATHER ITEM   OBSERVED TIME   RECORD YEAR NORMAL DEPARTURE LAST
                VALUE   (LST)  VALUE       VALUE  FROM      YEAR
                                                  NORMAL
..................................................................
TEMPERATURE (F)
 TODAY
  MAXIMUM         45    541 PM  65    1931  42      3       42
  MINIMUM         41    236 AM  -4    1950  29     12       27
  AVERAGE         43                        35      8       35

PRECIPITATION (IN)
  TODAY            0.10          0.99 1983   0.09   0.01     0.00
  MONTH TO DATE    0.62                      2.10  -1.48     2.55
  SINCE SEP 1      8.48                      7.93   0.55     8.89
  SINCE JAN 1     26.14                     32.11  -5.97    26.64

SNOWFALL (IN)
  TODAY            0.0           2.2  2005   0.2   -0.2      0.0
  MONTH TO DATE    T                         1.3   -1.3      6.9
  SINCE SEP 1      T                         1.6   -1.6      6.9
  SINCE JUL 1      T                         1.6   -1.6      6.9
  SNOW DEPTH       0

DEGREE DAYS
 HEATING
  TODAY           22                        30     -8       30
  MONTH TO DATE  363                       560   -197      417
  SINCE SEP 1    663                      1119   -456      801
  SINCE JUL 1    665                      1145   -480      849

 COOLING
  TODAY            0                         0      0        0
  MONTH TO DATE    3                         0      3        0
  SINCE SEP 1    155                        76     79      135
  SINCE JAN 1    991                       641    350      622
..................................................................


WIND (MPH)
  HIGHEST WIND SPEED    20   HIGHEST WIND DIRECTION    SE (150)
  HIGHEST GUST SPEED    25   HIGHEST GUST DIRECTION    SE (150)
  AVERAGE WIND SPEED    11.5


SKY COVER
  POSSIBLE SUNSHINE  MM
  AVERAGE SKY COVER 1.0


WEATHER CONDITIONS
 THE FOLLOWING WEATHER WAS RECORDED TODAY.
  LIGHT RAIN
  FOG
  HAZE


RELATIVE HUMIDITY (PERCENT)
 HIGHEST    89           600 AM
 LOWEST     62          1200 AM
 AVERAGE    76

..........................................................


THE MILWAUKEE WI CLIMATE NORMALS FOR TOMORROW
                         NORMAL    RECORD    YEAR
 MAXIMUM TEMPERATURE (F)   42        65      1931
 MINIMUM TEMPERATURE (F)   28        -5      1950


SUNRISE AND SUNSET
NOVEMBER 23 2016......SUNRISE   654 AM CST   SUNSET   422 PM CST
NOVEMBER 24 2016......SUNRISE   656 AM CST   SUNSET   421 PM CST


-  INDICATES NEGATIVE NUMBERS.
R  INDICATES RECORD WAS SET OR TIED.
MM INDICATES DATA IS MISSING.
T  INDICATES TRACE AMOUNT.




$$
