000
CDUS43 KMKX 121353
CLIMKE


CLIMATE REPORT
NATIONAL WEATHER SERVICE IN MILWAUKEE
753 AM CST THU JAN 12 2017


...................................

...THE MILWAUKEE WI CLIMATE SUMMARY FOR JANUARY 11 2017...

CLIMATE NORMAL PERIOD 1981 TO 2010
CLIMATE RECORD PERIOD 1871 TO 2017


WEATHER ITEM   OBSERVED TIME   RECORD YEAR NORMAL DEPARTURE LAST
                VALUE   (LST)  VALUE       VALUE  FROM      YEAR
                                                  NORMAL
..................................................................
TEMPERATURE (F)
 YESTERDAY
  MAXIMUM         40    251 PM  57    1880  29     11       14
  MINIMUM         21   1159 PM -16    1886  15      6       -3
  AVERAGE         31                        22      9        6

PRECIPITATION (IN)
  YESTERDAY        0.02          0.90 1877   0.06  -0.04     0.07
  MONTH TO DATE    0.54                      0.66  -0.12     0.34
  SINCE DEC 1      2.47                      2.70  -0.23     4.16
  SINCE JAN 1      0.54                      0.66  -0.12     0.34

SNOWFALL (IN)
  YESTERDAY        T             6.8  1926   0.5   -0.5      1.6
  MONTH TO DATE    0.7                       5.2   -4.5      3.5
  SINCE DEC 1     19.5                      15.8    3.7     13.1
  SINCE JUL 1     19.5                      18.5    1.0     20.0
  SNOW DEPTH       0

DEGREE DAYS
 HEATING
  YESTERDAY       34                        43     -9       59
  MONTH TO DATE  489                       468     21      441
  SINCE DEC 1   1696                      1663     33     1280
  SINCE JUL 1   2526                      3028   -502     2319

 COOLING
  YESTERDAY        0                         0      0        0
  MONTH TO DATE    0                         0      0        0
  SINCE DEC 1      0                         0      0        0
  SINCE JAN 1      0                         0      0        0
..................................................................


WIND (MPH)
  HIGHEST WIND SPEED    23   HIGHEST WIND DIRECTION     W (260)
  HIGHEST GUST SPEED    30   HIGHEST GUST DIRECTION     N (10)
  AVERAGE WIND SPEED    12.4


SKY COVER
  POSSIBLE SUNSHINE  MM
  AVERAGE SKY COVER 0.9


WEATHER CONDITIONS
 THE FOLLOWING WEATHER WAS RECORDED YESTERDAY.
  RAIN
  LT FREEZING RAIN
  SLEET
  HAZE


RELATIVE HUMIDITY (PERCENT)
 HIGHEST    75           900 AM
 LOWEST     62          1200 AM
 AVERAGE    69

..........................................................


THE MILWAUKEE WI CLIMATE NORMALS FOR TODAY
                         NORMAL    RECORD    YEAR
 MAXIMUM TEMPERATURE (F)   29        60      1871
 MINIMUM TEMPERATURE (F)   15       -14      1912


SUNRISE AND SUNSET
JANUARY 12 2017.......SUNRISE   721 AM CST   SUNSET   439 PM CST
JANUARY 13 2017.......SUNRISE   721 AM CST   SUNSET   441 PM CST


-  INDICATES NEGATIVE NUMBERS.
R  INDICATES RECORD WAS SET OR TIED.
MM INDICATES DATA IS MISSING.
T  INDICATES TRACE AMOUNT.




$$
