000
CDUS43 KMKX 242045
CLIMKE


CLIMATE REPORT
NATIONAL WEATHER SERVICE IN MILWAUKEE
345 PM CDT WED SEP 24 2014


...................................

...THE MILWAUKEE WI CLIMATE SUMMARY FOR SEPTEMBER 24 2014...
VALID TODAY AS OF 0300 PM LOCAL TIME.

CLIMATE NORMAL PERIOD 1981 TO 2010
CLIMATE RECORD PERIOD 1871 TO 2014


WEATHER ITEM   OBSERVED TIME   RECORD YEAR NORMAL DEPARTURE LAST
                VALUE   (LST)  VALUE       VALUE  FROM      YEAR
                                                  NORMAL
..................................................................
TEMPERATURE (F)
 TODAY
  MAXIMUM         70    159 PM  92    1891  68      2       66
  MINIMUM         51    554 AM  32    1942  51      0       51
  AVERAGE         61                        60      1       59

PRECIPITATION (IN)
  TODAY            0.00          1.57 1899   0.11  -0.11     0.00
  MONTH TO DATE    1.07                      2.57  -1.50     1.45
  SINCE SEP 1      1.07                      2.57  -1.50     1.45
  SINCE JAN 1     26.36                     26.75  -0.39    31.58

SNOWFALL (IN)
  TODAY            0.0           0.0    MM   0.0    0.0      0.0
  MONTH TO DATE    0.0                       0.0    0.0      0.0
  SINCE SEP 1      0.0                       0.0    0.0      0.0
  SINCE JUL 1      0.0                       0.0    0.0      0.0
  SNOW DEPTH       0

DEGREE DAYS
 HEATING
  TODAY            4                         6     -2        6
  MONTH TO DATE  128                        79     49       81
  SINCE SEP 1    128                        79     49       81
  SINCE JUL 1    154                       105     49      103

 COOLING
  TODAY            0                         1     -1        0
  MONTH TO DATE   58                        64     -6       99
  SINCE SEP 1     58                        64     -6       99
  SINCE JAN 1    459                       629   -170      676
..................................................................


WIND (MPH)
  HIGHEST WIND SPEED    12   HIGHEST WIND DIRECTION    SE (120)
  HIGHEST GUST SPEED    15   HIGHEST GUST DIRECTION    SE (120)
  AVERAGE WIND SPEED     5.0


SKY COVER
  POSSIBLE SUNSHINE  MM
  AVERAGE SKY COVER 0.5


WEATHER CONDITIONS
 THE FOLLOWING WEATHER WAS RECORDED TODAY.
  FOG


RELATIVE HUMIDITY (PERCENT)
 HIGHEST    93           700 AM
 LOWEST     57           200 PM
 AVERAGE    75

..........................................................


THE MILWAUKEE WI CLIMATE NORMALS FOR TOMORROW
                         NORMAL    RECORD    YEAR
 MAXIMUM TEMPERATURE (F)   68        89      1933
 MINIMUM TEMPERATURE (F)   51        29      1942


SUNRISE AND SUNSET
SEPTEMBER 24 2014.....SUNRISE   641 AM CDT   SUNSET   645 PM CDT
SEPTEMBER 25 2014.....SUNRISE   642 AM CDT   SUNSET   644 PM CDT


-  INDICATES NEGATIVE NUMBERS.
R  INDICATES RECORD WAS SET OR TIED.
MM INDICATES DATA IS MISSING.
T  INDICATES TRACE AMOUNT.




$$
