000
CDUS43 KMKX 032245
CLIMKE


CLIMATE REPORT
NATIONAL WEATHER SERVICE IN MILWAUKEE
444 PM CST TUE MAR 3 2015


...................................

...THE MILWAUKEE WI CLIMATE SUMMARY FOR MARCH 3 2015...
VALID TODAY AS OF 0400 PM LOCAL TIME.

CLIMATE NORMAL PERIOD 1981 TO 2010
CLIMATE RECORD PERIOD 1871 TO 2015


WEATHER ITEM   OBSERVED TIME   RECORD YEAR NORMAL DEPARTURE LAST
                VALUE   (LST)  VALUE       VALUE  FROM      YEAR
                                                  NORMAL
..................................................................
TEMPERATURE (F)
 TODAY
  MAXIMUM         34    356 PM  72    1983  38     -4       18
  MINIMUM         25    608 AM  -6    1943  24      1       -1
  AVERAGE         30                        31     -1        9

PRECIPITATION (IN)
  TODAY            0.31          1.79 1881   0.06   0.25      T
  MONTH TO DATE    0.31                      0.19   0.12     0.18
  SINCE MAR 1      0.31                      0.19   0.12     0.18
  SINCE JAN 1      2.03                      3.60  -1.57     2.92

SNOWFALL (IN)
  TODAY            3.4          17.9  1881   0.3    3.1       T
  MONTH TO DATE    3.4                       0.9    2.5      2.7
  SINCE MAR 1      3.4                       0.9    2.5      2.7
  SINCE JUL 1     41.5                      38.7    2.8     59.5
  SNOW DEPTH       7   12Z

DEGREE DAYS
 HEATING
  TODAY           35                        34      1       56
  MONTH TO DATE  123                       104     19      164
  SINCE MAR 1    123                       104     19      164
  SINCE JUL 1   5455                      5084    371     5820

 COOLING
  TODAY            0                         0      0        0
  MONTH TO DATE    0                         0      0        0
  SINCE MAR 1      0                         0      0        0
  SINCE JAN 1      0                         0      0        0
..................................................................


WIND (MPH)
  HIGHEST WIND SPEED    20   HIGHEST WIND DIRECTION     W (270)
  HIGHEST GUST SPEED    27   HIGHEST GUST DIRECTION     W (270)
  AVERAGE WIND SPEED    11.6


SKY COVER
  POSSIBLE SUNSHINE  MM
  AVERAGE SKY COVER 1.0


WEATHER CONDITIONS
 THE FOLLOWING WEATHER WAS RECORDED TODAY.
  LIGHT RAIN
  LT FREEZING RAIN
  SNOW
  LIGHT SNOW
  FOG
  HAZE
  BLOWING SNOW


RELATIVE HUMIDITY (PERCENT)
 HIGHEST    92          1100 AM
 LOWEST     63          1200 AM
 AVERAGE    78

..........................................................


THE MILWAUKEE WI CLIMATE NORMALS FOR TOMORROW
                         NORMAL    RECORD    YEAR
 MAXIMUM TEMPERATURE (F)   38        59      2000
 MINIMUM TEMPERATURE (F)   24        -8      1884


SUNRISE AND SUNSET
MARCH  3 2015.........SUNRISE   625 AM CST   SUNSET   543 PM CST
MARCH  4 2015.........SUNRISE   623 AM CST   SUNSET   544 PM CST


-  INDICATES NEGATIVE NUMBERS.
R  INDICATES RECORD WAS SET OR TIED.
MM INDICATES DATA IS MISSING.
T  INDICATES TRACE AMOUNT.




$$
