000
CDUS43 KMKX 030050
CLIMKE


CLIMATE REPORT
NATIONAL WEATHER SERVICE IN MILWAUKEE
750 PM CDT MON MAY 2 2016


...................................

...THE MILWAUKEE WI CLIMATE SUMMARY FOR MAY 2 2016...
VALID TODAY AS OF 0700 PM LOCAL TIME.

CLIMATE NORMAL PERIOD 1981 TO 2010
CLIMATE RECORD PERIOD 1871 TO 2016


WEATHER ITEM   OBSERVED TIME   RECORD YEAR NORMAL DEPARTURE LAST
                VALUE   (LST)  VALUE       VALUE  FROM      YEAR
                                                  NORMAL
..................................................................
TEMPERATURE (F)
 TODAY
  MAXIMUM         57    301 PM  90    1959  60     -3       76
  MINIMUM         39    422 AM  29    1961  43     -4       51
  AVERAGE         48                        51     -3       64

PRECIPITATION (IN)
  TODAY            0.00          1.43 1892   0.11  -0.11     0.00
  MONTH TO DATE    0.13                      0.21  -0.08     0.00
  SINCE MAR 1      5.27                      6.04  -0.77     6.05
  SINCE JAN 1      6.58                      9.45  -2.87     7.77

SNOWFALL (IN)
  TODAY            0.0           0.2  1909   0.0    0.0      0.0
  MONTH TO DATE    0.0                       0.0    0.0      0.0
  SINCE MAR 1     10.0                       9.0    1.0      4.9
  SINCE JUL 1     39.1                      46.8   -7.7     43.0
  SNOW DEPTH       0

DEGREE DAYS
 HEATING
  TODAY           17                        14      3        1
  MONTH TO DATE   38                        28     10       16
  SINCE MAR 1   1435                      1545   -110     1515
  SINCE JUL 1   5654                      6525   -871     6847

 COOLING
  TODAY            0                         0      0        0
  MONTH TO DATE    0                         0      0        0
  SINCE MAR 1      0                         5     -5        0
  SINCE JAN 1      0                         5     -5        0
..................................................................


WIND (MPH)
  HIGHEST WIND SPEED    16   HIGHEST WIND DIRECTION    NE (30)
  HIGHEST GUST SPEED    21   HIGHEST GUST DIRECTION    NE (40)
  AVERAGE WIND SPEED     9.6


SKY COVER
  POSSIBLE SUNSHINE  MM
  AVERAGE SKY COVER 0.4


WEATHER CONDITIONS
 THE FOLLOWING WEATHER WAS RECORDED TODAY.
  NO SIGNIFICANT WEATHER WAS OBSERVED.


RELATIVE HUMIDITY (PERCENT)
 HIGHEST    89           100 AM
 LOWEST     43           200 PM
 AVERAGE    66

..........................................................


THE MILWAUKEE WI CLIMATE NORMALS FOR TOMORROW
                         NORMAL    RECORD    YEAR
 MAXIMUM TEMPERATURE (F)   60        87      1955
                                             1949
                                             1928
 MINIMUM TEMPERATURE (F)   43        30      1978
                                             1967


SUNRISE AND SUNSET
MAY  2 2016...........SUNRISE   544 AM CDT   SUNSET   754 PM CDT
MAY  3 2016...........SUNRISE   542 AM CDT   SUNSET   755 PM CDT


-  INDICATES NEGATIVE NUMBERS.
R  INDICATES RECORD WAS SET OR TIED.
MM INDICATES DATA IS MISSING.
T  INDICATES TRACE AMOUNT.




$$
