000
CDUS43 KMKX 250702
CLIMKE


CLIMATE REPORT
NATIONAL WEATHER SERVICE IN MILWAUKEE
202 AM CDT MON JUL 25 2016


...................................

...THE MILWAUKEE WI CLIMATE SUMMARY FOR JULY 24 2016...

CLIMATE NORMAL PERIOD 1981 TO 2010
CLIMATE RECORD PERIOD 1871 TO 2016


WEATHER ITEM   OBSERVED TIME   RECORD YEAR NORMAL DEPARTURE LAST
                VALUE   (LST)  VALUE       VALUE  FROM      YEAR
                                                  NORMAL
..................................................................
TEMPERATURE (F)
 YESTERDAY
  MAXIMUM         94    435 PM 105    1934  80     14       85
  MINIMUM         72    756 AM  51    2000  64      8       66
                                      1876
  AVERAGE         83                        72     11       76

PRECIPITATION (IN)
  YESTERDAY        0.03          1.56 1874   0.11  -0.08     0.00
  MONTH TO DATE    1.73                      2.87  -1.14     1.60
  SINCE JUN 1      5.22                      6.77  -1.55     4.09
  SINCE JAN 1     14.04                     19.41  -5.37    14.29

SNOWFALL (IN)
  YESTERDAY        0.0           0.0    MM   0.0    0.0      0.0
  MONTH TO DATE    0.0                       0.0    0.0      0.0
  SINCE JUN 1      0.0                       0.0    0.0      0.0
  SINCE JUL 1      0.0                       0.0    0.0      0.0
  SNOW DEPTH       0

DEGREE DAYS
 HEATING
  YESTERDAY        0                         0      0        0
  MONTH TO DATE    2                         4     -2       28
  SINCE JUN 1     31                        88    -57      130
  SINCE JUL 1      2                         4     -2       28

 COOLING
  YESTERDAY       18                         7     11       11
  MONTH TO DATE  234                       167     67      131
  SINCE JUN 1    385                       287     98      204
  SINCE JAN 1    430                       317    113      230
..................................................................


WIND (MPH)
  HIGHEST WIND SPEED    21   HIGHEST WIND DIRECTION    SW (210)
  HIGHEST GUST SPEED    27   HIGHEST GUST DIRECTION    SW (210)
  AVERAGE WIND SPEED    11.3


SKY COVER
  POSSIBLE SUNSHINE  MM
  AVERAGE SKY COVER 0.6


WEATHER CONDITIONS
 THE FOLLOWING WEATHER WAS RECORDED YESTERDAY.
  THUNDERSTORM
  RAIN
  LIGHT RAIN


RELATIVE HUMIDITY (PERCENT)
 HIGHEST    87           200 AM
 LOWEST     57           900 PM
 AVERAGE    72

..........................................................


THE MILWAUKEE WI CLIMATE NORMALS FOR TODAY
                         NORMAL    RECORD    YEAR
 MAXIMUM TEMPERATURE (F)   80       102      1940
 MINIMUM TEMPERATURE (F)   64        52      1962


SUNRISE AND SUNSET
JULY 25 2016..........SUNRISE   536 AM CDT   SUNSET   820 PM CDT
JULY 26 2016..........SUNRISE   537 AM CDT   SUNSET   819 PM CDT


-  INDICATES NEGATIVE NUMBERS.
R  INDICATES RECORD WAS SET OR TIED.
MM INDICATES DATA IS MISSING.
T  INDICATES TRACE AMOUNT.




$$
