000
CDUS43 KMKX 160641
CLIMKE


CLIMATE REPORT
NATIONAL WEATHER SERVICE IN MILWAUKEE
140 AM CDT TUE SEP 16 2014


...................................

...THE MILWAUKEE WI CLIMATE SUMMARY FOR SEPTEMBER 15 2014...

CLIMATE NORMAL PERIOD 1981 TO 2010
CLIMATE RECORD PERIOD 1871 TO 2014


WEATHER ITEM   OBSERVED TIME   RECORD YEAR NORMAL DEPARTURE LAST
                VALUE   (LST)  VALUE       VALUE  FROM      YEAR
                                                  NORMAL
..................................................................
TEMPERATURE (F)
 YESTERDAY
  MAXIMUM         57    104 PM  99    1939  72    -15       62
  MINIMUM         48   1048 PM  40    2011  55     -7       54
                                      2007
  AVERAGE         53                        64    -11       58

PRECIPITATION (IN)
  YESTERDAY        0.05          2.98 1912   0.11  -0.06     0.37
  MONTH TO DATE    0.86                      1.57  -0.71     0.88
  SINCE SEP 1      0.86                      1.57  -0.71     0.88
  SINCE JAN 1     26.15                     25.75   0.40    31.01

SNOWFALL (IN)
  YESTERDAY        0.0           0.0    MM   0.0    0.0      0.0
  MONTH TO DATE    0.0                       0.0    0.0      0.0
  SINCE SEP 1      0.0                       0.0    0.0      0.0
  SINCE JUL 1      0.0                       0.0    0.0      0.0
  SNOW DEPTH       0

DEGREE DAYS
 HEATING
  YESTERDAY       12                         4      8        7
  MONTH TO DATE   73                        33     40       25
  SINCE SEP 1     73                        33     40       25
  SINCE JUL 1     99                        59     40       47

 COOLING
  YESTERDAY        0                         2     -2        0
  MONTH TO DATE   52                        50      2       81
  SINCE SEP 1     52                        50      2       81
  SINCE JAN 1    453                       615   -162      658
..................................................................


WIND (MPH)
  HIGHEST WIND SPEED    15   HIGHEST WIND DIRECTION     N (340)
  HIGHEST GUST SPEED    18   HIGHEST GUST DIRECTION     N (340)
  AVERAGE WIND SPEED     4.5


SKY COVER
  POSSIBLE SUNSHINE  MM
  AVERAGE SKY COVER 0.7


WEATHER CONDITIONS
 THE FOLLOWING WEATHER WAS RECORDED YESTERDAY.
  RAIN
  LIGHT RAIN
  FOG


RELATIVE HUMIDITY (PERCENT)
 HIGHEST    93           300 PM
 LOWEST     77          1200 AM
 AVERAGE    85

..........................................................


THE MILWAUKEE WI CLIMATE NORMALS FOR TODAY
                         NORMAL    RECORD    YEAR
 MAXIMUM TEMPERATURE (F)   71        93      1891
 MINIMUM TEMPERATURE (F)   55        36      1916


SUNRISE AND SUNSET
SEPTEMBER 16 2014.....SUNRISE   632 AM CDT   SUNSET   700 PM CDT
SEPTEMBER 17 2014.....SUNRISE   633 AM CDT   SUNSET   658 PM CDT


-  INDICATES NEGATIVE NUMBERS.
R  INDICATES RECORD WAS SET OR TIED.
MM INDICATES DATA IS MISSING.
T  INDICATES TRACE AMOUNT.




$$
