000
CDUS43 KMKX 270644
CLIMKE


CLIMATE REPORT
NATIONAL WEATHER SERVICE IN MILWAUKEE
1243 AM CST WED DEC 27 2017


...................................

...THE MILWAUKEE WI CLIMATE SUMMARY FOR DECEMBER 26 2017...

CLIMATE NORMAL PERIOD 1981 TO 2010
CLIMATE RECORD PERIOD 1871 TO 2017


WEATHER ITEM   OBSERVED TIME   RECORD YEAR NORMAL DEPARTURE LAST
                VALUE   (LST)  VALUE       VALUE  FROM      YEAR
                                                  NORMAL
..................................................................
TEMPERATURE (F)
 YESTERDAY
  MAXIMUM          6    303 PM  51    2008  30    -24       49
                                      1936
  MINIMUM         -3    808 AM -14    1962  17    -20       26
  AVERAGE          2                        24    -22       38

PRECIPITATION (IN)
  YESTERDAY        0.00          1.33 1888   0.06  -0.06     0.15
  MONTH TO DATE    0.43                      1.76  -1.33     1.93
  SINCE DEC 1      0.43                      1.76  -1.33     1.93
  SINCE JAN 1     34.06                     34.48  -0.42    29.26

SNOWFALL (IN)
  YESTERDAY        0.0           8.4  1984   0.4   -0.4      0.0
  MONTH TO DATE    3.9                       8.6   -4.7     18.8
  SINCE DEC 1      3.9                       8.6   -4.7     18.8
  SINCE JUL 1      4.1                      11.3   -7.2     18.8
  SNOW DEPTH       1

DEGREE DAYS
 HEATING
  YESTERDAY       63                        41     22       27
  MONTH TO DATE  912                       985    -73     1031
  SINCE DEC 1    912                       985    -73     1031
  SINCE JUL 1   2017                      2350   -333     1861

 COOLING
  YESTERDAY        0                         0      0        0
  MONTH TO DATE    0                         0      0        0
  SINCE DEC 1      0                         0      0        0
  SINCE JAN 1    772                       641    131      991
..................................................................


WIND (MPH)
  HIGHEST WIND SPEED    17   HIGHEST WIND DIRECTION    NW (300)
  HIGHEST GUST SPEED    24   HIGHEST GUST DIRECTION     W (290)
  AVERAGE WIND SPEED     9.8


SKY COVER
  POSSIBLE SUNSHINE  MM
  AVERAGE SKY COVER 0.3


WEATHER CONDITIONS
 THE FOLLOWING WEATHER WAS RECORDED YESTERDAY.
  NO SIGNIFICANT WEATHER WAS OBSERVED.


RELATIVE HUMIDITY (PERCENT)
 HIGHEST    69           800 PM
 LOWEST     54          1200 PM
 AVERAGE    62

..........................................................


THE MILWAUKEE WI CLIMATE NORMALS FOR TODAY
                         NORMAL    RECORD    YEAR
 MAXIMUM TEMPERATURE (F)   30        55      1946
 MINIMUM TEMPERATURE (F)   17       -17      1886


SUNRISE AND SUNSET
DECEMBER 27 2017......SUNRISE   722 AM CST   SUNSET   424 PM CST
DECEMBER 28 2017......SUNRISE   722 AM CST   SUNSET   425 PM CST


-  INDICATES NEGATIVE NUMBERS.
R  INDICATES RECORD WAS SET OR TIED.
MM INDICATES DATA IS MISSING.
T  INDICATES TRACE AMOUNT.




$$
