000
CDUS43 KMKX 170700
CLIMKE


CLIMATE REPORT
NATIONAL WEATHER SERVICE IN MILWAUKEE
100 AM CST FRI FEB 17 2017


...................................

...THE MILWAUKEE WI CLIMATE SUMMARY FOR FEBRUARY 16 2017...

CLIMATE NORMAL PERIOD 1981 TO 2010
CLIMATE RECORD PERIOD 1871 TO 2017


WEATHER ITEM   OBSERVED TIME   RECORD YEAR NORMAL DEPARTURE LAST
                VALUE   (LST)  VALUE       VALUE  FROM      YEAR
                                                  NORMAL
..................................................................
TEMPERATURE (F)
 YESTERDAY
  MAXIMUM         38    211 PM  56    1921  33      5       32
  MINIMUM         29    750 AM -17    1885  20      9       24
  AVERAGE         34                        26      8       28

PRECIPITATION (IN)
  YESTERDAY        0.00          0.86 1883   0.05  -0.05     0.03
  MONTH TO DATE    0.18                      0.88  -0.70     0.61
  SINCE DEC 1      4.27                      4.68  -0.41     5.12
  SINCE JAN 1      2.34                      2.64  -0.30     1.30

SNOWFALL (IN)
  YESTERDAY        0.0           5.6  1956   0.4   -0.4      0.4
  MONTH TO DATE    0.4                       5.7   -5.3      7.7
  SINCE DEC 1     23.3                      31.0   -7.7     22.2
  SINCE JUL 1     23.3                      33.7  -10.4     29.1
  SNOW DEPTH       0

DEGREE DAYS
 HEATING
  YESTERDAY       31                        39     -8       37
  MONTH TO DATE  567                       650    -83      664
  SINCE DEC 1   2917                      3170   -253     2801
  SINCE JUL 1   3747                      4535   -788     3840

 COOLING
  YESTERDAY        0                         0      0        0
  MONTH TO DATE    0                         0      0        0
  SINCE DEC 1      0                         0      0        0
  SINCE JAN 1      0                         0      0        0
..................................................................


WIND (MPH)
  HIGHEST WIND SPEED    20   HIGHEST WIND DIRECTION    SE (140)
  HIGHEST GUST SPEED    24   HIGHEST GUST DIRECTION    SE (140)
  AVERAGE WIND SPEED     9.3


SKY COVER
  POSSIBLE SUNSHINE  MM
  AVERAGE SKY COVER 0.9


WEATHER CONDITIONS
 THE FOLLOWING WEATHER WAS RECORDED YESTERDAY.
  NO SIGNIFICANT WEATHER WAS OBSERVED.


RELATIVE HUMIDITY (PERCENT)
 HIGHEST    75           900 PM
 LOWEST     42          1200 AM
 AVERAGE    59

..........................................................


THE MILWAUKEE WI CLIMATE NORMALS FOR TODAY
                         NORMAL    RECORD    YEAR
 MAXIMUM TEMPERATURE (F)   33        55      1981
 MINIMUM TEMPERATURE (F)   20       -16      1885


SUNRISE AND SUNSET
FEBRUARY 17 2017......SUNRISE   646 AM CST   SUNSET   526 PM CST
FEBRUARY 18 2017......SUNRISE   644 AM CST   SUNSET   527 PM CST


-  INDICATES NEGATIVE NUMBERS.
R  INDICATES RECORD WAS SET OR TIED.
MM INDICATES DATA IS MISSING.
T  INDICATES TRACE AMOUNT.




$$
