000
CDUS43 KMKX 170644
CLIMKE


CLIMATE REPORT
NATIONAL WEATHER SERVICE IN MILWAUKEE
144 AM CDT TUE MAY 17 2016


...................................

...THE MILWAUKEE WI CLIMATE SUMMARY FOR MAY 16 2016...

CLIMATE NORMAL PERIOD 1981 TO 2010
CLIMATE RECORD PERIOD 1871 TO 2016


WEATHER ITEM   OBSERVED TIME   RECORD YEAR NORMAL DEPARTURE LAST
                VALUE   (LST)  VALUE       VALUE  FROM      YEAR
                                                  NORMAL
..................................................................
TEMPERATURE (F)
 YESTERDAY
  MAXIMUM         71   1253 PM  89    1977  65      6       66
  MINIMUM         46    520 AM  31    1888  46      0       47
  AVERAGE         59                        56      3       57

PRECIPITATION (IN)
  YESTERDAY        0.11          1.94 1928   0.10   0.01      T
  MONTH TO DATE    1.83                      1.67   0.16     0.91
  SINCE MAR 1      6.97                      7.50  -0.53     6.96
  SINCE JAN 1      8.28                     10.91  -2.63     8.68

SNOWFALL (IN)
  YESTERDAY        0.0           0.0    MM   0.0    0.0      0.0
  MONTH TO DATE    T                         0.1   -0.1      0.0
  SINCE MAR 1     10.0                       9.1    0.9      4.9
  SINCE JUL 1     39.1                      46.9   -7.8     43.0
  SNOW DEPTH       0

DEGREE DAYS
 HEATING
  YESTERDAY        6                        10     -4        8
  MONTH TO DATE  206                       194     12      157
  SINCE MAR 1   1603                      1711   -108     1656
  SINCE JUL 1   5822                      6691   -869     6988

 COOLING
  YESTERDAY        0                         1     -1        0
  MONTH TO DATE    0                         6     -6       11
  SINCE MAR 1      0                        11    -11       11
  SINCE JAN 1      0                        11    -11       11
..................................................................


WIND (MPH)
  HIGHEST WIND SPEED    23   HIGHEST WIND DIRECTION     W (250)
  HIGHEST GUST SPEED    32   HIGHEST GUST DIRECTION    NW (330)
  AVERAGE WIND SPEED    12.0


SKY COVER
  POSSIBLE SUNSHINE  MM
  AVERAGE SKY COVER 0.6


WEATHER CONDITIONS
 THE FOLLOWING WEATHER WAS RECORDED YESTERDAY.
  THUNDERSTORM
  LIGHT RAIN


RELATIVE HUMIDITY (PERCENT)
 HIGHEST    66           600 PM
 LOWEST     27           100 PM
 AVERAGE    47

..........................................................


THE MILWAUKEE WI CLIMATE NORMALS FOR TODAY
                         NORMAL    RECORD    YEAR
 MAXIMUM TEMPERATURE (F)   65        88      1987
                                             1911
                                             1906
 MINIMUM TEMPERATURE (F)   47        31      1983


SUNRISE AND SUNSET
MAY 17 2016...........SUNRISE   526 AM CDT   SUNSET   811 PM CDT
MAY 18 2016...........SUNRISE   525 AM CDT   SUNSET   812 PM CDT


-  INDICATES NEGATIVE NUMBERS.
R  INDICATES RECORD WAS SET OR TIED.
MM INDICATES DATA IS MISSING.
T  INDICATES TRACE AMOUNT.




$$
