000
CDUS43 KMKX 250641
CLIMKE


CLIMATE REPORT
NATIONAL WEATHER SERVICE IN MILWAUKEE
141 AM CDT TUE AUG 25 2015


...................................

...THE MILWAUKEE WI CLIMATE SUMMARY FOR AUGUST 24 2015...

CLIMATE NORMAL PERIOD 1981 TO 2010
CLIMATE RECORD PERIOD 1871 TO 2015


WEATHER ITEM   OBSERVED TIME   RECORD YEAR NORMAL DEPARTURE LAST
                VALUE   (LST)  VALUE       VALUE  FROM      YEAR
                                                  NORMAL
..................................................................
TEMPERATURE (F)
 YESTERDAY
  MAXIMUM         69   1136 AM 100    1948  78     -9       77
  MINIMUM         55    517 AM  47    1887  62     -7       70
  AVERAGE         62                        70     -8       74

PRECIPITATION (IN)
  YESTERDAY        0.00          2.48 1892   0.11  -0.11     0.01
  MONTH TO DATE    2.56                      3.14  -0.58     4.85
  SINCE JUN 1      6.65                     10.71  -4.06    13.50
  SINCE JAN 1     16.85                     23.35  -6.50    24.45

SNOWFALL (IN)
  YESTERDAY        0.0           0.0    MM   0.0    0.0      0.0
  MONTH TO DATE    0.0                       0.0    0.0      0.0
  SINCE JUN 1      0.0                       0.0    0.0      0.0
  SINCE JUL 1      0.0                       0.0    0.0      0.0
  SNOW DEPTH       0

DEGREE DAYS
 HEATING
  YESTERDAY        3                         1      2        0
  MONTH TO DATE    5                         3      2        5
  SINCE JUN 1    135                        98     37      100
  SINCE JUL 1     33                        14     19       26

 COOLING
  YESTERDAY        0                         6     -6        9
  MONTH TO DATE  173                       158     15      118
  SINCE JUN 1    454                       500    -46      335
  SINCE JAN 1    480                       530    -50      353
..................................................................


WIND (MPH)
  HIGHEST WIND SPEED    24   HIGHEST WIND DIRECTION     W (290)
  HIGHEST GUST SPEED    33   HIGHEST GUST DIRECTION     W (270)
  AVERAGE WIND SPEED    13.6


SKY COVER
  POSSIBLE SUNSHINE  MM
  AVERAGE SKY COVER 0.5


WEATHER CONDITIONS
 THE FOLLOWING WEATHER WAS RECORDED YESTERDAY.
  NO SIGNIFICANT WEATHER WAS OBSERVED.


RELATIVE HUMIDITY (PERCENT)
 HIGHEST    77           400 AM
 LOWEST     40          1100 AM
 AVERAGE    59

..........................................................


THE MILWAUKEE WI CLIMATE NORMALS FOR TODAY
                         NORMAL    RECORD    YEAR
 MAXIMUM TEMPERATURE (F)   78        94      1948
 MINIMUM TEMPERATURE (F)   62        44      1917


SUNRISE AND SUNSET
AUGUST 25 2015........SUNRISE   608 AM CDT   SUNSET   738 PM CDT
AUGUST 26 2015........SUNRISE   609 AM CDT   SUNSET   737 PM CDT


-  INDICATES NEGATIVE NUMBERS.
R  INDICATES RECORD WAS SET OR TIED.
MM INDICATES DATA IS MISSING.
T  INDICATES TRACE AMOUNT.




$$
