000
CDUS43 KMKX 130728
CLIMKE


CLIMATE REPORT
NATIONAL WEATHER SERVICE IN MILWAUKEE
227 AM CDT SAT AUG 13 2016


...................................

...THE MILWAUKEE WI CLIMATE SUMMARY FOR AUGUST 12 2016...

CLIMATE NORMAL PERIOD 1981 TO 2010
CLIMATE RECORD PERIOD 1871 TO 2016


WEATHER ITEM   OBSERVED TIME   RECORD YEAR NORMAL DEPARTURE LAST
                VALUE   (LST)  VALUE       VALUE  FROM      YEAR
                                                  NORMAL
..................................................................
TEMPERATURE (F)
 YESTERDAY
  MAXIMUM         81    824 AM  94    1988  79      2       75
  MINIMUM         74    902 PM  48    1967  64     10       60
  AVERAGE         78                        71      7       68

PRECIPITATION (IN)
  YESTERDAY        0.20          2.32 2002   0.13   0.07     0.00
  MONTH TO DATE    0.34                      1.57  -1.23     1.48
  SINCE JUN 1      5.59                      9.14  -3.55     5.57
  SINCE JAN 1     14.41                     21.78  -7.37    15.77

SNOWFALL (IN)
  YESTERDAY        0.0           0.0    MM   0.0    0.0      0.0
  MONTH TO DATE    0.0                       0.0    0.0      0.0
  SINCE JUN 1      0.0                       0.0    0.0      0.0
  SINCE JUL 1      0.0                       0.0    0.0      0.0
  SNOW DEPTH       0

DEGREE DAYS
 HEATING
  YESTERDAY        0                         0      0        0
  MONTH TO DATE    0                         0      0        0
  SINCE JUN 1     31                        95    -64      130
  SINCE JUL 1      2                        11     -9       28

 COOLING
  YESTERDAY       13                         7      6        3
  MONTH TO DATE  150                        84     66       79
  SINCE JUN 1    607                       426    181      360
  SINCE JAN 1    652                       456    196      386
..................................................................


WIND (MPH)
  HIGHEST WIND SPEED    13   HIGHEST WIND DIRECTION     E (70)
  HIGHEST GUST SPEED    17   HIGHEST GUST DIRECTION    NE (50)
  AVERAGE WIND SPEED     5.9


SKY COVER
  POSSIBLE SUNSHINE  MM
  AVERAGE SKY COVER 0.9


WEATHER CONDITIONS
 THE FOLLOWING WEATHER WAS RECORDED YESTERDAY.
  THUNDERSTORM
  HEAVY RAIN
  RAIN
  LIGHT RAIN
  FOG


RELATIVE HUMIDITY (PERCENT)
 HIGHEST    94          1100 AM
 LOWEST     74           900 AM
 AVERAGE    84

..........................................................


THE MILWAUKEE WI CLIMATE NORMALS FOR TODAY
                         NORMAL    RECORD    YEAR
 MAXIMUM TEMPERATURE (F)   79        97      1918
 MINIMUM TEMPERATURE (F)   64        48      1961


SUNRISE AND SUNSET
AUGUST 13 2016........SUNRISE   556 AM CDT   SUNSET   756 PM CDT
AUGUST 14 2016........SUNRISE   557 AM CDT   SUNSET   754 PM CDT


-  INDICATES NEGATIVE NUMBERS.
R  INDICATES RECORD WAS SET OR TIED.
MM INDICATES DATA IS MISSING.
T  INDICATES TRACE AMOUNT.




$$
