000
CDUS43 KMKX 260730
CLIMKE


CLIMATE REPORT
NATIONAL WEATHER SERVICE IN MILWAUKEE
229 AM CDT WED JUL 26 2017


...................................

...THE MILWAUKEE WI CLIMATE SUMMARY FOR JULY 25 2017...

CLIMATE NORMAL PERIOD 1981 TO 2010
CLIMATE RECORD PERIOD 1871 TO 2017


WEATHER ITEM   OBSERVED TIME   RECORD YEAR NORMAL DEPARTURE LAST
                VALUE   (LST)  VALUE       VALUE  FROM      YEAR
                                                  NORMAL
..................................................................
TEMPERATURE (F)
 YESTERDAY
  MAXIMUM         78   1253 PM 102    1940  80     -2       89
  MINIMUM         58    451 AM  52    1962  64     -6       73
  AVERAGE         68                        72     -4       81

PRECIPITATION (IN)
  YESTERDAY        0.00          1.28 1986   0.12  -0.12     0.00
  MONTH TO DATE    3.67                      2.99   0.68     1.73
  SINCE JUN 1      8.88                      6.89   1.99     5.22
  SINCE JAN 1     25.67                     19.53   6.14    14.04

SNOWFALL (IN)
  YESTERDAY        0.0           0.0    MM   0.0    0.0      0.0
  MONTH TO DATE    0.0                       0.0    0.0      0.0
  SINCE JUN 1      0.0                       0.0    0.0      0.0
  SINCE JUL 1      0.0                       0.0    0.0      0.0
  SNOW DEPTH       0

DEGREE DAYS
 HEATING
  YESTERDAY        0                         0      0        0
  MONTH TO DATE    1                         4     -3        2
  SINCE JUN 1     15                        88    -73       31
  SINCE JUL 1      1                         4     -3        2

 COOLING
  YESTERDAY        3                         7     -4       16
  MONTH TO DATE  183                       174      9      250
  SINCE JUN 1    365                       294     71      401
  SINCE JAN 1    386                       324     62      446
..................................................................


WIND (MPH)
  HIGHEST WIND SPEED    23   HIGHEST WIND DIRECTION    SE (140)
  HIGHEST GUST SPEED    25   HIGHEST GUST DIRECTION    SE (140)
  AVERAGE WIND SPEED     8.7


SKY COVER
  POSSIBLE SUNSHINE  MM
  AVERAGE SKY COVER 0.5


WEATHER CONDITIONS
 THE FOLLOWING WEATHER WAS RECORDED YESTERDAY.
  NO SIGNIFICANT WEATHER WAS OBSERVED.


RELATIVE HUMIDITY (PERCENT)
 HIGHEST    90          1200 AM
 LOWEST     56          1100 AM
 AVERAGE    73

..........................................................


THE MILWAUKEE WI CLIMATE NORMALS FOR TODAY
                         NORMAL    RECORD    YEAR
 MAXIMUM TEMPERATURE (F)   80       101      1955
 MINIMUM TEMPERATURE (F)   64        50      1962


SUNRISE AND SUNSET
JULY 26 2017..........SUNRISE   537 AM CDT   SUNSET   819 PM CDT
JULY 27 2017..........SUNRISE   538 AM CDT   SUNSET   818 PM CDT


-  INDICATES NEGATIVE NUMBERS.
R  INDICATES RECORD WAS SET OR TIED.
MM INDICATES DATA IS MISSING.
T  INDICATES TRACE AMOUNT.




$$
