000
CDUS43 KMKX 040654
CLIMKE


CLIMATE REPORT
NATIONAL WEATHER SERVICE IN MILWAUKEE
152 AM CDT WED MAY 4 2016


...................................

...THE MILWAUKEE WI CLIMATE SUMMARY FOR MAY 3 2016...

CLIMATE NORMAL PERIOD 1981 TO 2010
CLIMATE RECORD PERIOD 1871 TO 2016


WEATHER ITEM   OBSERVED TIME   RECORD YEAR NORMAL DEPARTURE LAST
                VALUE   (LST)  VALUE       VALUE  FROM      YEAR
                                                  NORMAL
..................................................................
TEMPERATURE (F)
 YESTERDAY
  MAXIMUM         69    123 PM  87    1955  60      9       80
                                      1949
                                      1928
  MINIMUM         39    220 AM  30    1978  43     -4       58
                                      1967
  AVERAGE         54                        52      2       69

PRECIPITATION (IN)
  YESTERDAY        0.04          1.12 1912   0.11  -0.07      T
  MONTH TO DATE    0.17                      0.32  -0.15      T
  SINCE MAR 1      5.31                      6.15  -0.84     6.05
  SINCE JAN 1      6.62                      9.56  -2.94     7.77

SNOWFALL (IN)
  YESTERDAY        0.0           3.2  1935   0.0    0.0      0.0
  MONTH TO DATE    0.0                       0.0    0.0      0.0
  SINCE MAR 1     10.0                       9.0    1.0      4.9
  SINCE JUL 1     39.1                      46.8   -7.7     43.0
  SNOW DEPTH       0

DEGREE DAYS
 HEATING
  YESTERDAY       11                        14     -3        0
  MONTH TO DATE   49                        42      7       16
  SINCE MAR 1   1446                      1559   -113     1515
  SINCE JUL 1   5665                      6539   -874     6847

 COOLING
  YESTERDAY        0                         0      0        4
  MONTH TO DATE    0                         0      0        4
  SINCE MAR 1      0                         5     -5        4
  SINCE JAN 1      0                         5     -5        4
..................................................................


WIND (MPH)
  HIGHEST WIND SPEED    22   HIGHEST WIND DIRECTION     N (340)
  HIGHEST GUST SPEED    31   HIGHEST GUST DIRECTION     N (350)
  AVERAGE WIND SPEED     9.1


SKY COVER
  POSSIBLE SUNSHINE  MM
  AVERAGE SKY COVER 0.6


WEATHER CONDITIONS
 THE FOLLOWING WEATHER WAS RECORDED YESTERDAY.
  LIGHT RAIN


RELATIVE HUMIDITY (PERCENT)
 HIGHEST    76           200 AM
 LOWEST     26           200 PM
 AVERAGE    51

..........................................................


THE MILWAUKEE WI CLIMATE NORMALS FOR TODAY
                         NORMAL    RECORD    YEAR
 MAXIMUM TEMPERATURE (F)   61        89      1952
 MINIMUM TEMPERATURE (F)   43        30      1954


SUNRISE AND SUNSET
MAY  4 2016...........SUNRISE   541 AM CDT   SUNSET   756 PM CDT
MAY  5 2016...........SUNRISE   540 AM CDT   SUNSET   758 PM CDT


-  INDICATES NEGATIVE NUMBERS.
R  INDICATES RECORD WAS SET OR TIED.
MM INDICATES DATA IS MISSING.
T  INDICATES TRACE AMOUNT.




$$
