000
CDUS43 KMKX 282143
CLIMKE


CLIMATE REPORT
NATIONAL WEATHER SERVICE IN MILWAUKEE
443 PM CDT TUE OCT 28 2014


...................................

...THE MILWAUKEE WI CLIMATE SUMMARY FOR OCTOBER 28 2014...
VALID TODAY AS OF 0400 PM LOCAL TIME.

CLIMATE NORMAL PERIOD 1981 TO 2010
CLIMATE RECORD PERIOD 1871 TO 2014


WEATHER ITEM   OBSERVED TIME   RECORD YEAR NORMAL DEPARTURE LAST
                VALUE   (LST)  VALUE       VALUE  FROM      YEAR
                                                  NORMAL
..................................................................
TEMPERATURE (F)
 TODAY
  MAXIMUM         67    115 AM  74    1896  55     12       45
  MINIMUM         53    259 PM  19    1925  40     13       37
  AVERAGE         60                        47     13       41

PRECIPITATION (IN)
  TODAY            T             1.52 1874   0.09  -0.09     0.00
  MONTH TO DATE    2.79                      2.39   0.40     2.62
  SINCE SEP 1      3.93                      5.57  -1.64     4.16
  SINCE JAN 1     29.22                     29.75  -0.53    34.29

SNOWFALL (IN)
  TODAY            0.0           0.1  1925   0.0    0.0      0.0
  MONTH TO DATE    0.0                       0.2   -0.2      0.0
  SINCE SEP 1      0.0                       0.2   -0.2      0.0
  SINCE JUL 1      0.0                       0.2   -0.2      0.0
  SNOW DEPTH       0

DEGREE DAYS
 HEATING
  TODAY            5                        18    -13       24
  MONTH TO DATE  354                       378    -24      366
  SINCE SEP 1    503                       504     -1      474
  SINCE JUL 1    529                       530     -1      496

 COOLING
  TODAY            0                         0      0        0
  MONTH TO DATE    4                         3      1       10
  SINCE SEP 1     63                        72     -9      111
  SINCE JAN 1    464                       637   -173      688
..................................................................


WIND (MPH)
  HIGHEST WIND SPEED    25   HIGHEST WIND DIRECTION     W (280)
  HIGHEST GUST SPEED    36   HIGHEST GUST DIRECTION     W (290)
  AVERAGE WIND SPEED    15.7


SKY COVER
  POSSIBLE SUNSHINE  MM
  AVERAGE SKY COVER 0.5


WEATHER CONDITIONS
 THE FOLLOWING WEATHER WAS RECORDED TODAY.
  LIGHT RAIN


RELATIVE HUMIDITY (PERCENT)
 HIGHEST    68          1200 AM
 LOWEST     41          1200 PM
 AVERAGE    55

..........................................................


THE MILWAUKEE WI CLIMATE NORMALS FOR TOMORROW
                         NORMAL    RECORD    YEAR
 MAXIMUM TEMPERATURE (F)   54        81      1937
 MINIMUM TEMPERATURE (F)   39        18      1925


SUNRISE AND SUNSET
OCTOBER 28 2014.......SUNRISE   721 AM CDT   SUNSET   549 PM CDT
OCTOBER 29 2014.......SUNRISE   722 AM CDT   SUNSET   548 PM CDT


-  INDICATES NEGATIVE NUMBERS.
R  INDICATES RECORD WAS SET OR TIED.
MM INDICATES DATA IS MISSING.
T  INDICATES TRACE AMOUNT.




$$
