000
CDUS43 KMKX 052155
CLIMKE


CLIMATE REPORT
NATIONAL WEATHER SERVICE IN MILWAUKEE
354 PM CST THU MAR 5 2015


...................................

...THE MILWAUKEE WI CLIMATE SUMMARY FOR MARCH 5 2015...
VALID TODAY AS OF 0300 PM LOCAL TIME.

CLIMATE NORMAL PERIOD 1981 TO 2010
CLIMATE RECORD PERIOD 1871 TO 2015


WEATHER ITEM   OBSERVED TIME   RECORD YEAR NORMAL DEPARTURE LAST
                VALUE   (LST)  VALUE       VALUE  FROM      YEAR
                                                  NORMAL
..................................................................
TEMPERATURE (F)
 TODAY
  MAXIMUM         16    259 PM  62    1894  38    -22       19
  MINIMUM          3    638 AM  -7    1890  25    -22       16
  AVERAGE         10                        31    -21       18

PRECIPITATION (IN)
  TODAY            0.00          1.26 1964   0.07  -0.07     0.02
  MONTH TO DATE    0.31                      0.32  -0.01     0.35
  SINCE MAR 1      0.31                      0.32  -0.01     0.35
  SINCE JAN 1      2.03                      3.73  -1.70     3.09

SNOWFALL (IN)
  TODAY            0.0           8.6  1964   0.3   -0.3      0.6
  MONTH TO DATE    3.4                       1.6    1.8      5.6
  SINCE MAR 1      3.4                       1.6    1.8      5.6
  SINCE JUL 1     41.5                      39.4    2.1     62.4
  SNOW DEPTH      10

DEGREE DAYS
 HEATING
  TODAY           55                        34     21       47
  MONTH TO DATE  223                       172     51      259
  SINCE MAR 1    223                       172     51      259
  SINCE JUL 1   5555                      5152    403     5915

 COOLING
  TODAY            0                         0      0        0
  MONTH TO DATE    0                         0      0        0
  SINCE MAR 1      0                         0      0        0
  SINCE JAN 1      0                         0      0        0
..................................................................


WIND (MPH)
  HIGHEST WIND SPEED    14   HIGHEST WIND DIRECTION    NW (320)
  HIGHEST GUST SPEED    19   HIGHEST GUST DIRECTION    NW (320)
  AVERAGE WIND SPEED     8.3


SKY COVER
  POSSIBLE SUNSHINE  MM
  AVERAGE SKY COVER 0.2


WEATHER CONDITIONS
 THE FOLLOWING WEATHER WAS RECORDED TODAY.
  NO SIGNIFICANT WEATHER WAS OBSERVED.


RELATIVE HUMIDITY (PERCENT)
 HIGHEST    56           600 AM
 LOWEST     38          1100 AM
 AVERAGE    47

..........................................................


THE MILWAUKEE WI CLIMATE NORMALS FOR TOMORROW
                         NORMAL    RECORD    YEAR
 MAXIMUM TEMPERATURE (F)   39        64      1983
 MINIMUM TEMPERATURE (F)   25        -7      1960


SUNRISE AND SUNSET
MARCH  5 2015.........SUNRISE   621 AM CST   SUNSET   546 PM CST
MARCH  6 2015.........SUNRISE   620 AM CST   SUNSET   547 PM CST


-  INDICATES NEGATIVE NUMBERS.
R  INDICATES RECORD WAS SET OR TIED.
MM INDICATES DATA IS MISSING.
T  INDICATES TRACE AMOUNT.




$$
