000
CDUS43 KMKX 290643
CLIMKE


CLIMATE REPORT
NATIONAL WEATHER SERVICE IN MILWAUKEE
142 AM CDT MON AUG 29 2016


...................................

...THE MILWAUKEE WI CLIMATE SUMMARY FOR AUGUST 28 2016...

CLIMATE NORMAL PERIOD 1981 TO 2010
CLIMATE RECORD PERIOD 1871 TO 2016


WEATHER ITEM   OBSERVED TIME   RECORD YEAR NORMAL DEPARTURE LAST
                VALUE   (LST)  VALUE       VALUE  FROM      YEAR
                                                  NORMAL
..................................................................
TEMPERATURE (F)
 YESTERDAY
  MAXIMUM         76    346 PM  97    1926  77     -1       74
  MINIMUM         65    538 AM  45    1965  62      3       56
  AVERAGE         71                        69      2       65

PRECIPITATION (IN)
  YESTERDAY        0.00          1.42 1936   0.12  -0.12     0.13
  MONTH TO DATE    1.50                      3.61  -2.11     2.69
  SINCE JUN 1      6.75                     11.18  -4.43     6.78
  SINCE JAN 1     15.57                     23.82  -8.25    16.98

SNOWFALL (IN)
  YESTERDAY        0.0           0.0    MM   0.0    0.0      0.0
  MONTH TO DATE    0.0                       0.0    0.0      0.0
  SINCE JUN 1      0.0                       0.0    0.0      0.0
  SINCE JUL 1      0.0                       0.0    0.0      0.0
  SNOW DEPTH       0

DEGREE DAYS
 HEATING
  YESTERDAY        0                         1     -1        0
  MONTH TO DATE    0                         7     -7       16
  SINCE JUN 1     31                       102    -71      146
  SINCE JUL 1      2                        18    -16       44

 COOLING
  YESTERDAY        6                         5      1        0
  MONTH TO DATE  308                       179    129      173
  SINCE JUN 1    765                       521    244      454
  SINCE JAN 1    810                       551    259      480
..................................................................


WIND (MPH)
  HIGHEST WIND SPEED    14   HIGHEST WIND DIRECTION     N (20)
  HIGHEST GUST SPEED    17   HIGHEST GUST DIRECTION     N (20)
  AVERAGE WIND SPEED     4.8


SKY COVER
  POSSIBLE SUNSHINE  MM
  AVERAGE SKY COVER 0.5


WEATHER CONDITIONS
 THE FOLLOWING WEATHER WAS RECORDED YESTERDAY.
  FOG
  FOG W/VISIBILITY <= 1/4 MILE
  HAZE


RELATIVE HUMIDITY (PERCENT)
 HIGHEST    93          1200 AM
 LOWEST     74           300 PM
 AVERAGE    84

..........................................................


THE MILWAUKEE WI CLIMATE NORMALS FOR TODAY
                         NORMAL    RECORD    YEAR
 MAXIMUM TEMPERATURE (F)   77        96      1973
 MINIMUM TEMPERATURE (F)   61        44      1982
                                             1965


SUNRISE AND SUNSET
AUGUST 29 2016........SUNRISE   613 AM CDT   SUNSET   730 PM CDT
AUGUST 30 2016........SUNRISE   614 AM CDT   SUNSET   729 PM CDT


-  INDICATES NEGATIVE NUMBERS.
R  INDICATES RECORD WAS SET OR TIED.
MM INDICATES DATA IS MISSING.
T  INDICATES TRACE AMOUNT.




$$
