000
CDUS43 KMKX 260655
CLIMKE


CLIMATE REPORT
NATIONAL WEATHER SERVICE IN MILWAUKEE
1254 AM CST WED NOV 26 2014


...................................

...THE MILWAUKEE WI CLIMATE SUMMARY FOR NOVEMBER 25 2014...

CLIMATE NORMAL PERIOD 1981 TO 2010
CLIMATE RECORD PERIOD 1871 TO 2014


WEATHER ITEM   OBSERVED TIME   RECORD YEAR NORMAL DEPARTURE LAST
                VALUE   (LST)  VALUE       VALUE  FROM      YEAR
                                                  NORMAL
..................................................................
TEMPERATURE (F)
 YESTERDAY
  MAXIMUM         27    102 PM  63    1908  41    -14       31
  MINIMUM         19    954 PM   0    1950  28     -9       22
  AVERAGE         23                        34    -11       27

PRECIPITATION (IN)
  YESTERDAY        T             0.68 1952   0.09  -0.09     0.02
  MONTH TO DATE    1.81                      2.28  -0.47     2.97
  SINCE SEP 1      5.76                      8.11  -2.35     8.10
  SINCE JAN 1     31.05                     32.29  -1.24    38.23

SNOWFALL (IN)
  YESTERDAY        0.1           9.8  1977   0.1    0.0      0.7
  MONTH TO DATE    4.4                       1.5    2.9      1.9
  SINCE SEP 1      4.5                       1.8    2.7      1.9
  SINCE JUL 1      4.5                       1.8    2.7      1.9
  SNOW DEPTH       2

DEGREE DAYS
 HEATING
  YESTERDAY       42                        31     11       38
  MONTH TO DATE  784                       621    163      642
  SINCE SEP 1   1360                      1180    180     1160
  SINCE JUL 1   1386                      1206    180     1182

 COOLING
  YESTERDAY        0                         0      0        0
  MONTH TO DATE    0                         0      0        0
  SINCE SEP 1     63                        76    -13      111
  SINCE JAN 1    464                       641   -177      688
..................................................................


WIND (MPH)
  HIGHEST WIND SPEED    16   HIGHEST WIND DIRECTION     W (290)
  HIGHEST GUST SPEED    24   HIGHEST GUST DIRECTION     W (290)
  AVERAGE WIND SPEED     9.4


SKY COVER
  POSSIBLE SUNSHINE  MM
  AVERAGE SKY COVER 0.9


WEATHER CONDITIONS
 THE FOLLOWING WEATHER WAS RECORDED YESTERDAY.
  LIGHT SNOW
  HAZE


RELATIVE HUMIDITY (PERCENT)
 HIGHEST    81          1200 AM
 LOWEST     68          1000 AM
 AVERAGE    75

..........................................................


THE MILWAUKEE WI CLIMATE NORMALS FOR TODAY
                         NORMAL    RECORD    YEAR
 MAXIMUM TEMPERATURE (F)   41        67      1990
 MINIMUM TEMPERATURE (F)   27         3      1977


SUNRISE AND SUNSET
NOVEMBER 26 2014......SUNRISE   657 AM CST   SUNSET   420 PM CST
NOVEMBER 27 2014......SUNRISE   658 AM CST   SUNSET   420 PM CST


-  INDICATES NEGATIVE NUMBERS.
R  INDICATES RECORD WAS SET OR TIED.
MM INDICATES DATA IS MISSING.
T  INDICATES TRACE AMOUNT.




$$
