897
CDUS43 KMKX 210643
CLIMKE


CLIMATE REPORT
NATIONAL WEATHER SERVICE IN MILWAUKEE
142 AM CDT WED JUN 21 2017


...................................

...THE MILWAUKEE WI CLIMATE SUMMARY FOR JUNE 20 2017...

CLIMATE NORMAL PERIOD 1981 TO 2010
CLIMATE RECORD PERIOD 1871 TO 2017


WEATHER ITEM   OBSERVED TIME   RECORD YEAR NORMAL DEPARTURE LAST
                VALUE   (LST)  VALUE       VALUE  FROM      YEAR
                                                  NORMAL
..................................................................
TEMPERATURE (F)
 YESTERDAY
  MAXIMUM         74    913 AM  99    1953  77     -3       91
                                      1933
  MINIMUM         56    114 PM  43    1980  59     -3       70
                                      1969
                                      1961
  AVERAGE         65                        68     -3       81

PRECIPITATION (IN)
  YESTERDAY        0.22          1.84 1893   0.13   0.09     0.06
  MONTH TO DATE    1.86                      2.60  -0.74     1.61
  SINCE JUN 1      1.86                      2.60  -0.74     1.61
  SINCE JAN 1     18.65                     15.24   3.41    10.43

SNOWFALL (IN)
  YESTERDAY        0.0           0.0    MM   0.0    0.0      0.0
  MONTH TO DATE    0.0                       0.0    0.0      0.0
  SINCE JUN 1      0.0                       0.0    0.0      0.0
  SINCE JUL 1     37.6                      46.9   -9.3     39.1
  SNOW DEPTH       0

DEGREE DAYS
 HEATING
  YESTERDAY        0                         2     -2        0
  MONTH TO DATE    9                        72    -63       25
  SINCE JUN 1      9                        72    -63       25
  SINCE JUL 1   5629                      6882  -1253     5905

 COOLING
  YESTERDAY        0                         5     -5       16
  MONTH TO DATE  140                        63     77       92
  SINCE JUN 1    140                        63     77       92
  SINCE JAN 1    161                        93     68      137
..................................................................


WIND (MPH)
  HIGHEST WIND SPEED    23   HIGHEST WIND DIRECTION    NW (330)
  HIGHEST GUST SPEED    31   HIGHEST GUST DIRECTION    NW (320)
  AVERAGE WIND SPEED     7.0


SKY COVER
  POSSIBLE SUNSHINE  MM
  AVERAGE SKY COVER 0.3


WEATHER CONDITIONS
 THE FOLLOWING WEATHER WAS RECORDED YESTERDAY.
  THUNDERSTORM
  LIGHT RAIN
  FOG


RELATIVE HUMIDITY (PERCENT)
 HIGHEST    87           400 AM
 LOWEST     46           900 AM
 AVERAGE    67

..........................................................


THE MILWAUKEE WI CLIMATE NORMALS FOR TODAY
                         NORMAL    RECORD    YEAR
 MAXIMUM TEMPERATURE (F)   77       101      1988
 MINIMUM TEMPERATURE (F)   59        40      1969


SUNRISE AND SUNSET
JUNE 21 2017..........SUNRISE   513 AM CDT   SUNSET   834 PM CDT
JUNE 22 2017..........SUNRISE   513 AM CDT   SUNSET   834 PM CDT


-  INDICATES NEGATIVE NUMBERS.
R  INDICATES RECORD WAS SET OR TIED.
MM INDICATES DATA IS MISSING.
T  INDICATES TRACE AMOUNT.




$$
