000
CDUS43 KMKX 272142
CLIMKE


CLIMATE REPORT
NATIONAL WEATHER SERVICE IN MILWAUKEE
441 PM CDT TUE SEP 27 2016


...................................

...THE MILWAUKEE WI CLIMATE SUMMARY FOR SEPTEMBER 27 2016...
VALID TODAY AS OF 0400 PM LOCAL TIME.

CLIMATE NORMAL PERIOD 1981 TO 2010
CLIMATE RECORD PERIOD 1871 TO 2016


WEATHER ITEM   OBSERVED TIME   RECORD YEAR NORMAL DEPARTURE LAST
                VALUE   (LST)  VALUE       VALUE  FROM      YEAR
                                                  NORMAL
..................................................................
TEMPERATURE (F)
 TODAY
  MAXIMUM         63    139 PM  88    1891  67     -4       70
  MINIMUM         53    645 AM  31    1942  50      3       59
  AVERAGE         58                        58      0       65

PRECIPITATION (IN)
  TODAY            0.00          2.24 1999   0.10  -0.10      T
  MONTH TO DATE    3.66                      2.88   0.78     3.81
  SINCE SEP 1      3.66                      2.88   0.78     3.81
  SINCE JAN 1     21.32                     27.06  -5.74    21.56

SNOWFALL (IN)
  TODAY            0.0           T    1942   0.0    0.0      0.0
  MONTH TO DATE    0.0                       0.0    0.0      0.0
  SINCE SEP 1      0.0                       0.0    0.0      0.0
  SINCE JUL 1      0.0                       0.0    0.0      0.0
  SNOW DEPTH       0

DEGREE DAYS
 HEATING
  TODAY            7                         8     -1        0
  MONTH TO DATE   10                       101    -91       33
  SINCE SEP 1     10                       101    -91       33
  SINCE JUL 1     12                       127   -115       81

 COOLING
  TODAY            0                         1     -1        0
  MONTH TO DATE  141                        67     74      126
  SINCE SEP 1    141                        67     74      126
  SINCE JAN 1    977                       632    345      613
..................................................................


WIND (MPH)
  HIGHEST WIND SPEED    23   HIGHEST WIND DIRECTION     W (270)
  HIGHEST GUST SPEED    32   HIGHEST GUST DIRECTION     W (250)
  AVERAGE WIND SPEED    14.3


SKY COVER
  POSSIBLE SUNSHINE  MM
  AVERAGE SKY COVER 0.4


WEATHER CONDITIONS
 THE FOLLOWING WEATHER WAS RECORDED TODAY.
  NO SIGNIFICANT WEATHER WAS OBSERVED.


RELATIVE HUMIDITY (PERCENT)
 HIGHEST    59           700 AM
 LOWEST     46          1000 AM
 AVERAGE    53

..........................................................


THE MILWAUKEE WI CLIMATE NORMALS FOR TOMORROW
                         NORMAL    RECORD    YEAR
 MAXIMUM TEMPERATURE (F)   66        88      1952
                                             1939
 MINIMUM TEMPERATURE (F)   50        28      1942


SUNRISE AND SUNSET
SEPTEMBER 27 2016.....SUNRISE   645 AM CDT   SUNSET   639 PM CDT
SEPTEMBER 28 2016.....SUNRISE   646 AM CDT   SUNSET   637 PM CDT


-  INDICATES NEGATIVE NUMBERS.
R  INDICATES RECORD WAS SET OR TIED.
MM INDICATES DATA IS MISSING.
T  INDICATES TRACE AMOUNT.




$$
