000
CDUS43 KMKX 280649
CLIMKE


CLIMATE REPORT
NATIONAL WEATHER SERVICE IN MILWAUKEE
147 AM CDT SAT MAR 28 2015


...................................

...THE MILWAUKEE WI CLIMATE SUMMARY FOR MARCH 27 2015...

CLIMATE NORMAL PERIOD 1981 TO 2010
CLIMATE RECORD PERIOD 1871 TO 2015


WEATHER ITEM   OBSERVED TIME   RECORD YEAR NORMAL DEPARTURE LAST
                VALUE   (LST)  VALUE       VALUE  FROM      YEAR
                                                  NORMAL
..................................................................
TEMPERATURE (F)
 YESTERDAY
  MAXIMUM         29    118 PM  81    1945  46    -17       49
  MINIMUM         18    554 AM   2    1965  31    -13       35
  AVERAGE         24                        39    -15       42

PRECIPITATION (IN)
  YESTERDAY        0.01          1.26 1908   0.09  -0.08     0.46
  MONTH TO DATE    0.80                      1.90  -1.10     0.97
  SINCE MAR 1      0.80                      1.90  -1.10     0.97
  SINCE JAN 1      2.52                      5.31  -2.79     3.71

SNOWFALL (IN)
  YESTERDAY        0.3          10.0  1887   0.1    0.2       T
  MONTH TO DATE    4.9                       6.4   -1.5      6.2
  SINCE MAR 1      4.9                       6.4   -1.5      6.2
  SINCE JUL 1     43.0                      44.2   -1.2     63.0
  SNOW DEPTH       T

DEGREE DAYS
 HEATING
  YESTERDAY       41                        26     15       23
  MONTH TO DATE  825                       828     -3     1007
  SINCE MAR 1    825                       828     -3     1007
  SINCE JUL 1   6157                      5808    349     6663

 COOLING
  YESTERDAY        0                         0      0        0
  MONTH TO DATE    0                         0      0        0
  SINCE MAR 1      0                         0      0        0
  SINCE JAN 1      0                         0      0        0
..................................................................


WIND (MPH)
  HIGHEST WIND SPEED    21   HIGHEST WIND DIRECTION    NE (40)
  HIGHEST GUST SPEED    27   HIGHEST GUST DIRECTION     N (350)
  AVERAGE WIND SPEED    12.1


SKY COVER
  POSSIBLE SUNSHINE  MM
  AVERAGE SKY COVER 0.4


WEATHER CONDITIONS
 THE FOLLOWING WEATHER WAS RECORDED YESTERDAY.
  LIGHT SNOW
  FOG


RELATIVE HUMIDITY (PERCENT)
 HIGHEST    81          1200 AM
 LOWEST     42           100 PM
 AVERAGE    62

..........................................................


THE MILWAUKEE WI CLIMATE NORMALS FOR TODAY
                         NORMAL    RECORD    YEAR
 MAXIMUM TEMPERATURE (F)   47        76      1905
 MINIMUM TEMPERATURE (F)   31         4      1923


SUNRISE AND SUNSET
MARCH 28 2015.........SUNRISE   641 AM CDT   SUNSET   713 PM CDT
MARCH 29 2015.........SUNRISE   639 AM CDT   SUNSET   714 PM CDT


-  INDICATES NEGATIVE NUMBERS.
R  INDICATES RECORD WAS SET OR TIED.
MM INDICATES DATA IS MISSING.
T  INDICATES TRACE AMOUNT.




$$
