000
CDUS43 KMKX 240704
CLIMKE


CLIMATE REPORT
NATIONAL WEATHER SERVICE IN MILWAUKEE
157 AM CDT WED AUG 24 2016


...................................

...THE MILWAUKEE WI CLIMATE SUMMARY FOR AUGUST 23 2016...

CLIMATE NORMAL PERIOD 1981 TO 2010
CLIMATE RECORD PERIOD 1871 TO 2016


WEATHER ITEM   OBSERVED TIME   RECORD YEAR NORMAL DEPARTURE LAST
                VALUE   (LST)  VALUE       VALUE  FROM      YEAR
                                                  NORMAL
..................................................................
TEMPERATURE (F)
 YESTERDAY
  MAXIMUM         85    245 PM  98    1947  78      7       75
  MINIMUM         63    542 AM  42    1875  63      0       60
  AVERAGE         74                        70      4       68

PRECIPITATION (IN)
  YESTERDAY        0.00          2.10 1898   0.11  -0.11     0.02
  MONTH TO DATE    0.88                      3.03  -2.15     2.56
  SINCE JUN 1      6.13                     10.60  -4.47     6.65
  SINCE JAN 1     14.95                     23.24  -8.29    16.85

SNOWFALL (IN)
  YESTERDAY        0.0           0.0    MM   0.0    0.0      0.0
  MONTH TO DATE    0.0                       0.0    0.0      0.0
  SINCE JUN 1      0.0                       0.0    0.0      0.0
  SINCE JUL 1      0.0                       0.0    0.0      0.0
  SNOW DEPTH       0

DEGREE DAYS
 HEATING
  YESTERDAY        0                         1     -1        0
  MONTH TO DATE    0                         2     -2        2
  SINCE JUN 1     31                        97    -66      132
  SINCE JUL 1      2                        13    -11       30

 COOLING
  YESTERDAY        9                         6      3        3
  MONTH TO DATE  263                       152    111      173
  SINCE JUN 1    720                       494    226      454
  SINCE JAN 1    765                       524    241      480
..................................................................


WIND (MPH)
  HIGHEST WIND SPEED    20   HIGHEST WIND DIRECTION    SW (220)
  HIGHEST GUST SPEED    24   HIGHEST GUST DIRECTION    SW (210)
  AVERAGE WIND SPEED    11.0


SKY COVER
  POSSIBLE SUNSHINE  MM
  AVERAGE SKY COVER 0.4


WEATHER CONDITIONS
 THE FOLLOWING WEATHER WAS RECORDED YESTERDAY.
  NO SIGNIFICANT WEATHER WAS OBSERVED.


RELATIVE HUMIDITY (PERCENT)
 HIGHEST    78           200 AM
 LOWEST     40           300 PM
 AVERAGE    59

..........................................................


THE MILWAUKEE WI CLIMATE NORMALS FOR TODAY
                         NORMAL    RECORD    YEAR
 MAXIMUM TEMPERATURE (F)   78       100      1948
 MINIMUM TEMPERATURE (F)   62        47      1887


SUNRISE AND SUNSET
AUGUST 24 2016........SUNRISE   608 AM CDT   SUNSET   739 PM CDT
AUGUST 25 2016........SUNRISE   609 AM CDT   SUNSET   737 PM CDT


-  INDICATES NEGATIVE NUMBERS.
R  INDICATES RECORD WAS SET OR TIED.
MM INDICATES DATA IS MISSING.
T  INDICATES TRACE AMOUNT.




$$
