000
CDUS43 KMKX 280850
CLIMKE


CLIMATE REPORT
NATIONAL WEATHER SERVICE IN MILWAUKEE
350 AM CDT SAT MAY 28 2016


...................................

...THE MILWAUKEE WI CLIMATE SUMMARY FOR MAY 27 2016...

CLIMATE NORMAL PERIOD 1981 TO 2010
CLIMATE RECORD PERIOD 1871 TO 2016


WEATHER ITEM   OBSERVED TIME   RECORD YEAR NORMAL DEPARTURE LAST
                VALUE   (LST)  VALUE       VALUE  FROM      YEAR
                                                  NORMAL
..................................................................
TEMPERATURE (F)
 YESTERDAY
  MAXIMUM         79   1233 PM  94    1911  69     10       72
  MINIMUM         65    207 AM  29    1961  50     15       58
  AVERAGE         72                        59     13       65

PRECIPITATION (IN)
  YESTERDAY        0.14          1.30 1973   0.12   0.02     0.02
  MONTH TO DATE    2.07                      2.94  -0.87     1.82
  SINCE MAR 1      7.21                      8.77  -1.56     7.87
  SINCE JAN 1      8.52                     12.18  -3.66     9.59

SNOWFALL (IN)
  YESTERDAY        0.0           T    1907   0.0    0.0      0.0
  MONTH TO DATE    T                         0.1   -0.1      0.0
  SINCE MAR 1     10.0                       9.1    0.9      4.9
  SINCE JUL 1     39.1                      46.9   -7.8     43.0
  SNOW DEPTH       0

DEGREE DAYS
 HEATING
  YESTERDAY        0                         7     -7        0
  MONTH TO DATE  264                       288    -24      237
  SINCE MAR 1   1661                      1805   -144     1736
  SINCE JUL 1   5880                      6785   -905     7068

 COOLING
  YESTERDAY        7                         1      6        0
  MONTH TO DATE   22                        17      5       16
  SINCE MAR 1     22                        22      0       16
  SINCE JAN 1     22                        22      0       16
..................................................................


WIND (MPH)
  HIGHEST WIND SPEED    20   HIGHEST WIND DIRECTION    SE (140)
  HIGHEST GUST SPEED    25   HIGHEST GUST DIRECTION    SE (140)
  AVERAGE WIND SPEED     8.2


SKY COVER
  POSSIBLE SUNSHINE  MM
  AVERAGE SKY COVER 0.8


WEATHER CONDITIONS
 THE FOLLOWING WEATHER WAS RECORDED YESTERDAY.
  HEAVY RAIN
  RAIN
  LIGHT RAIN
  FOG
  HAZE


RELATIVE HUMIDITY (PERCENT)
 HIGHEST    93           700 PM
 LOWEST     69           200 PM
 AVERAGE    81

..........................................................


THE MILWAUKEE WI CLIMATE NORMALS FOR TODAY
                         NORMAL    RECORD    YEAR
 MAXIMUM TEMPERATURE (F)   69        93      1991
 MINIMUM TEMPERATURE (F)   50        36      1894
                                             1889


SUNRISE AND SUNSET
MAY 28 2016...........SUNRISE   517 AM CDT   SUNSET   821 PM CDT
MAY 29 2016...........SUNRISE   517 AM CDT   SUNSET   822 PM CDT


-  INDICATES NEGATIVE NUMBERS.
R  INDICATES RECORD WAS SET OR TIED.
MM INDICATES DATA IS MISSING.
T  INDICATES TRACE AMOUNT.




$$
