000
CDUS43 KMKX 220716
CLIMKE


CLIMATE REPORT
NATIONAL WEATHER SERVICE IN MILWAUKEE
113 AM CST SAT NOV 22 2014


...................................

...THE MILWAUKEE WI CLIMATE SUMMARY FOR NOVEMBER 21 2014...

CLIMATE NORMAL PERIOD 1981 TO 2010
CLIMATE RECORD PERIOD 1871 TO 2014


WEATHER ITEM   OBSERVED TIME   RECORD YEAR NORMAL DEPARTURE LAST
                VALUE   (LST)  VALUE       VALUE  FROM      YEAR
                                                  NORMAL
..................................................................
TEMPERATURE (F)
 YESTERDAY
  MAXIMUM         33   1159 PM  70    1913  43    -10       47
  MINIMUM          9    631 AM  -3    1880  30    -21       39
  AVERAGE         21                        36    -15       43

PRECIPITATION (IN)
  YESTERDAY        0.00          1.41 1906   0.09  -0.09      T
  MONTH TO DATE    0.60                      1.91  -1.31     2.92
  SINCE SEP 1      4.55                      7.74  -3.19     8.05
  SINCE JAN 1     29.84                     31.92  -2.08    38.18

SNOWFALL (IN)
  YESTERDAY        0.0           1.2  2007   0.1   -0.1      0.0
  MONTH TO DATE    2.1                       1.0    1.1      1.2
  SINCE SEP 1      2.2                       1.3    0.9      1.2
  SINCE JUL 1      2.2                       1.3    0.9      1.2
  SNOW DEPTH       0

DEGREE DAYS
 HEATING
  YESTERDAY       44                        29     15       22
  MONTH TO DATE  672                       501    171      484
  SINCE SEP 1   1248                      1060    188     1002
  SINCE JUL 1   1274                      1086    188     1024

 COOLING
  YESTERDAY        0                         0      0        0
  MONTH TO DATE    0                         0      0        0
  SINCE SEP 1     63                        76    -13      111
  SINCE JAN 1    464                       641   -177      688
..................................................................


WIND (MPH)
  HIGHEST WIND SPEED    18   HIGHEST WIND DIRECTION    SW (210)
  HIGHEST GUST SPEED    24   HIGHEST GUST DIRECTION     S (200)
  AVERAGE WIND SPEED     9.7


SKY COVER
  POSSIBLE SUNSHINE  MM
  AVERAGE SKY COVER 0.2


WEATHER CONDITIONS
 THE FOLLOWING WEATHER WAS RECORDED YESTERDAY.
  NO SIGNIFICANT WEATHER WAS OBSERVED.


RELATIVE HUMIDITY (PERCENT)
 HIGHEST    63           600 AM
 LOWEST     26           200 PM
 AVERAGE    45

..........................................................


THE MILWAUKEE WI CLIMATE NORMALS FOR TODAY
                         NORMAL    RECORD    YEAR
 MAXIMUM TEMPERATURE (F)   43        66      1913
 MINIMUM TEMPERATURE (F)   29         1      1880


SUNRISE AND SUNSET
NOVEMBER 22 2014......SUNRISE   653 AM CST   SUNSET   423 PM CST
NOVEMBER 23 2014......SUNRISE   654 AM CST   SUNSET   422 PM CST


-  INDICATES NEGATIVE NUMBERS.
R  INDICATES RECORD WAS SET OR TIED.
MM INDICATES DATA IS MISSING.
T  INDICATES TRACE AMOUNT.




$$
