000
CDUS43 KMKX 270659
CLIMKE


CLIMATE REPORT
NATIONAL WEATHER SERVICE IN MILWAUKEE
158 AM CDT MON MAR 27 2017


...................................

...THE MILWAUKEE WI CLIMATE SUMMARY FOR MARCH 26 2017...

CLIMATE NORMAL PERIOD 1981 TO 2010
CLIMATE RECORD PERIOD 1871 TO 2017


WEATHER ITEM   OBSERVED TIME   RECORD YEAR NORMAL DEPARTURE LAST
                VALUE   (LST)  VALUE       VALUE  FROM      YEAR
                                                  NORMAL
..................................................................
TEMPERATURE (F)
 YESTERDAY
  MAXIMUM         46    217 PM  80    2007  46      0       46
  MINIMUM         39    659 AM   1    1960  31      8       28
  AVERAGE         43                        38      5       37

PRECIPITATION (IN)
  YESTERDAY        0.68          1.68 1976   0.09   0.59     0.00
  MONTH TO DATE    2.50                      1.81   0.69     2.66
  SINCE MAR 1      2.50                      1.81   0.69     2.66
  SINCE JAN 1      6.51                      5.22   1.29     3.97

SNOWFALL (IN)
  YESTERDAY        0.0           5.0  1930   0.1   -0.1      0.0
  MONTH TO DATE   13.6                       6.3    7.3      6.6
  SINCE MAR 1     13.6                       6.3    7.3      6.6
  SINCE JUL 1     37.6                      44.1   -6.5     35.7
  SNOW DEPTH       0

DEGREE DAYS
 HEATING
  YESTERDAY       22                        27     -5       28
  MONTH TO DATE  760                       802    -42      666
  SINCE MAR 1    760                       802    -42      666
  SINCE JUL 1   4759                      5782  -1023     4885

 COOLING
  YESTERDAY        0                         0      0        0
  MONTH TO DATE    0                         0      0        0
  SINCE MAR 1      0                         0      0        0
  SINCE JAN 1      0                         0      0        0
..................................................................


WIND (MPH)
  HIGHEST WIND SPEED    17   HIGHEST WIND DIRECTION    NE (40)
  HIGHEST GUST SPEED    21   HIGHEST GUST DIRECTION    NE (30)
  AVERAGE WIND SPEED     6.3


SKY COVER
  POSSIBLE SUNSHINE  MM
  AVERAGE SKY COVER 1.0


WEATHER CONDITIONS
 THE FOLLOWING WEATHER WAS RECORDED YESTERDAY.
  HEAVY RAIN
  RAIN
  LIGHT RAIN
  FOG
  FOG W/VISIBILITY <= 1/4 MILE


RELATIVE HUMIDITY (PERCENT)
 HIGHEST   100           900 AM
 LOWEST     89          1200 PM
 AVERAGE    95

..........................................................


THE MILWAUKEE WI CLIMATE NORMALS FOR TODAY
                         NORMAL    RECORD    YEAR
 MAXIMUM TEMPERATURE (F)   46        81      1945
 MINIMUM TEMPERATURE (F)   31         2      1965


SUNRISE AND SUNSET
MARCH 27 2017.........SUNRISE   642 AM CDT   SUNSET   712 PM CDT
MARCH 28 2017.........SUNRISE   640 AM CDT   SUNSET   714 PM CDT


-  INDICATES NEGATIVE NUMBERS.
R  INDICATES RECORD WAS SET OR TIED.
MM INDICATES DATA IS MISSING.
T  INDICATES TRACE AMOUNT.




$$
