000
CXUS53 KMKX 011550
CLMMKE

CLIMATE REPORT
NATIONAL WEATHER SERVICE IN MILWAUKEE
942 AM CDT WED JUN 1 2016

...................................

...THE MILWAUKEE WI CLIMATE SUMMARY FOR THE MONTH OF MAY 2016...

CLIMATE NORMAL PERIOD 1981 TO 2010
CLIMATE RECORD PERIOD 1871 TO 2016

WEATHER         OBSERVED          NORMAL  DEPART  LAST YEAR`S
                 VALUE   DATE(S)  VALUE   FROM    VALUE  DATE(S)
                                          NORMAL
................................................................
TEMPERATURE (F)
RECORD
 HIGH              94   05/27/1911
 LOW               21   05/10/1966
HIGHEST            85   05/26        84       1       81  05/07
                        05/24
                        05/06
LOWEST             36   05/15        34       2       37  05/20
                                                          05/19
                                                          05/13
AVG. MAXIMUM     67.2              64.9     2.3     66.9
AVG. MINIMUM     48.1              46.5     1.6     47.3
MEAN             57.7              55.7     2.0     57.1
DAYS MAX >= 90      0               0.2    -0.2        0
DAYS MAX <= 32      0               0.0     0.0        0
DAYS MIN <= 32      0               0.3    -0.3        0
DAYS MIN <= 0       0               0.0     0.0        0

PRECIPITATION (INCHES)
RECORD
 MAXIMUM         9.56   1933
 MINIMUM         0.41   1885
TOTALS           2.37              3.40   -1.03     2.43
DAILY AVG.       0.08              0.11   -0.03     0.08
DAYS >= .01        13              11.4     1.6       13
DAYS >= .10         7               7.0     0.0        8
DAYS >= .50         1               2.3    -1.3        1
DAYS >= 1.00        1               0.8     0.2        0
GREATEST
 24 HR. TOTAL    1.34   05/09 TO 05/10              0.55

SNOWFALL (INCHES)
RECORDS
 TOTAL            3.2   1990, 1935
TOTALS              T               0.1    -0.1      0.0
SINCE 7/1        39.1              46.9    -7.8     43.0
SNOWDEPTH AVG.      0                MM      MM        0
DAYS >= 1.0         0               0.0     0.0        0
GREATEST
 SNOW DEPTH         0   MM                             0  MM
 24 HR TOTAL        T   05/14 TO 05/15               0.0

DEGREE_DAYS
HEATING TOTAL     264               313     -49      264
 SINCE 7/1       5880              6810    -930     7095
COOLING TOTAL      45                25      20       26
 SINCE 1/1         45                30      15       26
.................................................................

WIND (MPH)
AVERAGE WIND SPEED              9.4
HIGHEST WIND SPEED/DIRECTION    30/010    DATE  05/07
HIGHEST GUST SPEED/DIRECTION    41/020    DATE  05/07

SKY COVER
POSSIBLE SUNSHINE (PERCENT)   MM
AVERAGE SKY COVER           0.60
NUMBER OF DAYS FAIR            5
NUMBER OF DAYS PC             19
NUMBER OF DAYS CLOUDY          7

AVERAGE RH (PERCENT)     63

WEATHER CONDITIONS. NUMBER OF DAYS WITH
THUNDERSTORM              4     MIXED PRECIP               0
HEAVY RAIN                2     RAIN                       4
LIGHT RAIN               17     FREEZING RAIN              0
LT FREEZING RAIN          0     HAIL                       0
HEAVY SNOW                0     SNOW                       1
LIGHT SNOW                0     SLEET                      0
FOG                      10     FOG W/VIS <= 1/4 MILE      1
HAZE                      9

-  INDICATES NEGATIVE NUMBERS.
R  INDICATES RECORD WAS SET OR TIED.
MM INDICATES DATA IS MISSING.
T  INDICATES TRACE AMOUNT.

$$
