000
CXUS53 KMKX 011820
CLMMKE

CLIMATE REPORT
NATIONAL WEATHER SERVICE IN MILWAUKEE
1122 AM CDT SUN JUN 1 2014

...................................

...THE MILWAUKEE WI CLIMATE SUMMARY FOR THE MONTH OF MAY 2014...

CLIMATE NORMAL PERIOD 1981 TO 2010
CLIMATE RECORD PERIOD 1871 TO 2014

WEATHER         OBSERVED          NORMAL  DEPART  LAST YEAR`S
                 VALUE   DATE(S)  VALUE   FROM    VALUE  DATE(S)
                                          NORMAL
................................................................
TEMPERATURE (F)
RECORD
 HIGH              94   05/27/1911
 LOW               21   05/10/1966
HIGHEST            86   05/21        84       2       86  05/30
                                                          05/20
LOWEST             36   05/16        34       2       33  05/13
                        05/15
AVG. MAXIMUM     66.1              64.9     1.2     65.5
AVG. MINIMUM     46.6              46.5     0.1     46.8
MEAN             56.4              55.7     0.7     56.2
DAYS MAX >= 90      0               0.2    -0.2        0
DAYS MAX <= 32      0               0.0     0.0        0
DAYS MIN <= 32      0               0.3    -0.3        0
DAYS MIN <= 0       0               0.0     0.0        0

PRECIPITATION (INCHES)
RECORD
 MAXIMUM         9.56   1933
 MINIMUM         0.41   1885
TOTALS           2.83              3.40   -0.57     4.30
DAILY AVG.       0.09              0.11   -0.02     0.14
DAYS >= .01         9              11.4    -2.4       13
DAYS >= .10         6               7.0    -1.0        9
DAYS >= .50         1               2.3    -1.3        4
DAYS >= 1.00        1               0.8     0.2        1
GREATEST
 24 HR. TOTAL    1.16   05/12 TO 05/12              1.17  5/28

SNOWFALL (INCHES)
RECORDS
 TOTAL            3.2   1990
TOTALS            0.0               0.1    -0.1      0.0
SINCE 7/1        63.4              46.9    16.5     45.0
SNOWDEPTH AVG.      0                MM      MM        0
DAYS >= 1.0         0               0.0     0.0        0
GREATEST
 SNOW DEPTH         0                                  0
 24 HR TOTAL      0.0                                0.0

DEGREE_DAYS
HEATING TOTAL     278               313     -35      301
 SINCE 7/1       7668              6810     858     6742
COOLING TOTAL      18                25      -7       36
 SINCE 1/1         18                30     -12       39
.................................................................

WIND (MPH)
AVERAGE WIND SPEED              9.2
HIGHEST WIND SPEED/DIRECTION    31/150    DATE  05/12
HIGHEST GUST SPEED/DIRECTION    44/320    DATE  05/12

SKY COVER
POSSIBLE SUNSHINE (PERCENT)   MM
AVERAGE SKY COVER           0.60
NUMBER OF DAYS FAIR            5
NUMBER OF DAYS PC             17
NUMBER OF DAYS CLOUDY          9

AVERAGE RH (PERCENT)     66

WEATHER CONDITIONS. NUMBER OF DAYS WITH
THUNDERSTORM              6     MIXED PRECIP               0
HEAVY RAIN                4     RAIN                       5
LIGHT RAIN               13     FREEZING RAIN              0
LT FREEZING RAIN          0     HAIL                       0
HEAVY SNOW                0     SNOW                       0
LIGHT SNOW                0     SLEET                      0
FOG                      13     FOG W/VIS <= 1/4 MILE      4
HAZE                      9

-  INDICATES NEGATIVE NUMBERS.
R  INDICATES RECORD WAS SET OR TIED.
MM INDICATES DATA IS MISSING.
T  INDICATES TRACE AMOUNT.

$$
