000
CXUS53 KMKX 011639 CCA
CLMMKE

CLIMATE REPORT...CORRECTED
NATIONAL WEATHER SERVICE IN MILWAUKEE
1140 AM CDT FRI SEP 1 2017

...................................

...THE MILWAUKEE WI CLIMATE SUMMARY FOR THE MONTH OF AUGUST 2017...

CLIMATE NORMAL PERIOD 1981 TO 2010
CLIMATE RECORD PERIOD 1871 TO 2017

WEATHER         OBSERVED          NORMAL  DEPART  LAST YEAR`S
                 VALUE   DATE(S)  VALUE   FROM    VALUE  DATE(S)
                                          NORMAL
................................................................
TEMPERATURE (F)
RECORD
 HIGH             101   08/06/1918
 LOW               42   08/30/1915
                        08/23/1875
HIGHEST            86   08/01        92      -6       94  08/11
LOWEST             53   08/25        51       2       56  08/22
AVG. MAXIMUM     77.9              78.5    -0.6     83.6
AVG. MINIMUM     62.5              63.0    -0.5     67.5
MEAN             70.2              70.7    -0.5     75.6
DAYS MAX >= 90      0               2.0    -2.0        2
DAYS MAX <= 32      0               0.0     0.0        0
DAYS MIN <= 32      0               0.0     0.0        0
DAYS MIN <= 0       0               0.0     0.0        0

PRECIPITATION (INCHES)
RECORD
 MAXIMUM         9.05   1987
 MINIMUM         0.29   1894
TOTALS           1.63              3.97   -2.34     3.59
DAILY AVG.       0.05              0.13   -0.08     0.12
DAYS >= .01        10               9.5     0.5       10
DAYS >= .10         7               6.5     0.5        6
DAYS >= .50         0               2.5    -2.5        1
DAYS >= 1.00        0               0.9    -0.9        1
GREATEST
 24 HR. TOTAL    0.48   08/28 TO 08/28              2.09

DEGREE_DAYS
HEATING TOTAL       8                15      -7        0
 SINCE 7/1          9                26     -17        2
COOLING TOTAL     177               193     -16      334
 SINCE 1/1        610               565      45      836
.................................................................

WIND (MPH)
AVERAGE WIND SPEED              8.1
HIGHEST WIND SPEED/DIRECTION    31/140    DATE  08/03
HIGHEST GUST SPEED/DIRECTION    44/130    DATE  08/03

SKY COVER
POSSIBLE SUNSHINE (PERCENT)   MM
AVERAGE SKY COVER           0.60
NUMBER OF DAYS FAIR            5
NUMBER OF DAYS PC             21
NUMBER OF DAYS CLOUDY          5

AVERAGE RH (PERCENT)     69

WEATHER CONDITIONS. NUMBER OF DAYS WITH
THUNDERSTORM              4     MIXED PRECIP               0
HEAVY RAIN                2     RAIN                       2
LIGHT RAIN               13     FREEZING RAIN              0
LT FREEZING RAIN          0     HAIL                       0
HEAVY SNOW                0     SNOW                       0
LIGHT SNOW                0     SLEET                      0
FOG                       8     FOG W/VIS <= 1/4 MILE      0
HAZE                      5

-  INDICATES NEGATIVE NUMBERS.
R  INDICATES RECORD WAS SET OR TIED.
MM INDICATES DATA IS MISSING.
T  INDICATES TRACE AMOUNT.

$$
