000
CXUS53 KMKX 012039
CLMMKE


CLIMATE REPORT
NATIONAL WEATHER SERVICE IN MILWAUKEE
228 PM CST MON DEC 1 2014

...................................

...THE MILWAUKEE WI CLIMATE SUMMARY FOR THE MONTH OF NOVEMBER 2014...

CLIMATE NORMAL PERIOD 1981 TO 2010
CLIMATE RECORD PERIOD 1871 TO 2014

WEATHER         OBSERVED          NORMAL  DEPART  LAST YEAR`S
                 VALUE   DATE(S)  VALUE   FROM    VALUE  DATE(S)
                                          NORMAL
................................................................
TEMPERATURE (F)
RECORD
 HIGH              77   11/01/1950
                        11/02/1938
 LOW              -14   11/29/1875
HIGHEST            62   11/03        64      -2       65  11/17
LOWEST              9   11/21        13      -4       11  11/24
AVG. MAXIMUM     39.9              46.0    -6.1     44.0
AVG. MINIMUM     25.0              32.0    -7.0     29.8
MEAN             32.4              39.0    -6.6     36.9
DAYS MAX >= 90      0               0.0     0.0        0
DAYS MAX <= 32     12               2.6     9.4        6
DAYS MIN <= 32     20              14.4     5.6       18
DAYS MIN <= 0       0               0.0     0.0        0

PRECIPITATION (INCHES)
RECORD
 MAXIMUM         8.56   1934
 MINIMUM         0.11   1904
TOTALS           1.84              2.71   -0.87     2.97
DAILY AVG.       0.06              0.09   -0.03     0.10
DAYS >= .01        12              11.3     0.7        9
DAYS >= .10         5               5.8    -0.8        3
DAYS >= .50         1               1.5    -0.5        1
DAYS >= 1.00        0               0.5    -0.5        1
GREATEST
 24 HR. TOTAL    0.81   11/23 TO 11/24              2.14  11/16-11/17

SNOWFALL (INCHES)
RECORDS
 TOTAL           18.4   1895
TOTALS            4.7               2.4     2.3      2.0
SINCE 7/1         4.8               2.7     2.1      2.0
SNOWDEPTH AVG.      0                MM      MM        0
DAYS >= 1.0         2               0.6     1.4        1
GREATEST
 SNOW DEPTH         2   11/25 TO                       1  11/12
                        11/28
 24 HR TOTAL      2.3   11/24 TO 11/25               1.2  11/11

DEGREE_DAYS
HEATING TOTAL     969               780     189      835
 SINCE 7/1       1571              1365     206     1375
COOLING TOTAL       0                 0       0        0
 SINCE 1/1        464               641    -177      688
.................................................................

WIND (MPH)
AVERAGE WIND SPEED              10.5
HIGHEST WIND SPEED/DIRECTION    30/340    DATE  11/06
HIGHEST GUST SPEED/DIRECTION    40/330    DATE  11/06

SKY COVER
POSSIBLE SUNSHINE (PERCENT)   MM
AVERAGE SKY COVER           0.70
NUMBER OF DAYS FAIR            2
NUMBER OF DAYS PC             14
NUMBER OF DAYS CLOUDY         14

AVERAGE RH (PERCENT)     67

WEATHER CONDITIONS. NUMBER OF DAYS WITH
THUNDERSTORM              0     MIXED PRECIP               0
HEAVY RAIN                1     RAIN                       2
LIGHT RAIN               11     FREEZING RAIN              1
LT FREEZING RAIN          2     HAIL                       0
HEAVY SNOW                1     SNOW                       2
LIGHT SNOW               15     SLEET                      1
FOG                      14     FOG W/VIS <= 1/4 MILE      2
HAZE                     10

-  INDICATES NEGATIVE NUMBERS.
R  INDICATES RECORD WAS SET OR TIED.
MM INDICATES DATA IS MISSING.
T  INDICATES TRACE AMOUNT.

$$
