000
CXUS53 KMKX 020237 CCA
CLMMKE

CLIMATE REPORT
NATIONAL WEATHER SERVICE IN MILWAUKEE
837 PM CST TUE MAR 1 2016

...................................

...THE MILWAUKEE WI CLIMATE SUMMARY FOR THE MONTH OF FEBRUARY 2016...

CLIMATE NORMAL PERIOD 1981 TO 2010
CLIMATE RECORD PERIOD 1871 TO 2016

WEATHER         OBSERVED          NORMAL  DEPART  LAST YEAR`S
                 VALUE   DATE(S)  VALUE   FROM    VALUE  DATE(S)
                                          NORMAL
................................................................
TEMPERATURE (F)
RECORD
 HIGH              68   02/11/1999
 LOW              -26   02/03/1996
HIGHEST            61   02/28        49      12       37  02/08
LOWEST              0   02/13        -4       4       -9  02/19
AVG. MAXIMUM     35.4              32.5     2.9     21.9
AVG. MINIMUM     22.0              19.3     2.7      6.8
MEAN             28.7              25.9     2.8     14.3
DAYS MAX >= 90      0               0.0     0.0        0
DAYS MAX <= 32     11              12.8    -1.8       25
DAYS MIN <= 32     26              25.2     0.8       28
DAYS MIN <= 0       1               1.6    -0.6        8

PRECIPITATION (INCHES)
RECORD
 MAXIMUM         5.39   1881
 MINIMUM         0.05   1969
TOTALS           0.62              1.65   -1.03     0.81
DAILY AVG.       0.02                MM      MM     0.03
DAYS >= .01         7               9.7    -2.7        9
DAYS >= .10         2               4.0    -2.0        2
DAYS >= .50         0               0.9    -0.9        0
DAYS >= 1.00        0               0.3    -0.3        0
GREATEST
 24 HR. TOTAL    0.30   02/02 TO 02/02              0.50 1/31-2/1

SNOWFALL (INCHES)
RECORDS
 TOTAL           42.0   1974
TOTALS            7.7               9.8    -2.1     19.6
SINCE 7/1        29.1              37.8    -8.7     38.1
SNOWDEPTH AVG.      1                MM      MM        7
DAYS >= 1.0         2               2.8    -0.8        4
GREATEST
 SNOW DEPTH         4   02/15                         11  02/05
                        02/10                             02/04
                        02/09                             02/03
 24 HR TOTAL      4.0   02/08 TO 02/08              10.4  2/1

DEGREE_DAYS
HEATING TOTAL    1043              1095     -52     1414
 SINCE 7/1       4219              5015    -796     5332
COOLING TOTAL       0                 0       0        0
 SINCE 1/1          0                 0       0        0
.................................................................

WIND (MPH)
AVERAGE WIND SPEED              11.0
HIGHEST WIND SPEED/DIRECTION    41/250    DATE  02/19
HIGHEST GUST SPEED/DIRECTION    63/240    DATE  02/19

SKY COVER
POSSIBLE SUNSHINE (PERCENT)   MM
AVERAGE SKY COVER           0.70
NUMBER OF DAYS FAIR            5
NUMBER OF DAYS PC              8
NUMBER OF DAYS CLOUDY         16

AVERAGE RH (PERCENT)     69

WEATHER CONDITIONS. NUMBER OF DAYS WITH
THUNDERSTORM              0     MIXED PRECIP               0
HEAVY RAIN                0     RAIN                       1
LIGHT RAIN                4     FREEZING RAIN              0
LT FREEZING RAIN          0     HAIL                       0
HEAVY SNOW                0     SNOW                       2
LIGHT SNOW                9     SLEET                      0
FOG                       9     FOG W/VIS <= 1/4 MILE      2
HAZE                      5

-  INDICATES NEGATIVE NUMBERS.
R  INDICATES RECORD WAS SET OR TIED.
MM INDICATES DATA IS MISSING.
T  INDICATES TRACE AMOUNT.

$$
