000
CXUS53 KMKX 011320
CLMMKE


CLIMATE REPORT
NATIONAL WEATHER SERVICE IN MILWAUKEE
810 AM CDT WED OCT 1 2014

...................................

...THE MILWAUKEE WI CLIMATE SUMMARY FOR THE MONTH OF SEPTEMBER 2014...

CLIMATE NORMAL PERIOD 1981 TO 2010
CLIMATE RECORD PERIOD 1871 TO 2014

WEATHER         OBSERVED          NORMAL  DEPART  LAST YEAR`S
                 VALUE   DATE(S)  VALUE   FROM    VALUE  DATE(S)
                                          NORMAL
................................................................
TEMPERATURE (F)
RECORD
 HIGH              99   09/15/1939
 LOW               28   09/23/1974
                        09/28/1942
HIGHEST            85   09/04        88      -3       95  09/10
LOWEST             41   09/13        40       1       45  09/30
                                                          09/22
AVG. MAXIMUM     70.4              71.3    -0.9     73.0
AVG. MINIMUM     53.1              54.9    -1.8     56.0
MEAN             61.7              63.1    -1.4     64.5
DAYS MAX >= 90      0               0.4    -0.4        1
DAYS MAX <= 32      0               0.0     0.0        0
DAYS MIN <= 32      0               0.0     0.0        0
DAYS MIN <= 0       0               0.0     0.0        0

PRECIPITATION (INCHES)
RECORD
 MAXIMUM         9.87   1941
 MINIMUM         0.02   1979
TOTALS           1.14              3.18   -2.04     1.54
DAILY AVG.       0.04              0.11   -0.07     0.05
DAYS >= .01         8               8.8    -0.8        6
DAYS >= .10         4               5.4    -1.4        3
DAYS >= .50         0               2.1    -2.1        2
DAYS >= 1.00        0               1.0    -1.0        0
GREATEST
 24 HR. TOTAL    0.36   09/10 TO 09/10              0.53
                        09/09 TO 09/10
                        09/10 TO 09/10

DEGREE_DAYS
HEATING TOTAL     149               126      23      108
 SINCE 7/1        175               152      23      130
COOLING TOTAL      59                69     -10      101
 SINCE 1/1        460               634    -174      678
.................................................................

WIND (MPH)
AVERAGE WIND SPEED              7.9
HIGHEST WIND SPEED/DIRECTION    30/020    DATE  09/29
HIGHEST GUST SPEED/DIRECTION    40/310    DATE  09/10

SKY COVER
POSSIBLE SUNSHINE (PERCENT)   MM
AVERAGE SKY COVER           0.50
NUMBER OF DAYS FAIR            7
NUMBER OF DAYS PC             18
NUMBER OF DAYS CLOUDY          5

AVERAGE RH (PERCENT)     71

WEATHER CONDITIONS. NUMBER OF DAYS WITH
THUNDERSTORM              0     MIXED PRECIP               0
HEAVY RAIN                1     RAIN                       4
LIGHT RAIN               10     FREEZING RAIN              0
LT FREEZING RAIN          0     HAIL                       0
HEAVY SNOW                0     SNOW                       0
LIGHT SNOW                0     SLEET                      0
FOG                      14     FOG W/VIS <= 1/4 MILE      4
HAZE                      4

-  INDICATES NEGATIVE NUMBERS.
R  INDICATES RECORD WAS SET OR TIED.
MM INDICATES DATA IS MISSING.
T  INDICATES TRACE AMOUNT.

$$
