000
CXUS53 KMKX 011214
CLMMKE


CLIMATE REPORT
NATIONAL WEATHER SERVICE IN MILWAUKEE
649 AM CDT THU SEP 1 2016

...................................

...THE MILWAUKEE WI CLIMATE SUMMARY FOR THE MONTH OF AUGUST 2016...

CLIMATE NORMAL PERIOD 1981 TO 2010
CLIMATE RECORD PERIOD 1871 TO 2016

WEATHER         OBSERVED          NORMAL  DEPART  LAST YEAR`S
                 VALUE   DATE(S)  VALUE   FROM    VALUE  DATE(S)
                                          NORMAL
................................................................
TEMPERATURE (F)
RECORD
 HIGH             101   08/06/1918
 LOW               42   08/30/1915
                        08/23/1875
HIGHEST            94   08/11        92       2       93  08/14
                                                          08/02
LOWEST             56   08/22        51       5       53  08/27
AVG. MAXIMUM     83.6              78.5     5.1     77.8
AVG. MINIMUM     67.5              63.0     4.5     62.0
MEAN             75.6              70.7     4.9     69.9
DAYS MAX >= 90      2               2.0     0.0        3
DAYS MAX <= 32      0               0.0     0.0        0
DAYS MIN <= 32      0               0.0     0.0        0
DAYS MIN <= 0       0               0.0     0.0        0

PRECIPITATION (INCHES)
RECORD
 MAXIMUM         9.05   1987
 MINIMUM         0.29   1894
TOTALS           3.59              3.97   -0.38     3.46
DAILY AVG.       0.12              0.13   -0.01     0.11
DAYS >= .01        10               9.5     0.5        9
DAYS >= .10         6               6.5    -0.5        7
DAYS >= .50         1               2.5    -1.5        3
DAYS >= 1.00        1               0.9     0.1        0
GREATEST
 24 HR. TOTAL    2.09   08/30                       0.96 08/10

DEGREE_DAYS
HEATING TOTAL       0                15     -15       20
 SINCE 7/1          2                26     -24       48
COOLING TOTAL     334               193     141      180
 SINCE 1/1        836               565     271      487
.................................................................

WIND (MPH)
AVERAGE WIND SPEED              7.4
HIGHEST WIND SPEED/DIRECTION    29/310    DATE  08/30
HIGHEST GUST SPEED/DIRECTION    39/300    DATE  08/30

SKY COVER
POSSIBLE SUNSHINE (PERCENT)   MM
AVERAGE SKY COVER           0.50
NUMBER OF DAYS FAIR            4
NUMBER OF DAYS PC             20
NUMBER OF DAYS CLOUDY          7

AVERAGE RH (PERCENT)     69

WEATHER CONDITIONS. NUMBER OF DAYS WITH
THUNDERSTORM              8     MIXED PRECIP               0
HEAVY RAIN                5     RAIN                       6
LIGHT RAIN               12     FREEZING RAIN              0
LT FREEZING RAIN          0     HAIL                       0
HEAVY SNOW                0     SNOW                       0
LIGHT SNOW                0     SLEET                      0
FOG                      12     FOG W/VIS <= 1/4 MILE      3
HAZE                      7

-  INDICATES NEGATIVE NUMBERS.
R  INDICATES RECORD WAS SET OR TIED.
MM INDICATES DATA IS MISSING.
T  INDICATES TRACE AMOUNT.

&&

This August was a tie for 4th warmest August on record.

$$
