569
CXUS53 KMKX 012107
CLMMKE

CLIMATE REPORT
NATIONAL WEATHER SERVICE IN MILWAUKEE
309 PM CST WED FEB 1 2017

...................................

...THE MILWAUKEE WI CLIMATE SUMMARY FOR THE MONTH OF JANUARY 2017...

CLIMATE NORMAL PERIOD 1981 TO 2010
CLIMATE RECORD PERIOD 1871 TO 2017

WEATHER         OBSERVED          NORMAL  DEPART  LAST YEAR`S
                 VALUE   DATE(S)  VALUE   FROM    VALUE  DATE(S)
                                          NORMAL
................................................................
TEMPERATURE (F)
RECORD
 HIGH              63   01/07/2008
 LOW              -26   01/17/1982
HIGHEST            56   01/21        46      10       46  01/30
LOWEST              0   01/06        -9       9       -5  01/18
AVG. MAXIMUM     33.9              28.9     5.0     28.8
AVG. MINIMUM     21.9              15.6     6.3     16.9
MEAN             27.9              22.3     5.6     22.8
DAYS MAX >= 90      0               0.0     0.0        0
DAYS MAX <= 32     12              18.1    -6.1       18
DAYS MIN <= 32     22              29.1    -7.1       29
DAYS MIN <= 0       1               3.7    -2.7        5

PRECIPITATION (INCHES)
RECORD
 MAXIMUM         5.38   1918
 MINIMUM         0.15   1919
TOTALS           2.16              1.76    0.40     0.69
DAILY AVG.       0.07              0.06    0.01     0.02
DAYS >= .01        14              11.4     2.6        8
DAYS >= .10         5               5.1    -0.1        3
DAYS >= .50         1               0.8     0.2        0
DAYS >= 1.00        0               0.1    -0.1        0
GREATEST
 24 HR. TOTAL    0.64   01/16 TO 01/17              0.19

SNOWFALL (INCHES)
RECORDS
 TOTAL           52.6  1918
TOTALS            4.1              14.7   -10.6      4.9
SINCE 7/1        22.9              28.0    -5.1     21.4
SNOWDEPTH AVG.      0                 5      -5        3
DAYS >= 1.0         1               4.5    -3.5        2
GREATEST
 SNOW DEPTH         0   MM                             5  01/01
 24 HR TOTAL      1.5   01/30 TO 01/30               1.6

DEGREE_DAYS
HEATING TOTAL    1143              1325    -182     1298
 SINCE 7/1       3180              3885    -705     3176
COOLING TOTAL       0                 0       0        0
 SINCE 1/1          0                 0       0        0
.................................................................

WIND (MPH)
AVERAGE WIND SPEED              9.4
HIGHEST WIND SPEED/DIRECTION    35/250    DATE  01/10
HIGHEST GUST SPEED/DIRECTION    49/250    DATE  01/10

SKY COVER
POSSIBLE SUNSHINE (PERCENT)   MM
AVERAGE SKY COVER           0.80
NUMBER OF DAYS FAIR            4
NUMBER OF DAYS PC              6
NUMBER OF DAYS CLOUDY         21

AVERAGE RH (PERCENT)     73

WEATHER CONDITIONS. NUMBER OF DAYS WITH
THUNDERSTORM              0     MIXED PRECIP               0
HEAVY RAIN                0     RAIN                       5
LIGHT RAIN               10     FREEZING RAIN              0
LT FREEZING RAIN          4     HAIL                       0
HEAVY SNOW                0     SNOW                       2
LIGHT SNOW               13     SLEET                      3
FOG                      17     FOG W/VIS <= 1/4 MILE      6
HAZE                     10

-  INDICATES NEGATIVE NUMBERS.
R  INDICATES RECORD WAS SET OR TIED.
MM INDICATES DATA IS MISSING.
T  INDICATES TRACE AMOUNT.

$$
