000
CXUS53 KMKX 010810
CF6MSN
PRELIMINARY LOCAL CLIMATOLOGICAL DATA (WS FORM: F-6)
STATION: MADISON WI
MONTH: AUGUST
YEAR: 2021
LATITUDE: 43 7 N
LONGITUDE: 89 20 W
TEMPERATURE IN F: :PCPN: SNOW: WIND :SUNSHINE: SKY :PK WND
================================================================================
1 2 3 4 5 6A 6B 7 8 9 10 11 12 13 14 15 16 17 18
12Z AVG MX 2MIN
DY MAX MIN AVG DEP HDD CDD WTR SNW DPTH SPD SPD DIR MIN PSBL S-S WX SPD DR
================================================================================
1 77 57 67 -4 0 2 0.00 0.0 0 6.9 17 20 M M 3 18 25 10
2 79 52 66 -5 0 1 0.00 0.0 0 1.9 10 340 M M 3 1 15 360
3 83 52 68 -3 0 3 0.00 0.0 0 1.8 9 340 M M 2 14 330
4 84 57 71 0 0 6 0.00 0.0 0 1.2 8 240 M M 2 1 12 270
5 83 60 72 1 0 7 0.01 0.0 0 7.0 20 190 M M 6 1 30 180
6 86 68 77 6 0 12 T 0.0 0 6.2 17 160 M M 7 38 26 160
7 77 67 72 1 0 7 0.97 0.0 0 6.3 21 10 M M 7 138 34 310
8 88 69 79 8 0 14 0.02 0.0 0 10.7 24 180 M M 7 18 38 210
9 81 67 74 3 0 9 0.80 0.0 0 6.9 17 150 M M 7 13 23 160
10 91 64 78 7 0 13 0.35 0.0 0 7.7 21 300 M M 7 1238 40 290
11 87 69 78 8 0 13 T 0.0 0 7.0 24 190 M M 6 34 200
12 86 64 75 5 0 10 0.00 0.0 0 4.9 14 180 M M 5 8 18 170
13 81 55 68 -2 0 3 0.00 0.0 0 3.9 13 300 M M 3 21 310
14 80 51 66 -4 0 1 0.00 0.0 0 2.3 8 320 M M 1 1 13 200
15 80 53 67 -3 0 2 0.00 0.0 0 3.6 14 160 M M 1 1 20 140
16 79 53 66 -4 0 1 0.00 0.0 0 3.9 12 170 M M 2 8 17 150
17 82 56 69 -1 0 4 0.00 0.0 0 3.5 15 170 M M 2 8 19 180
18 88 61 75 5 0 10 0.00 0.0 0 3.5 12 200 M M 4 1 18 210
19 90 64 77 7 0 12 0.00 0.0 0 2.3 13 120 M M 4 18 16 120
20 88 64 76 7 0 11 0.00 0.0 0 6.9 18 150 M M 4 128 23 150
21 83 63 73 4 0 8 0.27 0.0 0 7.9 16 180 M M 5 1 21 170
22 79 56 68 -1 0 3 0.00 0.0 0 4.9 13 30 M M 1 17 50
23 87 60 74 5 0 9 0.18 0.0 0 4.3 29 180 M M 5 13 39 170
24 88 67 78 9 0 13 0.32 0.0 0 5.5 25 170 M M 8 13 33 30
25 86 68 77 9 0 12 0.00 0.0 0 4.4 10 170 M M 6 1 19 260
26 86 68 77 9 0 12 0.00 0.0 0 5.8 14 120 M M 5 1 17 120
27 87 68 78 10 0 13 0.16 0.0 0 8.5 20 300 M M 7 123 33 300
28 91 68 80 12 0 15 0.15 0.0 0 6.0 14 180 M M 7 13 21 200
29 84 65 75 7 0 10 0.00 0.0 0 6.7 22 170 M M 5 28 180
30 84 59 72 5 0 7 0.00 0.0 0 1.9 12 10 M M 1 1 16 360
31 78 57 68 1 0 3 0.00 0.0 0 6.0 17 60 M M 6 23 70
================================================================================
SM 2603 1902 0 246 3.23 0.0 160.3 M 139
================================================================================
AV 84.0 61.4 5.2 FASTST M M 4 MAX(MPH)
MISC ----> 29 180 40 290
================================================================================
NOTES:
# LAST OF SEVERAL OCCURRENCES
COLUMN 17 PEAK WIND IN M.P.H.
PRELIMINARY LOCAL CLIMATOLOGICAL DATA (WS FORM: F-6) , PAGE 2
STATION: MADISON WI
MONTH: AUGUST
YEAR: 2021
LATITUDE: 43 7 N
LONGITUDE: 89 20 W
[TEMPERATURE DATA] [PRECIPITATION DATA] SYMBOLS USED IN COLUMN 16
AVERAGE MONTHLY: 72.7 TOTAL FOR MONTH: 3.23 1 = FOG OR MIST
DPTR FM NORMAL: 3.0 DPTR FM NORMAL: -0.93 2 = FOG REDUCING VISIBILITY
HIGHEST: 91 ON 28,10 GRTST 24HR 0.97 ON 6- 7 TO 1/4 MILE OR LESS
LOWEST: 51 ON 14 3 = THUNDER
SNOW, ICE PELLETS, HAIL 4 = ICE PELLETS
TOTAL MONTH: 0.0 INCH 5 = HAIL
GRTST 24HR 0.0 6 = FREEZING RAIN OR DRIZZLE
GRTST DEPTH: 0 7 = DUSTSTORM OR SANDSTORM:
VSBY 1/2 MILE OR LESS
8 = SMOKE OR HAZE
[NO. OF DAYS WITH] [WEATHER - DAYS WITH] 9 = BLOWING SNOW
X = TORNADO
MAX 32 OR BELOW: 0 0.01 INCH OR MORE: 10
MAX 90 OR ABOVE: 3 0.10 INCH OR MORE: 8
MIN 32 OR BELOW: 0 0.50 INCH OR MORE: 2
MIN 0 OR BELOW: 0 1.00 INCH OR MORE: 0
[HDD (BASE 65) ]
TOTAL THIS MO. 0 CLEAR (SCALE 0-3) 10
DPTR FM NORMAL -20 PTCLDY (SCALE 4-7) 21
TOTAL FM JUL 1 2 CLOUDY (SCALE 8-10) 0
DPTR FM NORMAL -24
[CDD (BASE 65) ]
TOTAL THIS MO. 246
DPTR FM NORMAL 80 [PRESSURE DATA]
TOTAL FM JAN 1 779 HIGHEST SLP M ON M
DPTR FM NORMAL 216 LOWEST SLP 29.66 ON 11
[REMARKS]
#FINAL-08-21#