000
CDUS43 KMKX 160641
CLIMSN


CLIMATE REPORT
NATIONAL WEATHER SERVICE IN MILWAUKEE
140 AM CDT TUE SEP 16 2014


...................................

...THE MADISON WI CLIMATE SUMMARY FOR SEPTEMBER 15 2014...

CLIMATE NORMAL PERIOD 1981 TO 2010
CLIMATE RECORD PERIOD 1871 TO 2014


WEATHER ITEM   OBSERVED TIME   RECORD YEAR NORMAL DEPARTURE LAST
                VALUE   (LST)  VALUE       VALUE  FROM      YEAR
                                                  NORMAL
..................................................................
TEMPERATURE (F)
 YESTERDAY
  MAXIMUM         59   1222 AM  96    1939  72    -13       63
  MINIMUM         42   1125 PM  32    2007  51     -9       54
  AVERAGE         51                        61    -10       59

PRECIPITATION (IN)
  YESTERDAY        0.17          1.60 1931   0.10   0.07     0.70
  MONTH TO DATE    1.68                      1.64   0.04     0.96
  SINCE SEP 1      1.68                      1.64   0.04     0.96
  SINCE JAN 1     29.49                     26.46   3.03    37.44

SNOWFALL (IN)
  YESTERDAY        0.0           0.0    MM   0.0    0.0      0.0
  MONTH TO DATE    0.0                       0.0    0.0      0.0
  SINCE SEP 1      0.0                       0.0    0.0      0.0
  SINCE JUL 1      0.0                       0.0    0.0      0.0
  SNOW DEPTH       0

DEGREE DAYS
 HEATING
  YESTERDAY       14                         5      9        6
  MONTH TO DATE   85                        51     34       33
  SINCE SEP 1     85                        51     34       33
  SINCE JUL 1    102                        88     14       63

 COOLING
  YESTERDAY        0                         2     -2        0
  MONTH TO DATE   34                        38     -4       77
  SINCE SEP 1     34                        38     -4       77
  SINCE JAN 1    610                       551     59      690
..................................................................


WIND (MPH)
  HIGHEST WIND SPEED    13   HIGHEST WIND DIRECTION     N (360)
  HIGHEST GUST SPEED    20   HIGHEST GUST DIRECTION    NW (330)
  AVERAGE WIND SPEED     3.1


SKY COVER
  POSSIBLE SUNSHINE  MM
  AVERAGE SKY COVER 0.6


WEATHER CONDITIONS
 THE FOLLOWING WEATHER WAS RECORDED YESTERDAY.
  LIGHT RAIN
  FOG


RELATIVE HUMIDITY (PERCENT)
 HIGHEST    93           800 AM
 LOWEST     67          1200 AM
 AVERAGE    80

..........................................................


THE MADISON WI CLIMATE NORMALS FOR TODAY
                         NORMAL    RECORD    YEAR
 MAXIMUM TEMPERATURE (F)   72        91      1931
 MINIMUM TEMPERATURE (F)   50        32      1984


SUNRISE AND SUNSET
SEPTEMBER 16 2014.....SUNRISE   638 AM CDT   SUNSET   706 PM CDT
SEPTEMBER 17 2014.....SUNRISE   639 AM CDT   SUNSET   704 PM CDT


-  INDICATES NEGATIVE NUMBERS.
R  INDICATES RECORD WAS SET OR TIED.
MM INDICATES DATA IS MISSING.
T  INDICATES TRACE AMOUNT.




$$
