000
CDUS43 KMKX 290652
CLIMSN


CLIMATE REPORT
NATIONAL WEATHER SERVICE IN MILWAUKEE
152 AM CDT THU SEP 29 2016


...................................

...THE MADISON WI CLIMATE SUMMARY FOR SEPTEMBER 28 2016...

CLIMATE NORMAL PERIOD 1981 TO 2010
CLIMATE RECORD PERIOD 1871 TO 2016


WEATHER ITEM   OBSERVED TIME   RECORD YEAR NORMAL DEPARTURE LAST
                VALUE   (LST)  VALUE       VALUE  FROM      YEAR
                                                  NORMAL
..................................................................
TEMPERATURE (F)
 YESTERDAY
  MAXIMUM         62    334 PM  89    1971  67     -5       78
  MINIMUM         48   1246 AM  27    1964  45      3       59
  AVERAGE         55                        56     -1       69

PRECIPITATION (IN)
  YESTERDAY        0.10          1.21 1904   0.09   0.01      T
  MONTH TO DATE    8.37                      2.96   5.41     3.96
  SINCE SEP 1      8.37                      2.96   5.41     3.96
  SINCE JAN 1     36.61                     27.78   8.83    26.75

SNOWFALL (IN)
  YESTERDAY        0.0           0.0    MM   0.0    0.0      0.0
  MONTH TO DATE    0.0                       0.0    0.0      0.0
  SINCE SEP 1      0.0                       0.0    0.0      0.0
  SINCE JUL 1      0.0                       0.0    0.0      0.0
  SNOW DEPTH       0

DEGREE DAYS
 HEATING
  YESTERDAY       10                        10      0        0
  MONTH TO DATE   34                       152   -118       43
  SINCE SEP 1     34                       152   -118       43
  SINCE JUL 1     41                       189   -148       75

 COOLING
  YESTERDAY        0                         1     -1        4
  MONTH TO DATE   76                        52     24      136
  SINCE SEP 1     76                        52     24      136
  SINCE JAN 1    771                       565    206      665
..................................................................


WIND (MPH)
  HIGHEST WIND SPEED    22   HIGHEST WIND DIRECTION    NE (50)
  HIGHEST GUST SPEED    26   HIGHEST GUST DIRECTION    NE (30)
  AVERAGE WIND SPEED     8.9


SKY COVER
  POSSIBLE SUNSHINE  MM
  AVERAGE SKY COVER 0.6


WEATHER CONDITIONS
 THE FOLLOWING WEATHER WAS RECORDED YESTERDAY.
  HEAVY RAIN
  LIGHT RAIN
  FOG


RELATIVE HUMIDITY (PERCENT)
 HIGHEST   100           300 AM
 LOWEST     64           500 PM
 AVERAGE    82

..........................................................


THE MADISON WI CLIMATE NORMALS FOR TODAY
                         NORMAL    RECORD    YEAR
 MAXIMUM TEMPERATURE (F)   66        90      1953
 MINIMUM TEMPERATURE (F)   44        25      1949


SUNRISE AND SUNSET
SEPTEMBER 29 2016.....SUNRISE   653 AM CDT   SUNSET   641 PM CDT
SEPTEMBER 30 2016.....SUNRISE   654 AM CDT   SUNSET   639 PM CDT


-  INDICATES NEGATIVE NUMBERS.
R  INDICATES RECORD WAS SET OR TIED.
MM INDICATES DATA IS MISSING.
T  INDICATES TRACE AMOUNT.




$$
