745
CDUS43 KMKX 260657
CLIMSN


CLIMATE REPORT
NATIONAL WEATHER SERVICE IN MILWAUKEE
1255 AM CST SUN FEB 26 2017


...................................

...THE MADISON WI CLIMATE SUMMARY FOR FEBRUARY 25 2017...

CLIMATE NORMAL PERIOD 1981 TO 2010
CLIMATE RECORD PERIOD 1871 TO 2017


WEATHER ITEM   OBSERVED TIME   RECORD YEAR NORMAL DEPARTURE LAST
                VALUE   (LST)  VALUE       VALUE  FROM      YEAR
                                                  NORMAL
..................................................................
TEMPERATURE (F)
 YESTERDAY
  MAXIMUM         25    422 PM  64    2000  35    -10       35
  MINIMUM         16    927 AM -15    1967  18     -2       29
  AVERAGE         21                        26     -5       32

PRECIPITATION (IN)
  YESTERDAY        0.04          1.03 1929   0.06  -0.02      T
  MONTH TO DATE    1.44                      1.27   0.17     0.50
  SINCE DEC 1      6.23                      4.24   1.99     4.81
  SINCE JAN 1      4.20                      2.50   1.70     1.48

SNOWFALL (IN)
  YESTERDAY        1.4           7.4  1935   0.3    1.1       T
  MONTH TO DATE    1.9                       9.6   -7.7      6.0
  SINCE DEC 1     35.7                      36.0   -0.3     20.3
  SINCE JUL 1     35.7                      40.1   -4.4     24.4
  SNOW DEPTH       2

DEGREE DAYS
 HEATING
  YESTERDAY       44                        39      5       33
  MONTH TO DATE  824                      1059   -235      993
  SINCE DEC 1   3406                      3793   -387     3304
  SINCE JUL 1   4428                      5372   -944     4495

 COOLING
  YESTERDAY        0                         0      0        0
  MONTH TO DATE    0                         0      0        0
  SINCE DEC 1      0                         0      0        0
  SINCE JAN 1      0                         0      0        0
..................................................................


WIND (MPH)
  HIGHEST WIND SPEED    20   HIGHEST WIND DIRECTION    NW (320)
  HIGHEST GUST SPEED    28   HIGHEST GUST DIRECTION    NW (310)
  AVERAGE WIND SPEED     9.4


SKY COVER
  POSSIBLE SUNSHINE  MM
  AVERAGE SKY COVER 0.8


WEATHER CONDITIONS
 THE FOLLOWING WEATHER WAS RECORDED YESTERDAY.
  LIGHT SNOW
  FOG
  BLOWING SNOW


RELATIVE HUMIDITY (PERCENT)
 HIGHEST    92           400 AM
 LOWEST     55           400 PM
 AVERAGE    74

..........................................................


THE MADISON WI CLIMATE NORMALS FOR TODAY
                         NORMAL    RECORD    YEAR
 MAXIMUM TEMPERATURE (F)   35        61      2000
 MINIMUM TEMPERATURE (F)   19        -9      1994


SUNRISE AND SUNSET
FEBRUARY 26 2017......SUNRISE   638 AM CST   SUNSET   543 PM CST
FEBRUARY 27 2017......SUNRISE   636 AM CST   SUNSET   544 PM CST


-  INDICATES NEGATIVE NUMBERS.
R  INDICATES RECORD WAS SET OR TIED.
MM INDICATES DATA IS MISSING.
T  INDICATES TRACE AMOUNT.




$$
