000
CDUS43 KMKX 310042
CLIMSN


CLIMATE REPORT
NATIONAL WEATHER SERVICE IN MILWAUKEE
742 PM CDT THU JUL 30 2015


...................................

...THE MADISON WI CLIMATE SUMMARY FOR JULY 30 2015...
VALID TODAY AS OF 0700 PM LOCAL TIME.

CLIMATE NORMAL PERIOD 1981 TO 2010
CLIMATE RECORD PERIOD 1871 TO 2015


WEATHER ITEM   OBSERVED TIME   RECORD YEAR NORMAL DEPARTURE LAST
                VALUE   (LST)  VALUE       VALUE  FROM      YEAR
                                                  NORMAL
..................................................................
TEMPERATURE (F)
 TODAY
  MAXIMUM         86    336 PM  97    1999  81      5       78
                                      1955
                                      1916
  MINIMUM         65    417 AM  45    1971  61      4       57
  AVERAGE         76                        71      5       68

PRECIPITATION (IN)
  TODAY            0.00          2.24 2004   0.12  -0.12     0.00
  MONTH TO DATE    5.02                      4.05   0.97     1.08
  SINCE JUN 1      8.17                      8.59  -0.42    10.63
  SINCE JAN 1     18.69                     20.42  -1.73    22.38

SNOWFALL (IN)
  TODAY            0.0           0.0    MM   0.0    0.0      0.0
  MONTH TO DATE    0.0                       0.0    0.0      0.0
  SINCE JUN 1      0.0                       0.0    0.0      0.0
  SINCE JUL 1      0.0                       0.0    0.0      0.0
  SNOW DEPTH       0

DEGREE DAYS
 HEATING
  TODAY            0                         0      0        0
  MONTH TO DATE   16                         0     16       13
  SINCE JUN 1     53                        60     -7       22
  SINCE JUL 1     16                         0     16       13

 COOLING
  TODAY           11                         6      5        3
  MONTH TO DATE  191                       202    -11      135
  SINCE JUN 1    302                       322    -20      317
  SINCE JAN 1    352                       352      0      368
..................................................................


WIND (MPH)
  HIGHEST WIND SPEED    18   HIGHEST WIND DIRECTION    NW (300)
  HIGHEST GUST SPEED    26   HIGHEST GUST DIRECTION    NW (310)
  AVERAGE WIND SPEED     7.9


SKY COVER
  POSSIBLE SUNSHINE  MM
  AVERAGE SKY COVER 0.1


WEATHER CONDITIONS
 THE FOLLOWING WEATHER WAS RECORDED TODAY.
  NO SIGNIFICANT WEATHER WAS OBSERVED.


RELATIVE HUMIDITY (PERCENT)
 HIGHEST    73           400 AM
 LOWEST     32           200 PM
 AVERAGE    53

..........................................................


THE MADISON WI CLIMATE NORMALS FOR TOMORROW
                         NORMAL    RECORD    YEAR
 MAXIMUM TEMPERATURE (F)   81        95      2006
                                             2001
                                             1988
 MINIMUM TEMPERATURE (F)   61        43      1971


SUNRISE AND SUNSET
JULY 30 2015..........SUNRISE   545 AM CDT   SUNSET   821 PM CDT
JULY 31 2015..........SUNRISE   547 AM CDT   SUNSET   820 PM CDT


-  INDICATES NEGATIVE NUMBERS.
R  INDICATES RECORD WAS SET OR TIED.
MM INDICATES DATA IS MISSING.
T  INDICATES TRACE AMOUNT.




$$
