000
CDUS43 KMKX 270645
CLIMSN


CLIMATE REPORT
NATIONAL WEATHER SERVICE IN MILWAUKEE
145 AM CDT MON JUL 27 2015


...................................

...THE MADISON WI CLIMATE SUMMARY FOR JULY 26 2015...

CLIMATE NORMAL PERIOD 1981 TO 2010
CLIMATE RECORD PERIOD 1871 TO 2015


WEATHER ITEM   OBSERVED TIME   RECORD YEAR NORMAL DEPARTURE LAST
                VALUE   (LST)  VALUE       VALUE  FROM      YEAR
                                                  NORMAL
..................................................................
TEMPERATURE (F)
 YESTERDAY
  MAXIMUM         81    508 PM 100    1955  81      0       81
  MINIMUM         61    506 AM  46    1977  61      0       66
  AVERAGE         71                        71      0       74

PRECIPITATION (IN)
  YESTERDAY        T             2.08 1940   0.12  -0.12     0.00
  MONTH TO DATE    3.60                      3.55   0.05     1.05
  SINCE JUN 1      6.75                      8.09  -1.34    10.60
  SINCE JAN 1     17.27                     19.92  -2.65    22.35

SNOWFALL (IN)
  YESTERDAY        0.0           0.0    MM   0.0    0.0      0.0
  MONTH TO DATE    0.0                       0.0    0.0      0.0
  SINCE JUN 1      0.0                       0.0    0.0      0.0
  SINCE JUL 1      0.0                       0.0    0.0      0.0
  SNOW DEPTH       0

DEGREE DAYS
 HEATING
  YESTERDAY        0                         0      0        0
  MONTH TO DATE   16                         0     16       13
  SINCE JUN 1     53                        60     -7       22
  SINCE JUL 1     16                         0     16       13

 COOLING
  YESTERDAY        6                         6      0        9
  MONTH TO DATE  147                       178    -31      121
  SINCE JUN 1    258                       298    -40      303
  SINCE JAN 1    308                       328    -20      354
..................................................................


WIND (MPH)
  HIGHEST WIND SPEED    13   HIGHEST WIND DIRECTION    SE (150)
  HIGHEST GUST SPEED    23   HIGHEST GUST DIRECTION    SE (150)
  AVERAGE WIND SPEED     4.0


SKY COVER
  POSSIBLE SUNSHINE  MM
  AVERAGE SKY COVER 0.6


WEATHER CONDITIONS
 THE FOLLOWING WEATHER WAS RECORDED YESTERDAY.
  LIGHT RAIN


RELATIVE HUMIDITY (PERCENT)
 HIGHEST    93           400 AM
 LOWEST     54           300 PM
 AVERAGE    74

..........................................................


THE MADISON WI CLIMATE NORMALS FOR TODAY
                         NORMAL    RECORD    YEAR
 MAXIMUM TEMPERATURE (F)   81       100      1955
 MINIMUM TEMPERATURE (F)   61        45      1971


SUNRISE AND SUNSET
JULY 27 2015..........SUNRISE   542 AM CDT   SUNSET   825 PM CDT
JULY 28 2015..........SUNRISE   543 AM CDT   SUNSET   824 PM CDT


-  INDICATES NEGATIVE NUMBERS.
R  INDICATES RECORD WAS SET OR TIED.
MM INDICATES DATA IS MISSING.
T  INDICATES TRACE AMOUNT.




$$
