000
CDUS43 KMKX 210709
CLIMSN


CLIMATE REPORT
NATIONAL WEATHER SERVICE IN MILWAUKEE
208 AM CDT SUN MAY 21 2017


...................................

...THE MADISON WI CLIMATE SUMMARY FOR MAY 20 2017...

CLIMATE NORMAL PERIOD 1981 TO 2010
CLIMATE RECORD PERIOD 1871 TO 2017


WEATHER ITEM   OBSERVED TIME   RECORD YEAR NORMAL DEPARTURE LAST
                VALUE   (LST)  VALUE       VALUE  FROM      YEAR
                                                  NORMAL
..................................................................
TEMPERATURE (F)
 YESTERDAY
  MAXIMUM         54   1159 PM  91    1934  70    -16       72
  MINIMUM         44    305 AM  32    1967  47     -3       40
                                      1954
  AVERAGE         49                        58     -9       56

PRECIPITATION (IN)
  YESTERDAY        0.56          1.82 1913   0.11   0.45     0.00
  MONTH TO DATE    2.12                      2.19  -0.07     1.49
  SINCE MAR 1     10.25                      7.79   2.46     7.56
  SINCE JAN 1     14.95                     10.47   4.48     9.06

SNOWFALL (IN)
  YESTERDAY        0.0           0.0    MM   0.0    0.0      0.0
  MONTH TO DATE    0.0                       0.2   -0.2      0.0
  SINCE MAR 1      8.3                       9.8   -1.5      8.2
  SINCE JUL 1     44.0                      50.9   -6.9     32.7
  SNOW DEPTH       0

DEGREE DAYS
 HEATING
  YESTERDAY       16                         8      8        9
  MONTH TO DATE  216                       200     16      242
  SINCE MAR 1   1608                      1721   -113     1580
  SINCE JUL 1   6120                      7207  -1087     6180

 COOLING
  YESTERDAY        0                         1     -1        0
  MONTH TO DATE   15                        10      5        0
  SINCE MAR 1     15                        14      1        0
  SINCE JAN 1     15                        14      1        0
..................................................................


WIND (MPH)
  HIGHEST WIND SPEED    20   HIGHEST WIND DIRECTION     E (90)
  HIGHEST GUST SPEED    26   HIGHEST GUST DIRECTION     E (100)
  AVERAGE WIND SPEED    10.6


SKY COVER
  POSSIBLE SUNSHINE  MM
  AVERAGE SKY COVER 1.0


WEATHER CONDITIONS
 THE FOLLOWING WEATHER WAS RECORDED YESTERDAY.
  RAIN
  LIGHT RAIN
  FOG
  FOG W/VISIBILITY <= 1/4 MILE


RELATIVE HUMIDITY (PERCENT)
 HIGHEST   100           500 PM
 LOWEST     58           400 AM
 AVERAGE    79

..........................................................


THE MADISON WI CLIMATE NORMALS FOR TODAY
                         NORMAL    RECORD    YEAR
 MAXIMUM TEMPERATURE (F)   70        89      1972
 MINIMUM TEMPERATURE (F)   48        30      2002
                                             1997


SUNRISE AND SUNSET
MAY 21 2017...........SUNRISE   528 AM CDT   SUNSET   821 PM CDT
MAY 22 2017...........SUNRISE   527 AM CDT   SUNSET   822 PM CDT


-  INDICATES NEGATIVE NUMBERS.
R  INDICATES RECORD WAS SET OR TIED.
MM INDICATES DATA IS MISSING.
T  INDICATES TRACE AMOUNT.




$$
