000
CDUS43 KMKX 230700
CLIMSN


CLIMATE REPORT
NATIONAL WEATHER SERVICE IN MILWAUKEE
100 AM CST MON JAN 23 2017


...................................

...THE MADISON WI CLIMATE SUMMARY FOR JANUARY 22 2017...

CLIMATE NORMAL PERIOD 1981 TO 2010
CLIMATE RECORD PERIOD 1871 TO 2017


WEATHER ITEM   OBSERVED TIME   RECORD YEAR NORMAL DEPARTURE LAST
                VALUE   (LST)  VALUE       VALUE  FROM      YEAR
                                                  NORMAL
..................................................................
TEMPERATURE (F)
 YESTERDAY
  MAXIMUM         41    312 PM  53    1964  26     15       25
  MINIMUM         36   1159 PM -26    1936  11     25       21
  AVERAGE         39                        18     21       23

PRECIPITATION (IN)
  YESTERDAY        0.00          1.70 1887   0.04  -0.04      T
  MONTH TO DATE    1.83                      0.88   0.95     0.56
  SINCE DEC 1      3.86                      2.62   1.24     3.89
  SINCE JAN 1      1.83                      0.88   0.95     0.56

SNOWFALL (IN)
  YESTERDAY        0.0           3.5  1974   0.4   -0.4      0.1
  MONTH TO DATE    2.1                       9.1   -7.0      2.2
  SINCE DEC 1     24.8                      22.6    2.2      9.6
  SINCE JUL 1     24.8                      26.7   -1.9     13.7
  SNOW DEPTH       0

DEGREE DAYS
 HEATING
  YESTERDAY       26                        46    -20       42
  MONTH TO DATE  943                      1021    -78     1054
  SINCE DEC 1   2252                      2321    -69     1975
  SINCE JUL 1   3274                      3900   -626     3166

 COOLING
  YESTERDAY        0                         0      0        0
  MONTH TO DATE    0                         0      0        0
  SINCE DEC 1      0                         0      0        0
  SINCE JAN 1      0                         0      0        0
..................................................................


WIND (MPH)
  HIGHEST WIND SPEED     9   HIGHEST WIND DIRECTION    NW (330)
  HIGHEST GUST SPEED    13   HIGHEST GUST DIRECTION    NW (330)
  AVERAGE WIND SPEED     2.7


SKY COVER
  POSSIBLE SUNSHINE  MM
  AVERAGE SKY COVER 1.0


WEATHER CONDITIONS
 THE FOLLOWING WEATHER WAS RECORDED YESTERDAY.
  FOG
  FOG W/VISIBILITY <= 1/4 MILE


RELATIVE HUMIDITY (PERCENT)
 HIGHEST   100           100 AM
 LOWEST     86           100 PM
 AVERAGE    93

..........................................................


THE MADISON WI CLIMATE NORMALS FOR TODAY
                         NORMAL    RECORD    YEAR
 MAXIMUM TEMPERATURE (F)   26        50      1909
 MINIMUM TEMPERATURE (F)   11       -27      1963


SUNRISE AND SUNSET
JANUARY 23 2017.......SUNRISE   721 AM CST   SUNSET   458 PM CST
JANUARY 24 2017.......SUNRISE   720 AM CST   SUNSET   459 PM CST


-  INDICATES NEGATIVE NUMBERS.
R  INDICATES RECORD WAS SET OR TIED.
MM INDICATES DATA IS MISSING.
T  INDICATES TRACE AMOUNT.




$$
