000
CDUS43 KMKX 180644
CLIMSN


CLIMATE REPORT
NATIONAL WEATHER SERVICE IN MILWAUKEE
144 AM CDT TUE JUL 18 2017


...................................

...THE MADISON WI CLIMATE SUMMARY FOR JULY 17 2017...

CLIMATE NORMAL PERIOD 1981 TO 2010
CLIMATE RECORD PERIOD 1871 TO 2017


WEATHER ITEM   OBSERVED TIME   RECORD YEAR NORMAL DEPARTURE LAST
                VALUE   (LST)  VALUE       VALUE  FROM      YEAR
                                                  NORMAL
..................................................................
TEMPERATURE (F)
 YESTERDAY
  MAXIMUM         80    518 PM 100    2012  82     -2       82
  MINIMUM         53    437 AM  45    1976  61     -8       66
                                      1958
  AVERAGE         67                        72     -5       74

PRECIPITATION (IN)
  YESTERDAY        0.00          3.43 1903   0.14  -0.14     0.36
  MONTH TO DATE    3.20                      2.38   0.82     1.01
  SINCE JUN 1      9.93                      6.92   3.01     6.36
  SINCE JAN 1     25.59                     18.75   6.84    16.15

SNOWFALL (IN)
  YESTERDAY        0.0           0.0    MM   0.0    0.0      0.0
  MONTH TO DATE    0.0                       0.0    0.0      0.0
  SINCE JUN 1      0.0                       0.0    0.0      0.0
  SINCE JUL 1      0.0                       0.0    0.0      0.0
  SNOW DEPTH       0

DEGREE DAYS
 HEATING
  YESTERDAY        0                         0      0        0
  MONTH TO DATE    0                         0      0        4
  SINCE JUN 1     30                        60    -30       18
  SINCE JUL 1      0                         0      0        4

 COOLING
  YESTERDAY        2                         7     -5        9
  MONTH TO DATE  108                       117     -9      110
  SINCE JUN 1    265                       237     28      259
  SINCE JAN 1    280                       267     13      311
..................................................................


WIND (MPH)
  HIGHEST WIND SPEED    10   HIGHEST WIND DIRECTION     E (70)
  HIGHEST GUST SPEED    13   HIGHEST GUST DIRECTION    NE (50)
  AVERAGE WIND SPEED     2.4


SKY COVER
  POSSIBLE SUNSHINE  MM
  AVERAGE SKY COVER 0.2


WEATHER CONDITIONS
 THE FOLLOWING WEATHER WAS RECORDED YESTERDAY.
  FOG


RELATIVE HUMIDITY (PERCENT)
 HIGHEST   100          1100 PM
 LOWEST     52           400 PM
 AVERAGE    76

..........................................................


THE MADISON WI CLIMATE NORMALS FOR TODAY
                         NORMAL    RECORD    YEAR
 MAXIMUM TEMPERATURE (F)   82        95      1894
 MINIMUM TEMPERATURE (F)   61        47      1979


SUNRISE AND SUNSET
JULY 18 2017..........SUNRISE   534 AM CDT   SUNSET   832 PM CDT
JULY 19 2017..........SUNRISE   535 AM CDT   SUNSET   832 PM CDT


-  INDICATES NEGATIVE NUMBERS.
R  INDICATES RECORD WAS SET OR TIED.
MM INDICATES DATA IS MISSING.
T  INDICATES TRACE AMOUNT.




$$
