000
CDUS43 KMKX 060645
CLIMSN


CLIMATE REPORT
NATIONAL WEATHER SERVICE IN MILWAUKEE
1245 AM CST SAT FEB 6 2016


...................................

...THE MADISON WI CLIMATE SUMMARY FOR FEBRUARY 5 2016...

CLIMATE NORMAL PERIOD 1981 TO 2010
CLIMATE RECORD PERIOD 1871 TO 2016


WEATHER ITEM   OBSERVED TIME   RECORD YEAR NORMAL DEPARTURE LAST
                VALUE   (LST)  VALUE       VALUE  FROM      YEAR
                                                  NORMAL
..................................................................
TEMPERATURE (F)
 YESTERDAY
  MAXIMUM         30    242 PM  54    1946  28      2       14
  MINIMUM         21    805 AM -21    1936  13      8      -10
                                      1895
  AVERAGE         26                        20      6        2

PRECIPITATION (IN)
  YESTERDAY        T             0.64 1953   0.04  -0.04     0.00
  MONTH TO DATE    0.38                      0.21   0.17     0.46
  SINCE DEC 1      4.69                      3.18   1.51     2.15
  SINCE JAN 1      1.36                      1.44  -0.08     1.12

SNOWFALL (IN)
  YESTERDAY        T             5.0  1974   0.4   -0.4      0.0
  MONTH TO DATE    3.1                       2.1    1.0      7.9
  SINCE DEC 1     17.4                      28.5  -11.1     18.2
  SINCE JUL 1     21.5                      32.6  -11.1     26.7
  SNOW DEPTH       3

DEGREE DAYS
 HEATING
  YESTERDAY       39                        45     -6       63
  MONTH TO DATE  190                       225    -35      281
  SINCE DEC 1   2501                      2959   -458     2801
  SINCE JUL 1   3692                      4538   -846     4485

 COOLING
  YESTERDAY        0                         0      0        0
  MONTH TO DATE    0                         0      0        0
  SINCE DEC 1      0                         0      0        0
  SINCE JAN 1      0                         0      0        0
..................................................................


WIND (MPH)
  HIGHEST WIND SPEED    10   HIGHEST WIND DIRECTION     S (200)
  HIGHEST GUST SPEED    15   HIGHEST GUST DIRECTION     S (200)
  AVERAGE WIND SPEED     4.8


SKY COVER
  POSSIBLE SUNSHINE  MM
  AVERAGE SKY COVER 1.0


WEATHER CONDITIONS
 THE FOLLOWING WEATHER WAS RECORDED YESTERDAY.
  LIGHT SNOW
  FOG


RELATIVE HUMIDITY (PERCENT)
 HIGHEST    84          1200 AM
 LOWEST     53           200 PM
 AVERAGE    69

..........................................................


THE MADISON WI CLIMATE NORMALS FOR TODAY
                         NORMAL    RECORD    YEAR
 MAXIMUM TEMPERATURE (F)   29        54      1882
 MINIMUM TEMPERATURE (F)   13       -19      1977


SUNRISE AND SUNSET
FEBRUARY  6 2016......SUNRISE   707 AM CST   SUNSET   516 PM CST
FEBRUARY  7 2016......SUNRISE   706 AM CST   SUNSET   517 PM CST


-  INDICATES NEGATIVE NUMBERS.
R  INDICATES RECORD WAS SET OR TIED.
MM INDICATES DATA IS MISSING.
T  INDICATES TRACE AMOUNT.




$$
