000
CDUS43 KMKX 270641
CLIMSN


CLIMATE REPORT
NATIONAL WEATHER SERVICE IN MILWAUKEE
140 AM CDT THU AUG 27 2015


...................................

...THE MADISON WI CLIMATE SUMMARY FOR AUGUST 26 2015...

CLIMATE NORMAL PERIOD 1981 TO 2010
CLIMATE RECORD PERIOD 1871 TO 2015


WEATHER ITEM   OBSERVED TIME   RECORD YEAR NORMAL DEPARTURE LAST
                VALUE   (LST)  VALUE       VALUE  FROM      YEAR
                                                  NORMAL
..................................................................
TEMPERATURE (F)
 YESTERDAY
  MAXIMUM         71    521 PM  95    1953  78     -7       78
  MINIMUM         56   1159 PM  39    1964  58     -2       62
  AVERAGE         64                        68     -4       70

PRECIPITATION (IN)
  YESTERDAY        0.00          2.28 1986   0.13  -0.13      T
  MONTH TO DATE    2.30                      3.61  -1.31     5.22
  SINCE JUN 1     10.47                     12.33  -1.86    15.85
  SINCE JAN 1     20.99                     24.16  -3.17    27.60

SNOWFALL (IN)
  YESTERDAY        0.0           0.0    MM   0.0    0.0      0.0
  MONTH TO DATE    0.0                       0.0    0.0      0.0
  SINCE JUN 1      0.0                       0.0    0.0      0.0
  SINCE JUL 1      0.0                       0.0    0.0      0.0
  SNOW DEPTH       0

DEGREE DAYS
 HEATING
  YESTERDAY        1                         1      0        0
  MONTH TO DATE   12                        23    -11        4
  SINCE JUN 1     65                        93    -28       26
  SINCE JUL 1     28                        33     -5       17

 COOLING
  YESTERDAY        0                         4     -4        5
  MONTH TO DATE  160                       139     21      170
  SINCE JUN 1    471                       465      6      495
  SINCE JAN 1    521                       495     26      546
..................................................................


WIND (MPH)
  HIGHEST WIND SPEED     9   HIGHEST WIND DIRECTION     N (10)
  HIGHEST GUST SPEED    12   HIGHEST GUST DIRECTION     N (20)
  AVERAGE WIND SPEED     4.2


SKY COVER
  POSSIBLE SUNSHINE  MM
  AVERAGE SKY COVER 0.7


WEATHER CONDITIONS
 THE FOLLOWING WEATHER WAS RECORDED YESTERDAY.
  NO SIGNIFICANT WEATHER WAS OBSERVED.


RELATIVE HUMIDITY (PERCENT)
 HIGHEST    86           700 AM
 LOWEST     55           300 PM
 AVERAGE    71

..........................................................


THE MADISON WI CLIMATE NORMALS FOR TODAY
                         NORMAL    RECORD    YEAR
 MAXIMUM TEMPERATURE (F)   78        95      1953
 MINIMUM TEMPERATURE (F)   57        35      1968


SUNRISE AND SUNSET
AUGUST 27 2015........SUNRISE   616 AM CDT   SUNSET   741 PM CDT
AUGUST 28 2015........SUNRISE   617 AM CDT   SUNSET   739 PM CDT


-  INDICATES NEGATIVE NUMBERS.
R  INDICATES RECORD WAS SET OR TIED.
MM INDICATES DATA IS MISSING.
T  INDICATES TRACE AMOUNT.




$$
