925
CDUS43 KMKX 180647
CLIMSN


CLIMATE REPORT
NATIONAL WEATHER SERVICE IN MILWAUKEE
146 AM CDT MON SEP 18 2017


...................................

...THE MADISON WI CLIMATE SUMMARY FOR SEPTEMBER 17 2017...

CLIMATE NORMAL PERIOD 1981 TO 2010
CLIMATE RECORD PERIOD 1871 TO 2017


WEATHER ITEM   OBSERVED TIME   RECORD YEAR NORMAL DEPARTURE LAST
                VALUE   (LST)  VALUE       VALUE  FROM      YEAR
                                                  NORMAL
..................................................................
TEMPERATURE (F)
 YESTERDAY
  MAXIMUM         74   1217 AM  90    1955  71      3       75
  MINIMUM         50   1149 PM  36    1980  50      0       57
  AVERAGE         62                        60      2       66

PRECIPITATION (IN)
  YESTERDAY        0.02          2.64 1907   0.11  -0.09     0.00
  MONTH TO DATE    0.16                      1.85  -1.69     4.41
  SINCE SEP 1      0.16                      1.85  -1.69     4.41
  SINCE JAN 1     32.92                     26.67   6.25    32.65

SNOWFALL (IN)
  YESTERDAY        0.0           0.0    MM   0.0    0.0      0.0
  MONTH TO DATE    0.0                       0.0    0.0      0.0
  SINCE SEP 1      0.0                       0.0    0.0      0.0
  SINCE JUL 1      0.0                       0.0    0.0      0.0
  SNOW DEPTH       0

DEGREE DAYS
 HEATING
  YESTERDAY        3                         6     -3        0
  MONTH TO DATE   73                        63     10        9
  SINCE SEP 1     73                        63     10        9
  SINCE JUL 1     98                       100     -2       16

 COOLING
  YESTERDAY        0                         1     -1        1
  MONTH TO DATE   27                        41    -14       52
  SINCE SEP 1     27                        41    -14       52
  SINCE JAN 1    487                       554    -67      747
..................................................................


WIND (MPH)
  HIGHEST WIND SPEED    13   HIGHEST WIND DIRECTION    NW (310)
  HIGHEST GUST SPEED    23   HIGHEST GUST DIRECTION    NE (50)
  AVERAGE WIND SPEED     4.3


SKY COVER
  POSSIBLE SUNSHINE  MM
  AVERAGE SKY COVER 0.6


WEATHER CONDITIONS
 THE FOLLOWING WEATHER WAS RECORDED YESTERDAY.
  LIGHT RAIN
  FOG


RELATIVE HUMIDITY (PERCENT)
 HIGHEST    96          1000 PM
 LOWEST     57           200 PM
 AVERAGE    77

..........................................................


THE MADISON WI CLIMATE NORMALS FOR TODAY
                         NORMAL    RECORD    YEAR
 MAXIMUM TEMPERATURE (F)   71        92      1955
 MINIMUM TEMPERATURE (F)   49        33      1959


SUNRISE AND SUNSET
SEPTEMBER 18 2017.....SUNRISE   640 AM CDT   SUNSET   701 PM CDT
SEPTEMBER 19 2017.....SUNRISE   642 AM CDT   SUNSET   700 PM CDT


-  INDICATES NEGATIVE NUMBERS.
R  INDICATES RECORD WAS SET OR TIED.
MM INDICATES DATA IS MISSING.
T  INDICATES TRACE AMOUNT.




$$
