763
CDUS43 KMKX 160047
CLIMSN


CLIMATE REPORT
NATIONAL WEATHER SERVICE IN MILWAUKEE
646 PM CST THU FEB 15 2018


...................................

...THE MADISON WI CLIMATE SUMMARY FOR FEBRUARY 14 2018...

CLIMATE NORMAL PERIOD 1981 TO 2010
CLIMATE RECORD PERIOD 1871 TO 2018


WEATHER ITEM   OBSERVED TIME   RECORD YEAR NORMAL DEPARTURE LAST
                VALUE   (LST)  VALUE       VALUE  FROM      YEAR
                                                  NORMAL
..................................................................
TEMPERATURE (F)
 YESTERDAY
  MAXIMUM         41    234 PM  55    1954  31     10       46
                                      1934
  MINIMUM         22   1249 AM -13    1951  15      7       29
  AVERAGE         32                        23      9       38

PRECIPITATION (IN)
  YESTERDAY        0.00          1.30 1869   0.05  -0.05     0.00
  MONTH TO DATE    0.87                      0.65   0.22     0.28
  SINCE DEC 1      3.28                      3.62  -0.34     5.07
  SINCE JAN 1      2.55                      1.88   0.67     3.04

SNOWFALL (IN)
  YESTERDAY        0.0           6.6  1909   0.4   -0.4      0.0
  MONTH TO DATE   12.9                       5.6    7.3       T
  SINCE DEC 1     26.8                      32.0   -5.2     33.8
  SINCE JUL 1     27.1                      36.1   -9.0     33.8
  SNOW DEPTH       6

DEGREE DAYS
 HEATING
  YESTERDAY       33                        42     -9       27
  MONTH TO DATE  743                       615    128      552
  SINCE DEC 1   3449                      3349    100     3134
  SINCE JUL 1   4808                      4928   -120     4156

 COOLING
  YESTERDAY        0                         0      0        0
  MONTH TO DATE    0                         0      0        0
  SINCE DEC 1      0                         0      0        0
  SINCE JAN 1      0                         0      0        0
..................................................................


WIND (MPH)
  HIGHEST WIND SPEED    20   HIGHEST WIND DIRECTION     S (200)
  HIGHEST GUST SPEED    26   HIGHEST GUST DIRECTION     S (190)
  AVERAGE WIND SPEED     9.3


SKY COVER
  POSSIBLE SUNSHINE  MM
  AVERAGE SKY COVER 0.4


WEATHER CONDITIONS
 THE FOLLOWING WEATHER WAS RECORDED YESTERDAY.
  FOG
  HAZE


RELATIVE HUMIDITY (PERCENT)
 HIGHEST   100           800 PM
 LOWEST     64          1100 AM
 AVERAGE    82

..........................................................


THE MADISON WI CLIMATE NORMALS FOR TODAY
                         NORMAL    RECORD    YEAR
 MAXIMUM TEMPERATURE (F)   31        63      1921
 MINIMUM TEMPERATURE (F)   15       -14      1920


SUNRISE AND SUNSET
FEBRUARY 15 2018......SUNRISE   655 AM CST   SUNSET   528 PM CST
FEBRUARY 16 2018......SUNRISE   654 AM CST   SUNSET   530 PM CST


-  INDICATES NEGATIVE NUMBERS.
R  INDICATES RECORD WAS SET OR TIED.
MM INDICATES DATA IS MISSING.
T  INDICATES TRACE AMOUNT.




$$
