000
CDUS43 KMKX 260655
CLIMSN


CLIMATE REPORT
NATIONAL WEATHER SERVICE IN MILWAUKEE
1254 AM CST WED NOV 26 2014


...................................

...THE MADISON WI CLIMATE SUMMARY FOR NOVEMBER 25 2014...

CLIMATE NORMAL PERIOD 1981 TO 2010
CLIMATE RECORD PERIOD 1871 TO 2014


WEATHER ITEM   OBSERVED TIME   RECORD YEAR NORMAL DEPARTURE LAST
                VALUE   (LST)  VALUE       VALUE  FROM      YEAR
                                                  NORMAL
..................................................................
TEMPERATURE (F)
 YESTERDAY
  MAXIMUM         23    541 PM  62    1908  39    -16       32
  MINIMUM         12   1159 PM  -8    1950  24    -12       22
  AVERAGE         18                        31    -13       27

PRECIPITATION (IN)
  YESTERDAY        T             0.90 1952   0.08  -0.08     0.14
  MONTH TO DATE    1.52                      2.00  -0.48     2.20
  SINCE SEP 1      6.45                      7.53  -1.08     7.28
  SINCE JAN 1     34.26                     32.35   1.91    43.76

SNOWFALL (IN)
  YESTERDAY        T             3.0  1987   0.2   -0.2      1.5
  MONTH TO DATE    7.9                       2.4    5.5      3.3
  SINCE SEP 1      8.1                       2.9    5.2      3.3
  SINCE JUL 1      8.1                       2.9    5.2      3.3
  SNOW DEPTH       5

DEGREE DAYS
 HEATING
  YESTERDAY       47                        34     13       38
  MONTH TO DATE  831                       690    141      696
  SINCE SEP 1   1457                      1366     91     1284
  SINCE JUL 1   1474                      1403     71     1314

 COOLING
  YESTERDAY        0                         0      0        0
  MONTH TO DATE    0                         0      0        0
  SINCE SEP 1     44                        55    -11       96
  SINCE JAN 1    620                       568     52      709
..................................................................


WIND (MPH)
  HIGHEST WIND SPEED    13   HIGHEST WIND DIRECTION     W (280)
  HIGHEST GUST SPEED    20   HIGHEST GUST DIRECTION     W (260)
  AVERAGE WIND SPEED     5.6


SKY COVER
  POSSIBLE SUNSHINE  MM
  AVERAGE SKY COVER 0.7


WEATHER CONDITIONS
 THE FOLLOWING WEATHER WAS RECORDED YESTERDAY.
  LIGHT SNOW
  FOG
  HAZE


RELATIVE HUMIDITY (PERCENT)
 HIGHEST    96          1100 PM
 LOWEST     77           800 AM
 AVERAGE    87

..........................................................


THE MADISON WI CLIMATE NORMALS FOR TODAY
                         NORMAL    RECORD    YEAR
 MAXIMUM TEMPERATURE (F)   38        65      1990
 MINIMUM TEMPERATURE (F)   24        -5      1977


SUNRISE AND SUNSET
NOVEMBER 26 2014......SUNRISE   704 AM CST   SUNSET   425 PM CST
NOVEMBER 27 2014......SUNRISE   705 AM CST   SUNSET   425 PM CST


-  INDICATES NEGATIVE NUMBERS.
R  INDICATES RECORD WAS SET OR TIED.
MM INDICATES DATA IS MISSING.
T  INDICATES TRACE AMOUNT.




$$
