000
CDUS43 KMKX 190657
CLIMSN


CLIMATE REPORT
NATIONAL WEATHER SERVICE IN MILWAUKEE
156 AM CDT MON JUN 19 2017


...................................

...THE MADISON WI CLIMATE SUMMARY FOR JUNE 18 2017...

CLIMATE NORMAL PERIOD 1981 TO 2010
CLIMATE RECORD PERIOD 1871 TO 2017


WEATHER ITEM   OBSERVED TIME   RECORD YEAR NORMAL DEPARTURE LAST
                VALUE   (LST)  VALUE       VALUE  FROM      YEAR
                                                  NORMAL
..................................................................
TEMPERATURE (F)
 YESTERDAY
  MAXIMUM         75    229 PM  99    1994  79     -4       85
  MINIMUM         63   1159 PM  39    1972  57      6       57
                                      1965
  AVERAGE         69                        68      1       71

PRECIPITATION (IN)
  YESTERDAY        0.03          2.67 1998   0.16  -0.13     0.00
  MONTH TO DATE    3.20                      2.73   0.47     3.27
  SINCE JUN 1      3.20                      2.73   0.47     3.27
  SINCE JAN 1     18.86                     14.56   4.30    13.06

SNOWFALL (IN)
  YESTERDAY        0.0           0.0    MM   0.0    0.0      0.0
  MONTH TO DATE    0.0                       0.0    0.0      0.0
  SINCE JUN 1      0.0                       0.0    0.0      0.0
  SINCE JUL 1     44.0                      50.9   -6.9     32.7
  SNOW DEPTH       0

DEGREE DAYS
 HEATING
  YESTERDAY        0                         1     -1        0
  MONTH TO DATE    7                        51    -44       13
  SINCE JUN 1      7                        51    -44       13
  SINCE JUL 1   6195                      7324  -1129     6197

 COOLING
  YESTERDAY        4                         4      0        6
  MONTH TO DATE  129                        53     76       79
  SINCE JUN 1    129                        53     76       79
  SINCE JAN 1    144                        83     61      131
..................................................................


WIND (MPH)
  HIGHEST WIND SPEED    18   HIGHEST WIND DIRECTION    NW (300)
  HIGHEST GUST SPEED    27   HIGHEST GUST DIRECTION    NW (300)
  AVERAGE WIND SPEED     8.3


SKY COVER
  POSSIBLE SUNSHINE  MM
  AVERAGE SKY COVER 0.6


WEATHER CONDITIONS
 THE FOLLOWING WEATHER WAS RECORDED YESTERDAY.
  FOG


RELATIVE HUMIDITY (PERCENT)
 HIGHEST    93          1200 AM
 LOWEST     49           400 PM
 AVERAGE    71

..........................................................


THE MADISON WI CLIMATE NORMALS FOR TODAY
                         NORMAL    RECORD    YEAR
 MAXIMUM TEMPERATURE (F)   79        97      1953
 MINIMUM TEMPERATURE (F)   57        38      1982


SUNRISE AND SUNSET
JUNE 19 2017..........SUNRISE   517 AM CDT   SUNSET   840 PM CDT
JUNE 20 2017..........SUNRISE   518 AM CDT   SUNSET   840 PM CDT


-  INDICATES NEGATIVE NUMBERS.
R  INDICATES RECORD WAS SET OR TIED.
MM INDICATES DATA IS MISSING.
T  INDICATES TRACE AMOUNT.




$$
