292
CDUS43 KMKX 250652
CLIMSN


CLIMATE REPORT
NATIONAL WEATHER SERVICE IN MILWAUKEE
151 AM CDT WED MAY 25 2016


...................................

...THE MADISON WI CLIMATE SUMMARY FOR MAY 24 2016...

CLIMATE NORMAL PERIOD 1981 TO 2010
CLIMATE RECORD PERIOD 1871 TO 2016


WEATHER ITEM   OBSERVED TIME   RECORD YEAR NORMAL DEPARTURE LAST
                VALUE   (LST)  VALUE       VALUE  FROM      YEAR
                                                  NORMAL
..................................................................
TEMPERATURE (F)
 YESTERDAY
  MAXIMUM         82    522 PM  92    1950  71     11       63
  MINIMUM         58    139 AM  32    1992  49      9       52
                                      1925
  AVERAGE         70                        60     10       58

PRECIPITATION (IN)
  YESTERDAY        T             1.53 2006   0.11  -0.11     0.69
  MONTH TO DATE    1.49                      2.66  -1.17     3.34
  SINCE MAR 1      7.56                      8.26  -0.70     8.48
  SINCE JAN 1      9.06                     10.94  -1.88     9.68

SNOWFALL (IN)
  YESTERDAY        0.0           T    1925   0.0    0.0      0.0
  MONTH TO DATE    0.0                       0.2   -0.2      0.0
  SINCE MAR 1      8.2                       9.8   -1.6      4.2
  SINCE JUL 1     32.7                      50.9  -18.2     33.7
  SNOW DEPTH       0

DEGREE DAYS
 HEATING
  YESTERDAY        0                         7     -7        7
  MONTH TO DATE  246                       228     18      167
  SINCE MAR 1   1584                      1749   -165     1596
  SINCE JUL 1   6184                      7235  -1051     7307

 COOLING
  YESTERDAY        5                         1      4        0
  MONTH TO DATE    8                        14     -6       26
  SINCE MAR 1      8                        18    -10       26
  SINCE JAN 1      8                        18    -10       26
..................................................................


WIND (MPH)
  HIGHEST WIND SPEED    14   HIGHEST WIND DIRECTION     S (160)
  HIGHEST GUST SPEED    16   HIGHEST GUST DIRECTION     S (170)
  AVERAGE WIND SPEED     4.9


SKY COVER
  POSSIBLE SUNSHINE  MM
  AVERAGE SKY COVER 0.5


WEATHER CONDITIONS
 THE FOLLOWING WEATHER WAS RECORDED YESTERDAY.
  LIGHT RAIN
  HAZE


RELATIVE HUMIDITY (PERCENT)
 HIGHEST    81          1000 PM
 LOWEST     45           300 PM
 AVERAGE    63

..........................................................


THE MADISON WI CLIMATE NORMALS FOR TODAY
                         NORMAL    RECORD    YEAR
 MAXIMUM TEMPERATURE (F)   71        89      1977
 MINIMUM TEMPERATURE (F)   49        30      1988


SUNRISE AND SUNSET
MAY 25 2016...........SUNRISE   524 AM CDT   SUNSET   825 PM CDT
MAY 26 2016...........SUNRISE   524 AM CDT   SUNSET   826 PM CDT


-  INDICATES NEGATIVE NUMBERS.
R  INDICATES RECORD WAS SET OR TIED.
MM INDICATES DATA IS MISSING.
T  INDICATES TRACE AMOUNT.




$$
