000
CDUS43 KMKX 210652
CLIMSN


CLIMATE REPORT
NATIONAL WEATHER SERVICE IN MILWAUKEE
151 AM CDT MON JUL 21 2014


...................................

...THE MADISON WI CLIMATE SUMMARY FOR JULY 20 2014...

CLIMATE NORMAL PERIOD 1981 TO 2010
CLIMATE RECORD PERIOD 1871 TO 2014


WEATHER ITEM   OBSERVED TIME   RECORD YEAR NORMAL DEPARTURE LAST
                VALUE   (LST)  VALUE       VALUE  FROM      YEAR
                                                  NORMAL
..................................................................
TEMPERATURE (F)
 YESTERDAY
  MAXIMUM         82    145 PM  97    2011  82      0       85
                                      1930
                                      1901
  MINIMUM         63    537 AM  45    1970  61      2       62
  AVERAGE         73                        71      2       74

PRECIPITATION (IN)
  YESTERDAY        0.00          2.53 1912   0.13  -0.13     0.00
  MONTH TO DATE    1.03                      2.77  -1.74     1.66
  SINCE JUN 1     10.58                      7.31   3.27    12.52
  SINCE JAN 1     22.33                     19.14   3.19    32.61

SNOWFALL (IN)
  YESTERDAY        0.0           0.0    MM   0.0    0.0      0.0
  MONTH TO DATE    0.0                       0.0    0.0      0.0
  SINCE JUN 1      0.0                       0.0    0.0      0.0
  SINCE JUL 1      0.0                       0.0    0.0      0.0
  SNOW DEPTH       0

DEGREE DAYS
 HEATING
  YESTERDAY        0                         0      0        0
  MONTH TO DATE   13                         0     13        2
  SINCE JUN 1     22                        60    -38       54
  SINCE JUL 1     13                         0     13        2

 COOLING
  YESTERDAY        8                         7      1        9
  MONTH TO DATE   76                       138    -62      199
  SINCE JUN 1    258                       258      0      336
  SINCE JAN 1    309                       288     21      389
..................................................................


WIND (MPH)
  HIGHEST WIND SPEED    16   HIGHEST WIND DIRECTION     S (180)
  HIGHEST GUST SPEED    30   HIGHEST GUST DIRECTION    SW (210)
  AVERAGE WIND SPEED     8.8


SKY COVER
  POSSIBLE SUNSHINE  MM
  AVERAGE SKY COVER 0.5


WEATHER CONDITIONS
 THE FOLLOWING WEATHER WAS RECORDED YESTERDAY.
  NO SIGNIFICANT WEATHER WAS OBSERVED.


RELATIVE HUMIDITY (PERCENT)
 HIGHEST    84           100 AM
 LOWEST     47           100 PM
 AVERAGE    66

..........................................................


THE MADISON WI CLIMATE NORMALS FOR TODAY
                         NORMAL    RECORD    YEAR
 MAXIMUM TEMPERATURE (F)   82       104      1901
 MINIMUM TEMPERATURE (F)   61        41      1966


SUNRISE AND SUNSET
JULY 21 2014..........SUNRISE   537 AM CDT   SUNSET   830 PM CDT
JULY 22 2014..........SUNRISE   538 AM CDT   SUNSET   829 PM CDT


-  INDICATES NEGATIVE NUMBERS.
R  INDICATES RECORD WAS SET OR TIED.
MM INDICATES DATA IS MISSING.
T  INDICATES TRACE AMOUNT.




$$
