000
CDUS43 KMKX 140650
CLIMSN


CLIMATE REPORT
NATIONAL WEATHER SERVICE IN MILWAUKEE
149 AM CDT MON AUG 14 2017


...................................

...THE MADISON WI CLIMATE SUMMARY FOR AUGUST 13 2017...

CLIMATE NORMAL PERIOD 1981 TO 2010
CLIMATE RECORD PERIOD 1871 TO 2017


WEATHER ITEM   OBSERVED TIME   RECORD YEAR NORMAL DEPARTURE LAST
                VALUE   (LST)  VALUE       VALUE  FROM      YEAR
                                                  NORMAL
..................................................................
TEMPERATURE (F)
 YESTERDAY
  MAXIMUM         75    441 PM  95    1995  80     -5       80
  MINIMUM         51    537 AM  43    1967  60     -9       66
  AVERAGE         63                        70     -7       73

PRECIPITATION (IN)
  YESTERDAY        0.00          1.93 1911   0.15  -0.15     0.07
  MONTH TO DATE    1.50                      1.80  -0.30     2.78
  SINCE JUN 1     14.75                     10.52   4.23    13.36
  SINCE JAN 1     30.41                     22.35   8.06    23.15

SNOWFALL (IN)
  YESTERDAY        0.0           0.0    MM   0.0    0.0      0.0
  MONTH TO DATE    0.0                       0.0    0.0      0.0
  SINCE JUN 1      0.0                       0.0    0.0      0.0
  SINCE JUL 1      0.0                       0.0    0.0      0.0
  SNOW DEPTH       0

DEGREE DAYS
 HEATING
  YESTERDAY        2                         1      1        0
  MONTH TO DATE    6                        10     -4        0
  SINCE JUN 1     36                        80    -44       18
  SINCE JUL 1      6                        20    -14        4

 COOLING
  YESTERDAY        0                         5     -5        8
  MONTH TO DATE   34                        77    -43      127
  SINCE JUN 1    393                       403    -10      531
  SINCE JAN 1    408                       433    -25      583
..................................................................


WIND (MPH)
  HIGHEST WIND SPEED    12   HIGHEST WIND DIRECTION     S (170)
  HIGHEST GUST SPEED    15   HIGHEST GUST DIRECTION     S (180)
  AVERAGE WIND SPEED     2.6


SKY COVER
  POSSIBLE SUNSHINE  MM
  AVERAGE SKY COVER 0.6


WEATHER CONDITIONS
 THE FOLLOWING WEATHER WAS RECORDED YESTERDAY.
  FOG


RELATIVE HUMIDITY (PERCENT)
 HIGHEST   100           100 AM
 LOWEST     49          1100 AM
 AVERAGE    75

..........................................................


THE MADISON WI CLIMATE NORMALS FOR TODAY
                         NORMAL    RECORD    YEAR
 MAXIMUM TEMPERATURE (F)   80        95      1988
 MINIMUM TEMPERATURE (F)   60        37      1964


SUNRISE AND SUNSET
AUGUST 14 2017........SUNRISE   602 AM CDT   SUNSET   801 PM CDT
AUGUST 15 2017........SUNRISE   603 AM CDT   SUNSET   759 PM CDT


-  INDICATES NEGATIVE NUMBERS.
R  INDICATES RECORD WAS SET OR TIED.
MM INDICATES DATA IS MISSING.
T  INDICATES TRACE AMOUNT.




$$
