000
CDUS43 KMKX 160649
CLIMSN


CLIMATE REPORT
NATIONAL WEATHER SERVICE IN MILWAUKEE
148 AM CDT FRI JUN 16 2017


...................................

...THE MADISON WI CLIMATE SUMMARY FOR JUNE 15 2017...

CLIMATE NORMAL PERIOD 1981 TO 2010
CLIMATE RECORD PERIOD 1871 TO 2017


WEATHER ITEM   OBSERVED TIME   RECORD YEAR NORMAL DEPARTURE LAST
                VALUE   (LST)  VALUE       VALUE  FROM      YEAR
                                                  NORMAL
..................................................................
TEMPERATURE (F)
 YESTERDAY
  MAXIMUM         87    418 PM  93    1994  78      9       88
  MINIMUM         68    450 AM  37    1965  56     12       67
  AVERAGE         78                        67     11       78

PRECIPITATION (IN)
  YESTERDAY        0.00          2.59 1981   0.16  -0.16     0.05
  MONTH TO DATE    2.32                      2.27   0.05     3.27
  SINCE JUN 1      2.32                      2.27   0.05     3.27
  SINCE JAN 1     17.98                     14.10   3.88    13.06

SNOWFALL (IN)
  YESTERDAY        0.0           0.0    MM   0.0    0.0      0.0
  MONTH TO DATE    0.0                       0.0    0.0      0.0
  SINCE JUN 1      0.0                       0.0    0.0      0.0
  SINCE JUL 1     44.0                      50.9   -6.9     32.7
  SNOW DEPTH       0

DEGREE DAYS
 HEATING
  YESTERDAY        0                         2     -2        0
  MONTH TO DATE    7                        46    -39       13
  SINCE JUN 1      7                        46    -39       13
  SINCE JUL 1   6195                      7319  -1124     6197

 COOLING
  YESTERDAY       13                         4      9       13
  MONTH TO DATE  105                        41     64       66
  SINCE JUN 1    105                        41     64       66
  SINCE JAN 1    120                        71     49      118
..................................................................


WIND (MPH)
  HIGHEST WIND SPEED    14   HIGHEST WIND DIRECTION     W (280)
  HIGHEST GUST SPEED    20   HIGHEST GUST DIRECTION     W (280)
  AVERAGE WIND SPEED     5.2


SKY COVER
  POSSIBLE SUNSHINE  MM
  AVERAGE SKY COVER 0.4


WEATHER CONDITIONS
 THE FOLLOWING WEATHER WAS RECORDED YESTERDAY.
  NO SIGNIFICANT WEATHER WAS OBSERVED.


RELATIVE HUMIDITY (PERCENT)
 HIGHEST    90           600 AM
 LOWEST     35           500 PM
 AVERAGE    63

..........................................................


THE MADISON WI CLIMATE NORMALS FOR TODAY
                         NORMAL    RECORD    YEAR
 MAXIMUM TEMPERATURE (F)   78        93      1994
                                             1946
 MINIMUM TEMPERATURE (F)   57        33      1964


SUNRISE AND SUNSET
JUNE 16 2017..........SUNRISE   517 AM CDT   SUNSET   839 PM CDT
JUNE 17 2017..........SUNRISE   517 AM CDT   SUNSET   840 PM CDT


-  INDICATES NEGATIVE NUMBERS.
R  INDICATES RECORD WAS SET OR TIED.
MM INDICATES DATA IS MISSING.
T  INDICATES TRACE AMOUNT.




$$
