772
CDUS43 KMKX 170642
CLIMSN


CLIMATE REPORT
NATIONAL WEATHER SERVICE IN MILWAUKEE
1241 AM CST FRI NOV 17 2017


...................................

...THE MADISON WI CLIMATE SUMMARY FOR NOVEMBER 16 2017...

CLIMATE NORMAL PERIOD 1981 TO 2010
CLIMATE RECORD PERIOD 1871 TO 2017


WEATHER ITEM   OBSERVED TIME   RECORD YEAR NORMAL DEPARTURE LAST
                VALUE   (LST)  VALUE       VALUE  FROM      YEAR
                                                  NORMAL
..................................................................
TEMPERATURE (F)
 YESTERDAY
  MAXIMUM         37    334 PM  70    1953  44     -7       57
                                      1931
  MINIMUM         30    518 PM   2    1959  28      2       31
                                      1883
  AVERAGE         34                        36     -2       44

PRECIPITATION (IN)
  YESTERDAY        0.00          1.97 1961   0.08  -0.08     0.00
  MONTH TO DATE    0.45                      1.29  -0.84     0.25
  SINCE SEP 1      4.56                      6.82  -2.26    13.67
  SINCE JAN 1     37.32                     31.64   5.68    41.91

SNOWFALL (IN)
  YESTERDAY        0.0           2.8  2000   0.1   -0.1      0.0
  MONTH TO DATE    T                         1.0   -1.0      0.0
  SINCE SEP 1      T                         1.5   -1.5      0.0
  SINCE JUL 1      T                         1.5   -1.5      0.0
  SNOW DEPTH       0

DEGREE DAYS
 HEATING
  YESTERDAY       31                        29      2       21
  MONTH TO DATE  481                       405     76      257
  SINCE SEP 1    941                      1081   -140      646
  SINCE JUL 1    966                      1118   -152      653

 COOLING
  YESTERDAY        0                         0      0        0
  MONTH TO DATE    0                         0      0        0
  SINCE SEP 1    120                        55     65       85
  SINCE JAN 1    580                       568     12      780
..................................................................


WIND (MPH)
  HIGHEST WIND SPEED    20   HIGHEST WIND DIRECTION    SE (150)
  HIGHEST GUST SPEED    28   HIGHEST GUST DIRECTION    NW (330)
  AVERAGE WIND SPEED     9.0


SKY COVER
  POSSIBLE SUNSHINE  MM
  AVERAGE SKY COVER 0.9


WEATHER CONDITIONS
 THE FOLLOWING WEATHER WAS RECORDED YESTERDAY.
  NO SIGNIFICANT WEATHER WAS OBSERVED.


RELATIVE HUMIDITY (PERCENT)
 HIGHEST    78           200 AM
 LOWEST     59           300 PM
 AVERAGE    69

..........................................................


THE MADISON WI CLIMATE NORMALS FOR TODAY
                         NORMAL    RECORD    YEAR
 MAXIMUM TEMPERATURE (F)   43        70      2016
 MINIMUM TEMPERATURE (F)   28        -1      1959


SUNRISE AND SUNSET
NOVEMBER 17 2017......SUNRISE   653 AM CST   SUNSET   431 PM CST
NOVEMBER 18 2017......SUNRISE   654 AM CST   SUNSET   431 PM CST


-  INDICATES NEGATIVE NUMBERS.
R  INDICATES RECORD WAS SET OR TIED.
MM INDICATES DATA IS MISSING.
T  INDICATES TRACE AMOUNT.




$$
