000
CDUS43 KMKX 122248
CLIMSN


CLIMATE REPORT
NATIONAL WEATHER SERVICE IN MILWAUKEE
444 PM CST THU JAN 12 2017


...................................

...THE MADISON WI CLIMATE SUMMARY FOR JANUARY 12 2017...
VALID TODAY AS OF 0400 PM LOCAL TIME.

CLIMATE NORMAL PERIOD 1981 TO 2010
CLIMATE RECORD PERIOD 1871 TO 2017


WEATHER ITEM   OBSERVED TIME   RECORD YEAR NORMAL DEPARTURE LAST
                VALUE   (LST)  VALUE       VALUE  FROM      YEAR
                                                  NORMAL
..................................................................
TEMPERATURE (F)
 TODAY
  MAXIMUM         21    259 PM  55    1871  26     -5       10
  MINIMUM         13    927 AM -25    1912  11      2       -2
  AVERAGE         17                        18     -1        4

PRECIPITATION (IN)
  TODAY            0.03          1.07 1960   0.04  -0.01      T
  MONTH TO DATE    0.75                      0.49   0.26     0.56
  SINCE DEC 1      2.78                      2.23   0.55     3.89
  SINCE JAN 1      0.75                      0.49   0.26     0.56

SNOWFALL (IN)
  TODAY            0.7          11.7  1966   0.4    0.3       T
  MONTH TO DATE    2.1                       4.9   -2.8      1.8
  SINCE DEC 1     24.8                      18.4    6.4      9.2
  SINCE JUL 1     24.8                      22.5    2.3     13.3
  SNOW DEPTH       2

DEGREE DAYS
 HEATING
  TODAY           48                        47      1       61
  MONTH TO DATE  584                       553     31      539
  SINCE DEC 1   1893                      1853     40     1460
  SINCE JUL 1   2915                      3432   -517     2651

 COOLING
  TODAY            0                         0      0        0
  MONTH TO DATE    0                         0      0        0
  SINCE DEC 1      0                         0      0        0
  SINCE JAN 1      0                         0      0        0
..................................................................


WIND (MPH)
  HIGHEST WIND SPEED    16   HIGHEST WIND DIRECTION     N (10)
  HIGHEST GUST SPEED    22   HIGHEST GUST DIRECTION    NW (310)
  AVERAGE WIND SPEED     8.4


SKY COVER
  POSSIBLE SUNSHINE  MM
  AVERAGE SKY COVER 0.9


WEATHER CONDITIONS
 THE FOLLOWING WEATHER WAS RECORDED TODAY.
  LIGHT SNOW
  FOG


RELATIVE HUMIDITY (PERCENT)
 HIGHEST    84           800 AM
 LOWEST     49           400 PM
 AVERAGE    67

..........................................................


THE MADISON WI CLIMATE NORMALS FOR TOMORROW
                         NORMAL    RECORD    YEAR
 MAXIMUM TEMPERATURE (F)   26        53      1961
 MINIMUM TEMPERATURE (F)   11       -22      1916


SUNRISE AND SUNSET
JANUARY 12 2017.......SUNRISE   727 AM CST   SUNSET   445 PM CST
JANUARY 13 2017.......SUNRISE   727 AM CST   SUNSET   446 PM CST


-  INDICATES NEGATIVE NUMBERS.
R  INDICATES RECORD WAS SET OR TIED.
MM INDICATES DATA IS MISSING.
T  INDICATES TRACE AMOUNT.




$$

HAHN
