025
CDUS43 KMKX 170642
CLIMSN


CLIMATE REPORT
NATIONAL WEATHER SERVICE IN MILWAUKEE
142 AM CDT SUN SEP 17 2017


...................................

...THE MADISON WI CLIMATE SUMMARY FOR SEPTEMBER 16 2017...

CLIMATE NORMAL PERIOD 1981 TO 2010
CLIMATE RECORD PERIOD 1871 TO 2017


WEATHER ITEM   OBSERVED TIME   RECORD YEAR NORMAL DEPARTURE LAST
                VALUE   (LST)  VALUE       VALUE  FROM      YEAR
                                                  NORMAL
..................................................................
TEMPERATURE (F)
 YESTERDAY
  MAXIMUM         87    218 PM  91    1931  72     15       78
  MINIMUM         66    610 AM  32    1984  50     16       63
  AVERAGE         77                        61     16       71

PRECIPITATION (IN)
  YESTERDAY        0.00          1.75 1992   0.10  -0.10     0.57
  MONTH TO DATE    0.14                      1.74  -1.60     4.41
  SINCE SEP 1      0.14                      1.74  -1.60     4.41
  SINCE JAN 1     32.90                     26.56   6.34    32.65

SNOWFALL (IN)
  YESTERDAY        0.0           0.0    MM   0.0    0.0      0.0
  MONTH TO DATE    0.0                       0.0    0.0      0.0
  SINCE SEP 1      0.0                       0.0    0.0      0.0
  SINCE JUL 1      0.0                       0.0    0.0      0.0
  SNOW DEPTH       0

DEGREE DAYS
 HEATING
  YESTERDAY        0                         6     -6        0
  MONTH TO DATE   70                        57     13        9
  SINCE SEP 1     70                        57     13        9
  SINCE JUL 1     95                        94      1       16

 COOLING
  YESTERDAY       12                         2     10        6
  MONTH TO DATE   27                        40    -13       51
  SINCE SEP 1     27                        40    -13       51
  SINCE JAN 1    487                       553    -66      746
..................................................................


WIND (MPH)
  HIGHEST WIND SPEED    20   HIGHEST WIND DIRECTION     S (170)
  HIGHEST GUST SPEED    24   HIGHEST GUST DIRECTION     S (170)
  AVERAGE WIND SPEED     9.8


SKY COVER
  POSSIBLE SUNSHINE  MM
  AVERAGE SKY COVER 0.5


WEATHER CONDITIONS
 THE FOLLOWING WEATHER WAS RECORDED YESTERDAY.
  NO SIGNIFICANT WEATHER WAS OBSERVED.


RELATIVE HUMIDITY (PERCENT)
 HIGHEST    81           400 AM
 LOWEST     45           300 PM
 AVERAGE    63

..........................................................


THE MADISON WI CLIMATE NORMALS FOR TODAY
                         NORMAL    RECORD    YEAR
 MAXIMUM TEMPERATURE (F)   71        90      1955
 MINIMUM TEMPERATURE (F)   50        36      1980


SUNRISE AND SUNSET
SEPTEMBER 17 2017.....SUNRISE   639 AM CDT   SUNSET   703 PM CDT
SEPTEMBER 18 2017.....SUNRISE   640 AM CDT   SUNSET   701 PM CDT


-  INDICATES NEGATIVE NUMBERS.
R  INDICATES RECORD WAS SET OR TIED.
MM INDICATES DATA IS MISSING.
T  INDICATES TRACE AMOUNT.




$$
