000
CDUS43 KMKX 152128
CLIMSN


CLIMATE REPORT
NATIONAL WEATHER SERVICE IN MILWAUKEE
426 PM CDT SAT JUL 15 2017


...................................

...THE MADISON WI CLIMATE SUMMARY FOR JULY 15 2017...
VALID TODAY AS OF 0400 PM LOCAL TIME.

CLIMATE NORMAL PERIOD 1981 TO 2010
CLIMATE RECORD PERIOD 1871 TO 2017


WEATHER ITEM   OBSERVED TIME   RECORD YEAR NORMAL DEPARTURE LAST
                VALUE   (LST)  VALUE       VALUE  FROM      YEAR
                                                  NORMAL
..................................................................
TEMPERATURE (F)
 TODAY
  MAXIMUM         79    259 PM 100    1988  82     -3       72
  MINIMUM         55    421 AM  41    1967  61     -6       55
  AVERAGE         67                        72     -5       64

PRECIPITATION (IN)
  TODAY            0.00          2.69 1950   0.13  -0.13     0.01
  MONTH TO DATE    2.86                      2.10   0.76     0.65
  SINCE JUN 1      9.59                      6.64   2.95     6.00
  SINCE JAN 1     25.25                     18.47   6.78    15.79

SNOWFALL (IN)
  TODAY            0.0           0.0    MM   0.0    0.0      0.0
  MONTH TO DATE    0.0                       0.0    0.0      0.0
  SINCE JUN 1      0.0                       0.0    0.0      0.0
  SINCE JUL 1      0.0                       0.0    0.0      0.0
  SNOW DEPTH       0

DEGREE DAYS
 HEATING
  TODAY            0                         0      0        1
  MONTH TO DATE    0                         0      0        4
  SINCE JUN 1     30                        60    -30       18
  SINCE JUL 1      0                         0      0        4

 COOLING
  TODAY            2                         7     -5        0
  MONTH TO DATE  101                       103     -2      101
  SINCE JUN 1    258                       223     35      250
  SINCE JAN 1    273                       253     20      302
..................................................................


WIND (MPH)
  HIGHEST WIND SPEED    13   HIGHEST WIND DIRECTION     S (200)
  HIGHEST GUST SPEED    19   HIGHEST GUST DIRECTION     S (190)
  AVERAGE WIND SPEED     3.7


SKY COVER
  POSSIBLE SUNSHINE  MM
  AVERAGE SKY COVER 0.4


WEATHER CONDITIONS
 THE FOLLOWING WEATHER WAS RECORDED TODAY.
  FOG


RELATIVE HUMIDITY (PERCENT)
 HIGHEST   100           100 AM
 LOWEST     64          1000 AM
 AVERAGE    82

..........................................................


THE MADISON WI CLIMATE NORMALS FOR TOMORROW
                         NORMAL    RECORD    YEAR
 MAXIMUM TEMPERATURE (F)   82        98      2012
 MINIMUM TEMPERATURE (F)   61        48      2014
                                             1973
                                             1966


SUNRISE AND SUNSET
JULY 15 2017..........SUNRISE   532 AM CDT   SUNSET   835 PM CDT
JULY 16 2017..........SUNRISE   532 AM CDT   SUNSET   834 PM CDT


-  INDICATES NEGATIVE NUMBERS.
R  INDICATES RECORD WAS SET OR TIED.
MM INDICATES DATA IS MISSING.
T  INDICATES TRACE AMOUNT.




$$
