000
CDUS43 KMKX 212140
CLIMSN


CLIMATE REPORT
NATIONAL WEATHER SERVICE IN MILWAUKEE
440 PM CDT SAT OCT 21 2017


...................................

...THE MADISON WI CLIMATE SUMMARY FOR OCTOBER 21 2017...
VALID TODAY AS OF 0400 PM LOCAL TIME.

CLIMATE NORMAL PERIOD 1981 TO 2010
CLIMATE RECORD PERIOD 1871 TO 2017


WEATHER ITEM   OBSERVED TIME   RECORD YEAR NORMAL DEPARTURE LAST
                VALUE   (LST)  VALUE       VALUE  FROM      YEAR
                                                  NORMAL
..................................................................
TEMPERATURE (F)
 TODAY
  MAXIMUM         76    259 PM  84    1947  57     19       51
  MINIMUM         58    651 AM  20    1960  37     21       33
  AVERAGE         67                        47     20       42

PRECIPITATION (IN)
  TODAY            T             1.04 1951   0.08  -0.08     0.00
  MONTH TO DATE    2.77                      1.61   1.16     2.54
  SINCE SEP 1      3.32                      4.74  -1.42    11.00
  SINCE JAN 1     36.08                     29.56   6.52    39.24

SNOWFALL (IN)
  TODAY            0.0           2.3  2006   0.0    0.0      0.0
  MONTH TO DATE    0.0                       0.2   -0.2      0.0
  SINCE SEP 1      0.0                       0.2   -0.2      0.0
  SINCE JUL 1      0.0                       0.2   -0.2      0.0
  SNOW DEPTH       0

DEGREE DAYS
 HEATING
  TODAY            0                        18    -18       23
  MONTH TO DATE  125                       307   -182      186
  SINCE SEP 1    238                       478   -240      228
  SINCE JUL 1    263                       515   -252      235

 COOLING
  TODAY            2                         0      2        0
  MONTH TO DATE   10                         0     10        9
  SINCE SEP 1    120                        51     69       85
  SINCE JAN 1    580                       564     16      780
..................................................................


WIND (MPH)
  HIGHEST WIND SPEED    24   HIGHEST WIND DIRECTION     S (170)
  HIGHEST GUST SPEED    30   HIGHEST GUST DIRECTION     S (170)
  AVERAGE WIND SPEED    13.8


SKY COVER
  POSSIBLE SUNSHINE  MM
  AVERAGE SKY COVER 0.4


WEATHER CONDITIONS
 THE FOLLOWING WEATHER WAS RECORDED TODAY.
  NO SIGNIFICANT WEATHER WAS OBSERVED.


RELATIVE HUMIDITY (PERCENT)
 HIGHEST    77           600 AM
 LOWEST     52          1200 AM
 AVERAGE    65

..........................................................


THE MADISON WI CLIMATE NORMALS FOR TOMORROW
                         NORMAL    RECORD    YEAR
 MAXIMUM TEMPERATURE (F)   57        81      1947
 MINIMUM TEMPERATURE (F)   37        17      1982


SUNRISE AND SUNSET
OCTOBER 21 2017.......SUNRISE   719 AM CDT   SUNSET   605 PM CDT
OCTOBER 22 2017.......SUNRISE   720 AM CDT   SUNSET   603 PM CDT


-  INDICATES NEGATIVE NUMBERS.
R  INDICATES RECORD WAS SET OR TIED.
MM INDICATES DATA IS MISSING.
T  INDICATES TRACE AMOUNT.




$$
