000
CDUS43 KMKX 050647
CLIMSN


CLIMATE REPORT
NATIONAL WEATHER SERVICE IN MILWAUKEE
1246 AM CST THU MAR 5 2015


...................................

...THE MADISON WI CLIMATE SUMMARY FOR MARCH 4 2015...

CLIMATE NORMAL PERIOD 1981 TO 2010
CLIMATE RECORD PERIOD 1871 TO 2015


WEATHER ITEM   OBSERVED TIME   RECORD YEAR NORMAL DEPARTURE LAST
                VALUE   (LST)  VALUE       VALUE  FROM      YEAR
                                                  NORMAL
..................................................................
TEMPERATURE (F)
 YESTERDAY
  MAXIMUM         25   1201 AM  69    1983  38    -13       21
  MINIMUM          4   1158 PM  -9    1884  21    -17        9
  AVERAGE         15                        29    -14       15

PRECIPITATION (IN)
  YESTERDAY        0.00          1.86 1976   0.06  -0.06     0.22
  MONTH TO DATE    0.11                      0.24  -0.13     0.29
  SINCE MAR 1      0.11                      0.24  -0.13     0.29
  SINCE JAN 1      1.31                      2.92  -1.61     2.18

SNOWFALL (IN)
  YESTERDAY        0.0           5.4  1982   0.3   -0.3      2.6
  MONTH TO DATE    0.8                       1.2   -0.4      4.1
  SINCE MAR 1      0.8                       1.2   -0.4      4.1
  SINCE JUL 1     30.3                      42.3  -12.0     54.1
  SNOW DEPTH       6

DEGREE DAYS
 HEATING
  YESTERDAY       50                        36     14       50
  MONTH TO DATE  180                       146     34      227
  SINCE MAR 1    180                       146     34      227
  SINCE JUL 1   5891                      5632    259     6339

 COOLING
  YESTERDAY        0                         0      0        0
  MONTH TO DATE    0                         0      0        0
  SINCE MAR 1      0                         0      0        0
  SINCE JAN 1      0                         0      0        0
..................................................................


WIND (MPH)
  HIGHEST WIND SPEED    20   HIGHEST WIND DIRECTION    NW (310)
  HIGHEST GUST SPEED    29   HIGHEST GUST DIRECTION    NW (330)
  AVERAGE WIND SPEED     9.8


SKY COVER
  POSSIBLE SUNSHINE  MM
  AVERAGE SKY COVER 0.3


WEATHER CONDITIONS
 THE FOLLOWING WEATHER WAS RECORDED YESTERDAY.
  NO SIGNIFICANT WEATHER WAS OBSERVED.


RELATIVE HUMIDITY (PERCENT)
 HIGHEST    74           200 AM
 LOWEST     37           200 PM
 AVERAGE    56

..........................................................


THE MADISON WI CLIMATE NORMALS FOR TODAY
                         NORMAL    RECORD    YEAR
 MAXIMUM TEMPERATURE (F)   38        68      2000
 MINIMUM TEMPERATURE (F)   21       -12      1890


SUNRISE AND SUNSET
MARCH  5 2015.........SUNRISE   627 AM CST   SUNSET   551 PM CST
MARCH  6 2015.........SUNRISE   625 AM CST   SUNSET   552 PM CST


-  INDICATES NEGATIVE NUMBERS.
R  INDICATES RECORD WAS SET OR TIED.
MM INDICATES DATA IS MISSING.
T  INDICATES TRACE AMOUNT.




$$
