000
CDUS43 KMKX 242043
CLIMSN


CLIMATE REPORT
NATIONAL WEATHER SERVICE IN MILWAUKEE
342 PM CDT SAT SEP 24 2016


...................................

...THE MADISON WI CLIMATE SUMMARY FOR SEPTEMBER 24 2016...
VALID TODAY AS OF 0300 PM LOCAL TIME.

CLIMATE NORMAL PERIOD 1981 TO 2010
CLIMATE RECORD PERIOD 1871 TO 2016


WEATHER ITEM   OBSERVED TIME   RECORD YEAR NORMAL DEPARTURE LAST
                VALUE   (LST)  VALUE       VALUE  FROM      YEAR
                                                  NORMAL
..................................................................
TEMPERATURE (F)
 TODAY
  MAXIMUM         70    159 PM  88    1935  68      2       77
  MINIMUM         61    836 AM  26    1976  47     14       53
  AVERAGE         66                        57      9       65

PRECIPITATION (IN)
  TODAY            0.07          2.07 1899   0.10  -0.03     0.00
  MONTH TO DATE    7.97                      2.58   5.39     3.96
  SINCE SEP 1      7.97                      2.58   5.39     3.96
  SINCE JAN 1     36.21                     27.40   8.81    26.75

SNOWFALL (IN)
  TODAY            0.0           0.0    MM   0.0    0.0      0.0
  MONTH TO DATE    0.0                       0.0    0.0      0.0
  SINCE SEP 1      0.0                       0.0    0.0      0.0
  SINCE JUL 1      0.0                       0.0    0.0      0.0
  SNOW DEPTH       0

DEGREE DAYS
 HEATING
  TODAY            0                         8     -8        0
  MONTH TO DATE    9                       114   -105       40
  SINCE SEP 1      9                       114   -105       40
  SINCE JUL 1     16                       151   -135       72

 COOLING
  TODAY            1                         1      0        0
  MONTH TO DATE   71                        48     23      129
  SINCE SEP 1     71                        48     23      129
  SINCE JAN 1    766                       561    205      658
..................................................................


WIND (MPH)
  HIGHEST WIND SPEED    16   HIGHEST WIND DIRECTION    SE (120)
  HIGHEST GUST SPEED    22   HIGHEST GUST DIRECTION     E (110)
  AVERAGE WIND SPEED     8.7


SKY COVER
  POSSIBLE SUNSHINE  MM
  AVERAGE SKY COVER 1.0


WEATHER CONDITIONS
 THE FOLLOWING WEATHER WAS RECORDED TODAY.
  RAIN
  LIGHT RAIN
  FOG


RELATIVE HUMIDITY (PERCENT)
 HIGHEST    97           700 AM
 LOWEST     73           200 PM
 AVERAGE    85

..........................................................


THE MADISON WI CLIMATE NORMALS FOR TOMORROW
                         NORMAL    RECORD    YEAR
 MAXIMUM TEMPERATURE (F)   68        89      1920
 MINIMUM TEMPERATURE (F)   46        30      1942


SUNRISE AND SUNSET
SEPTEMBER 24 2016.....SUNRISE   647 AM CDT   SUNSET   650 PM CDT
SEPTEMBER 25 2016.....SUNRISE   648 AM CDT   SUNSET   648 PM CDT


-  INDICATES NEGATIVE NUMBERS.
R  INDICATES RECORD WAS SET OR TIED.
MM INDICATES DATA IS MISSING.
T  INDICATES TRACE AMOUNT.




$$
