999
CDUS43 KMKX 252142
CLIMSN


CLIMATE REPORT
NATIONAL WEATHER SERVICE IN MILWAUKEE
441 PM CDT WED MAY 25 2016


...................................

...THE MADISON WI CLIMATE SUMMARY FOR MAY 25 2016...
VALID TODAY AS OF 0400 PM LOCAL TIME.

CLIMATE NORMAL PERIOD 1981 TO 2010
CLIMATE RECORD PERIOD 1871 TO 2016


WEATHER ITEM   OBSERVED TIME   RECORD YEAR NORMAL DEPARTURE LAST
                VALUE   (LST)  VALUE       VALUE  FROM      YEAR
                                                  NORMAL
..................................................................
TEMPERATURE (F)
 TODAY
  MAXIMUM         85    137 PM  89    1977  71     14       79
  MINIMUM         59    434 AM  30    1988  49     10       62
  AVERAGE         72                        60     12       71

PRECIPITATION (IN)
  TODAY            0.06          1.80 1883   0.13  -0.07     0.06
  MONTH TO DATE    1.55                      2.79  -1.24     3.40
  SINCE MAR 1      7.62                      8.39  -0.77     8.54
  SINCE JAN 1      9.12                     11.07  -1.95     9.74

SNOWFALL (IN)
  TODAY            0.0           0.0    MM   0.0    0.0      0.0
  MONTH TO DATE    0.0                       0.2   -0.2      0.0
  SINCE MAR 1      8.2                       9.8   -1.6      4.2
  SINCE JUL 1     32.7                      50.9  -18.2     33.7
  SNOW DEPTH       0

DEGREE DAYS
 HEATING
  TODAY            0                         6     -6        0
  MONTH TO DATE  246                       234     12      167
  SINCE MAR 1   1584                      1755   -171     1596
  SINCE JUL 1   6184                      7241  -1057     7307

 COOLING
  TODAY            7                         1      6        6
  MONTH TO DATE   15                        15      0       32
  SINCE MAR 1     15                        19     -4       32
  SINCE JAN 1     15                        19     -4       32
..................................................................


WIND (MPH)
  HIGHEST WIND SPEED    21   HIGHEST WIND DIRECTION     S (160)
  HIGHEST GUST SPEED    26   HIGHEST GUST DIRECTION     S (170)
  AVERAGE WIND SPEED     6.0


SKY COVER
  POSSIBLE SUNSHINE  MM
  AVERAGE SKY COVER 0.6


WEATHER CONDITIONS
 THE FOLLOWING WEATHER WAS RECORDED TODAY.
  THUNDERSTORM
  FOG


RELATIVE HUMIDITY (PERCENT)
 HIGHEST    97           300 AM
 LOWEST     51           100 PM
 AVERAGE    74

..........................................................


THE MADISON WI CLIMATE NORMALS FOR TOMORROW
                         NORMAL    RECORD    YEAR
 MAXIMUM TEMPERATURE (F)   72        91      1978
 MINIMUM TEMPERATURE (F)   49        30      1983


SUNRISE AND SUNSET
MAY 25 2016...........SUNRISE   524 AM CDT   SUNSET   825 PM CDT
MAY 26 2016...........SUNRISE   524 AM CDT   SUNSET   826 PM CDT


-  INDICATES NEGATIVE NUMBERS.
R  INDICATES RECORD WAS SET OR TIED.
MM INDICATES DATA IS MISSING.
T  INDICATES TRACE AMOUNT.




$$
