000
CDUS43 KMKX 202140
CLIMSN


CLIMATE REPORT
NATIONAL WEATHER SERVICE IN MILWAUKEE
440 PM CDT THU APR 20 2017


...................................

...THE MADISON WI CLIMATE SUMMARY FOR APRIL 20 2017...
VALID TODAY AS OF 0400 PM LOCAL TIME.

CLIMATE NORMAL PERIOD 1981 TO 2010
CLIMATE RECORD PERIOD 1871 TO 2017


WEATHER ITEM   OBSERVED TIME   RECORD YEAR NORMAL DEPARTURE LAST
                VALUE   (LST)  VALUE       VALUE  FROM      YEAR
                                                  NORMAL
..................................................................
TEMPERATURE (F)
 TODAY
  MAXIMUM         57    141 PM  85    1987  59     -2       70
  MINIMUM         41    117 AM  21    1962  38      3       43
                                      1956
  AVERAGE         49                        48      1       57

PRECIPITATION (IN)
  TODAY            0.40          1.36 1973   0.12   0.28      T
  MONTH TO DATE    2.98                      2.25   0.73     1.02
  SINCE MAR 1      5.81                      4.45   1.36     4.98
  SINCE JAN 1     10.51                      7.13   3.38     6.48

SNOWFALL (IN)
  TODAY           MM             2.7  1993   0.1   MM        0.0
  MONTH TO DATE    T                         2.2   -2.2      4.2
  SINCE MAR 1      8.3                       9.2   -0.9      8.2
  SINCE JUL 1     44.0                      50.3   -6.3     32.7
  SNOW DEPTH       0

DEGREE DAYS
 HEATING
  TODAY           16                        17     -1        8
  MONTH TO DATE  283                       411   -128      422
  SINCE MAR 1   1232                      1374   -142     1192
  SINCE JUL 1   5744                      6860  -1116     5792

 COOLING
  TODAY            0                         0      0        0
  MONTH TO DATE    0                         0      0        0
  SINCE MAR 1      0                         0      0        0
  SINCE JAN 1      0                         0      0        0
..................................................................


WIND (MPH)
  HIGHEST WIND SPEED    24   HIGHEST WIND DIRECTION     E (70)
  HIGHEST GUST SPEED    35   HIGHEST GUST DIRECTION    NW (330)
  AVERAGE WIND SPEED     8.2


SKY COVER
  POSSIBLE SUNSHINE  MM
  AVERAGE SKY COVER 0.9


WEATHER CONDITIONS
 THE FOLLOWING WEATHER WAS RECORDED TODAY.
  THUNDERSTORM
  HEAVY RAIN
  RAIN
  FOG


RELATIVE HUMIDITY (PERCENT)
 HIGHEST   100           500 AM
 LOWEST     71           300 PM
 AVERAGE    86

..........................................................


THE MADISON WI CLIMATE NORMALS FOR TOMORROW
                         NORMAL    RECORD    YEAR
 MAXIMUM TEMPERATURE (F)   60        84      1980
 MINIMUM TEMPERATURE (F)   38        21      1981


SUNRISE AND SUNSET
APRIL 20 2017.........SUNRISE   607 AM CDT   SUNSET   746 PM CDT
APRIL 21 2017.........SUNRISE   605 AM CDT   SUNSET   747 PM CDT


-  INDICATES NEGATIVE NUMBERS.
R  INDICATES RECORD WAS SET OR TIED.
MM INDICATES DATA IS MISSING.
T  INDICATES TRACE AMOUNT.




$$
