000
CDUS43 KMKX 260646
CLIMSN


CLIMATE REPORT
NATIONAL WEATHER SERVICE IN MILWAUKEE
144 AM CDT SUN OCT 26 2014


...................................

...THE MADISON WI CLIMATE SUMMARY FOR OCTOBER 25 2014...

CLIMATE NORMAL PERIOD 1981 TO 2010
CLIMATE RECORD PERIOD 1871 TO 2014


WEATHER ITEM   OBSERVED TIME   RECORD YEAR NORMAL DEPARTURE LAST
                VALUE   (LST)  VALUE       VALUE  FROM      YEAR
                                                  NORMAL
..................................................................
TEMPERATURE (F)
 YESTERDAY
  MAXIMUM         69    159 PM  78    1989  55     14       51
  MINIMUM         49   1159 PM  12    1887  36     13       29
  AVERAGE         59                        46     13       40

PRECIPITATION (IN)
  YESTERDAY        0.00          0.86 1932   0.08  -0.08     0.00
  MONTH TO DATE    2.98                      1.92   1.06     1.31
  SINCE SEP 1      4.82                      5.05  -0.23     4.50
  SINCE JAN 1     32.63                     29.87   2.76    40.98

SNOWFALL (IN)
  YESTERDAY        0.0           1.0  1898   0.0    0.0      0.0
  MONTH TO DATE    T                         0.3   -0.3       T
  SINCE SEP 1      T                         0.3   -0.3       T
  SINCE JUL 1      T                         0.3   -0.3       T
  SNOW DEPTH       0

DEGREE DAYS
 HEATING
  YESTERDAY        6                        19    -13       25
  MONTH TO DATE  352                       382    -30      345
  SINCE SEP 1    518                       553    -35      472
  SINCE JUL 1    535                       590    -55      502

 COOLING
  YESTERDAY        0                         0      0        0
  MONTH TO DATE    0                         0      0        2
  SINCE SEP 1     44                        51     -7       96
  SINCE JAN 1    620                       564     56      709
..................................................................


WIND (MPH)
  HIGHEST WIND SPEED    18   HIGHEST WIND DIRECTION    NW (300)
  HIGHEST GUST SPEED    29   HIGHEST GUST DIRECTION    NW (310)
  AVERAGE WIND SPEED     7.5


SKY COVER
  POSSIBLE SUNSHINE  MM
  AVERAGE SKY COVER 0.2


WEATHER CONDITIONS
 THE FOLLOWING WEATHER WAS RECORDED YESTERDAY.
  FOG


RELATIVE HUMIDITY (PERCENT)
 HIGHEST    93          1200 AM
 LOWEST     19           300 PM
 AVERAGE    56

..........................................................


THE MADISON WI CLIMATE NORMALS FOR TODAY
                         NORMAL    RECORD    YEAR
 MAXIMUM TEMPERATURE (F)   55        80      1927
 MINIMUM TEMPERATURE (F)   36        16      1962


SUNRISE AND SUNSET
OCTOBER 26 2014.......SUNRISE   724 AM CDT   SUNSET   557 PM CDT
OCTOBER 27 2014.......SUNRISE   726 AM CDT   SUNSET   556 PM CDT


-  INDICATES NEGATIVE NUMBERS.
R  INDICATES RECORD WAS SET OR TIED.
MM INDICATES DATA IS MISSING.
T  INDICATES TRACE AMOUNT.




$$
