000
CDUS43 KMKX 240648
CLIMSN


CLIMATE REPORT
NATIONAL WEATHER SERVICE IN MILWAUKEE
146 AM CDT SUN APR 24 2016


...................................

...THE MADISON WI CLIMATE SUMMARY FOR APRIL 23 2016...

CLIMATE NORMAL PERIOD 1981 TO 2010
CLIMATE RECORD PERIOD 1871 TO 2016


WEATHER ITEM   OBSERVED TIME   RECORD YEAR NORMAL DEPARTURE LAST
                VALUE   (LST)  VALUE       VALUE  FROM      YEAR
                                                  NORMAL
..................................................................
TEMPERATURE (F)
 YESTERDAY
  MAXIMUM         65    431 PM  83    1960  61      4       54
  MINIMUM         34    515 AM  19    1910  39     -5       28
  AVERAGE         50                        50      0       41

PRECIPITATION (IN)
  YESTERDAY        0.00          1.23 1944   0.11  -0.11     0.00
  MONTH TO DATE    1.02                      2.59  -1.57     4.14
  SINCE MAR 1      4.98                      4.79   0.19     4.90
  SINCE JAN 1      6.48                      7.47  -0.99     6.10

SNOWFALL (IN)
  YESTERDAY        0.0           7.3  1910   0.0    0.0      0.0
  MONTH TO DATE    4.2                       2.3    1.9       T
  SINCE MAR 1      8.2                       9.3   -1.1      4.2
  SINCE JUL 1     32.7                      50.4  -17.7     33.7
  SNOW DEPTH       0

DEGREE DAYS
 HEATING
  YESTERDAY       15                        16     -1       24
  MONTH TO DATE  456                       459     -3      368
  SINCE MAR 1   1226                      1422   -196     1303
  SINCE JUL 1   5826                      6908  -1082     7014

 COOLING
  YESTERDAY        0                         0      0        0
  MONTH TO DATE    0                         0      0        0
  SINCE MAR 1      0                         0      0        0
  SINCE JAN 1      0                         0      0        0
..................................................................


WIND (MPH)
  HIGHEST WIND SPEED    17   HIGHEST WIND DIRECTION     E (110)
  HIGHEST GUST SPEED    20   HIGHEST GUST DIRECTION     E (110)
  AVERAGE WIND SPEED     6.5


SKY COVER
  POSSIBLE SUNSHINE  MM
  AVERAGE SKY COVER 0.4


WEATHER CONDITIONS
 THE FOLLOWING WEATHER WAS RECORDED YESTERDAY.
  NO SIGNIFICANT WEATHER WAS OBSERVED.


RELATIVE HUMIDITY (PERCENT)
 HIGHEST    89           500 AM
 LOWEST     36           600 PM
 AVERAGE    63

..........................................................


THE MADISON WI CLIMATE NORMALS FOR TODAY
                         NORMAL    RECORD    YEAR
 MAXIMUM TEMPERATURE (F)   61        85      1990
 MINIMUM TEMPERATURE (F)   39        21      1910


SUNRISE AND SUNSET
APRIL 24 2016.........SUNRISE   600 AM CDT   SUNSET   751 PM CDT
APRIL 25 2016.........SUNRISE   559 AM CDT   SUNSET   752 PM CDT


-  INDICATES NEGATIVE NUMBERS.
R  INDICATES RECORD WAS SET OR TIED.
MM INDICATES DATA IS MISSING.
T  INDICATES TRACE AMOUNT.




$$
