000
CDUS43 KMKX 270656
CLIMSN


CLIMATE REPORT
NATIONAL WEATHER SERVICE IN MILWAUKEE
156 AM CDT FRI MAR 27 2015


...................................

...THE MADISON WI CLIMATE SUMMARY FOR MARCH 26 2015...

CLIMATE NORMAL PERIOD 1981 TO 2010
CLIMATE RECORD PERIOD 1871 TO 2015


WEATHER ITEM   OBSERVED TIME   RECORD YEAR NORMAL DEPARTURE LAST
                VALUE   (LST)  VALUE       VALUE  FROM      YEAR
                                                  NORMAL
..................................................................
TEMPERATURE (F)
 YESTERDAY
  MAXIMUM         37    400 PM  79    2007  48    -11       39
  MINIMUM         25   1159 PM  -9    1960  28     -3        9
  AVERAGE         31                        38     -7       24

PRECIPITATION (IN)
  YESTERDAY        0.00          1.12 1928   0.09  -0.09     0.00
  MONTH TO DATE    0.68                      1.75  -1.07     0.79
  SINCE MAR 1      0.68                      1.75  -1.07     0.79
  SINCE JAN 1      1.88                      4.43  -2.55     2.68

SNOWFALL (IN)
  YESTERDAY        0.0           5.0  1928   0.1   -0.1      0.0
  MONTH TO DATE    4.2                       6.1   -1.9      8.2
  SINCE MAR 1      4.2                       6.1   -1.9      8.2
  SINCE JUL 1     33.7                      47.2  -13.5     58.2
  SNOW DEPTH       0

DEGREE DAYS
 HEATING
  YESTERDAY       34                        27      7       41
  MONTH TO DATE  795                       833    -38     1033
  SINCE MAR 1    795                       833    -38     1033
  SINCE JUL 1   6506                      6319    187     7145

 COOLING
  YESTERDAY        0                         0      0        0
  MONTH TO DATE    0                         0      0        0
  SINCE MAR 1      0                         0      0        0
  SINCE JAN 1      0                         0      0        0
..................................................................


WIND (MPH)
  HIGHEST WIND SPEED    18   HIGHEST WIND DIRECTION    NW (310)
  HIGHEST GUST SPEED    25   HIGHEST GUST DIRECTION    SW (220)
  AVERAGE WIND SPEED    10.2


SKY COVER
  POSSIBLE SUNSHINE  MM
  AVERAGE SKY COVER 0.9


WEATHER CONDITIONS
 THE FOLLOWING WEATHER WAS RECORDED YESTERDAY.
  NO SIGNIFICANT WEATHER WAS OBSERVED.


RELATIVE HUMIDITY (PERCENT)
 HIGHEST    69           500 AM
 LOWEST     47           400 PM
 AVERAGE    58

..........................................................


THE MADISON WI CLIMATE NORMALS FOR TODAY
                         NORMAL    RECORD    YEAR
 MAXIMUM TEMPERATURE (F)   48        78      1945
                                             1910
 MINIMUM TEMPERATURE (F)   29         2      1965


SUNRISE AND SUNSET
MARCH 27 2015.........SUNRISE   649 AM CDT   SUNSET   718 PM CDT
MARCH 28 2015.........SUNRISE   647 AM CDT   SUNSET   719 PM CDT


-  INDICATES NEGATIVE NUMBERS.
R  INDICATES RECORD WAS SET OR TIED.
MM INDICATES DATA IS MISSING.
T  INDICATES TRACE AMOUNT.




$$
