359
CDUS43 KMKX 160643
CLIMSN


CLIMATE REPORT
NATIONAL WEATHER SERVICE IN MILWAUKEE
1242 AM CST THU NOV 16 2017


...................................

...THE MADISON WI CLIMATE SUMMARY FOR NOVEMBER 15 2017...

CLIMATE NORMAL PERIOD 1981 TO 2010
CLIMATE RECORD PERIOD 1871 TO 2017


WEATHER ITEM   OBSERVED TIME   RECORD YEAR NORMAL DEPARTURE LAST
                VALUE   (LST)  VALUE       VALUE  FROM      YEAR
                                                  NORMAL
..................................................................
TEMPERATURE (F)
 YESTERDAY
  MAXIMUM         50    206 PM  68    1990  44      6       55
  MINIMUM         32   1153 PM   5    1959  29      3       36
  AVERAGE         41                        36      5       46

PRECIPITATION (IN)
  YESTERDAY        0.10          0.95 1947   0.09   0.01     0.00
  MONTH TO DATE    0.45                      1.21  -0.76     0.25
  SINCE SEP 1      4.56                      6.74  -2.18    13.67
  SINCE JAN 1     37.32                     31.56   5.76    41.91

SNOWFALL (IN)
  YESTERDAY        0.0           3.8  1947   0.1   -0.1      0.0
  MONTH TO DATE    T                         0.9   -0.9      0.0
  SINCE SEP 1      T                         1.4   -1.4      0.0
  SINCE JUL 1      T                         1.4   -1.4      0.0
  SNOW DEPTH       0

DEGREE DAYS
 HEATING
  YESTERDAY       24                        28     -4       19
  MONTH TO DATE  450                       376     74      236
  SINCE SEP 1    910                      1052   -142      625
  SINCE JUL 1    935                      1089   -154      632

 COOLING
  YESTERDAY        0                         0      0        0
  MONTH TO DATE    0                         0      0        0
  SINCE SEP 1    120                        55     65       85
  SINCE JAN 1    580                       568     12      780
..................................................................


WIND (MPH)
  HIGHEST WIND SPEED    22   HIGHEST WIND DIRECTION    NW (310)
  HIGHEST GUST SPEED    36   HIGHEST GUST DIRECTION     W (280)
  AVERAGE WIND SPEED    11.2


SKY COVER
  POSSIBLE SUNSHINE  MM
  AVERAGE SKY COVER 1.0


WEATHER CONDITIONS
 THE FOLLOWING WEATHER WAS RECORDED YESTERDAY.
  RAIN
  LIGHT RAIN
  FOG


RELATIVE HUMIDITY (PERCENT)
 HIGHEST    93          1100 AM
 LOWEST     64          1000 PM
 AVERAGE    79

..........................................................


THE MADISON WI CLIMATE NORMALS FOR TODAY
                         NORMAL    RECORD    YEAR
 MAXIMUM TEMPERATURE (F)   44        70      1953
                                             1931
 MINIMUM TEMPERATURE (F)   28         2      1959
                                             1883


SUNRISE AND SUNSET
NOVEMBER 16 2017......SUNRISE   652 AM CST   SUNSET   432 PM CST
NOVEMBER 17 2017......SUNRISE   653 AM CST   SUNSET   431 PM CST


-  INDICATES NEGATIVE NUMBERS.
R  INDICATES RECORD WAS SET OR TIED.
MM INDICATES DATA IS MISSING.
T  INDICATES TRACE AMOUNT.




$$
