619
CDUS43 KMKX 150641
CLIMSN


CLIMATE REPORT
NATIONAL WEATHER SERVICE IN MILWAUKEE
1240 AM CST SUN JAN 15 2017


...................................

...THE MADISON WI CLIMATE SUMMARY FOR JANUARY 14 2017...

CLIMATE NORMAL PERIOD 1981 TO 2010
CLIMATE RECORD PERIOD 1871 TO 2017


WEATHER ITEM   OBSERVED TIME   RECORD YEAR NORMAL DEPARTURE LAST
                VALUE   (LST)  VALUE       VALUE  FROM      YEAR
                                                  NORMAL
..................................................................
TEMPERATURE (F)
 YESTERDAY
  MAXIMUM         27    219 PM  48    1952  26      1       35
                                      1928
  MINIMUM         10   1151 PM -26    1963  11     -1       14
  AVERAGE         19                        18      1       25

PRECIPITATION (IN)
  YESTERDAY        0.00          0.52 1940   0.04  -0.04     0.00
                                      1930
  MONTH TO DATE    0.75                      0.57   0.18     0.56
  SINCE DEC 1      2.78                      2.31   0.47     3.89
  SINCE JAN 1      0.75                      0.57   0.18     0.56

SNOWFALL (IN)
  YESTERDAY        0.0           9.4  1940   0.5   -0.5      0.0
  MONTH TO DATE    2.1                       5.8   -3.7      2.1
  SINCE DEC 1     24.8                      19.3    5.5      9.5
  SINCE JUL 1     24.8                      23.4    1.4     13.6
  SNOW DEPTH       1

DEGREE DAYS
 HEATING
  YESTERDAY       46                        47     -1       40
  MONTH TO DATE  686                       647     39      635
  SINCE DEC 1   1995                      1947     48     1556
  SINCE JUL 1   3017                      3526   -509     2747

 COOLING
  YESTERDAY        0                         0      0        0
  MONTH TO DATE    0                         0      0        0
  SINCE DEC 1      0                         0      0        0
  SINCE JAN 1      0                         0      0        0
..................................................................


WIND (MPH)
  HIGHEST WIND SPEED     9   HIGHEST WIND DIRECTION    NW (320)
  HIGHEST GUST SPEED    12   HIGHEST GUST DIRECTION     W (260)
  AVERAGE WIND SPEED     2.3


SKY COVER
  POSSIBLE SUNSHINE  MM
  AVERAGE SKY COVER 0.4


WEATHER CONDITIONS
 THE FOLLOWING WEATHER WAS RECORDED YESTERDAY.
  FOG


RELATIVE HUMIDITY (PERCENT)
 HIGHEST    84          1000 PM
 LOWEST     62          1100 AM
 AVERAGE    73

..........................................................


THE MADISON WI CLIMATE NORMALS FOR TODAY
                         NORMAL    RECORD    YEAR
 MAXIMUM TEMPERATURE (F)   26        54      1953
 MINIMUM TEMPERATURE (F)   11       -30      1963


SUNRISE AND SUNSET
JANUARY 15 2017.......SUNRISE   726 AM CST   SUNSET   448 PM CST
JANUARY 16 2017.......SUNRISE   725 AM CST   SUNSET   449 PM CST


-  INDICATES NEGATIVE NUMBERS.
R  INDICATES RECORD WAS SET OR TIED.
MM INDICATES DATA IS MISSING.
T  INDICATES TRACE AMOUNT.




$$
