000
CDUS43 KMKX 090633
CLIMSN


CLIMATE REPORT
NATIONAL WEATHER SERVICE IN MILWAUKEE
132 AM CDT SAT SEP 9 2017


...................................

...THE MADISON WI CLIMATE SUMMARY FOR SEPTEMBER 8 2017...
VALID TODAY AS OF 0100 AM LOCAL TIME.

CLIMATE NORMAL PERIOD 1981 TO 2010
CLIMATE RECORD PERIOD 1871 TO 2017


WEATHER ITEM   OBSERVED TIME   RECORD YEAR NORMAL DEPARTURE LAST
                VALUE   (LST)  VALUE       VALUE  FROM      YEAR
                                                  NORMAL
..................................................................
TEMPERATURE (F)
 TODAY
  MAXIMUM         64    226 PM  97    1978  75    -11       82
  MINIMUM         51    624 AM  37    1986  54     -3       60
  AVERAGE         58                        64     -6       71

PRECIPITATION (IN)
  TODAY            0.04          2.79 1941   0.12  -0.08      T
  MONTH TO DATE    0.14                      0.91  -0.77     3.01
  SINCE SEP 1      0.14                      0.91  -0.77     3.01
  SINCE JAN 1     32.90                     25.73   7.17    31.25

SNOWFALL (IN)
  TODAY            0.0           0.0    MM   0.0    0.0      0.0
  MONTH TO DATE    0.0                       0.0    0.0      0.0
  SINCE SEP 1      0.0                       0.0    0.0      0.0
  SINCE JUL 1      0.0                       0.0    0.0      0.0
  SNOW DEPTH       0

DEGREE DAYS
 HEATING
  TODAY            7                         3      4        0
  MONTH TO DATE   49                        20     29        5
  SINCE SEP 1     49                        20     29        5
  SINCE JUL 1     74                        57     17       12

 COOLING
  TODAY            0                         3     -3        6
  MONTH TO DATE    0                        24    -24       41
  SINCE SEP 1      0                        24    -24       41
  SINCE JAN 1    460                       537    -77      736
..................................................................


WIND (MPH)
  HIGHEST WIND SPEED    14   HIGHEST WIND DIRECTION     E (100)
  HIGHEST GUST SPEED    19   HIGHEST GUST DIRECTION     E (80)
  AVERAGE WIND SPEED     7.9


SKY COVER
  POSSIBLE SUNSHINE  MM
  AVERAGE SKY COVER 0.7


WEATHER CONDITIONS
 THE FOLLOWING WEATHER WAS RECORDED TODAY.
  LIGHT RAIN
  FOG


RELATIVE HUMIDITY (PERCENT)
 HIGHEST    96           600 AM
 LOWEST     63           200 PM
 AVERAGE    80

..........................................................


THE MADISON WI CLIMATE NORMALS FOR TOMORROW
                         NORMAL    RECORD    YEAR
 MAXIMUM TEMPERATURE (F)   75        97      1955
 MINIMUM TEMPERATURE (F)   53        36      1975


SUNRISE AND SUNSET
SEPTEMBER  8 2017.....SUNRISE   630 AM CDT   SUNSET   719 PM CDT
SEPTEMBER  9 2017.....SUNRISE   631 AM CDT   SUNSET   718 PM CDT


-  INDICATES NEGATIVE NUMBERS.
R  INDICATES RECORD WAS SET OR TIED.
MM INDICATES DATA IS MISSING.
T  INDICATES TRACE AMOUNT.




$$
