000
CDUS43 KMKX 180641
CLIMSN


CLIMATE REPORT
NATIONAL WEATHER SERVICE IN MILWAUKEE
141 AM CDT FRI APR 18 2014


...................................

...THE MADISON WI CLIMATE SUMMARY FOR APRIL 17 2014...

CLIMATE NORMAL PERIOD 1981 TO 2010
CLIMATE RECORD PERIOD 1871 TO 2014


WEATHER ITEM   OBSERVED TIME   RECORD YEAR NORMAL DEPARTURE LAST
                VALUE   (LST)  VALUE       VALUE  FROM      YEAR
                                                  NORMAL
..................................................................
TEMPERATURE (F)
 YESTERDAY
  MAXIMUM         56    439 PM  86    1977  58     -2       43
  MINIMUM         33   1159 PM  11    1875  36     -3       37
  AVERAGE         45                        47     -2       40

PRECIPITATION (IN)
  YESTERDAY        0.00          1.29 2013   0.12  -0.12     1.29
  MONTH TO DATE    3.35                      1.90   1.45     5.26
  SINCE MAR 1      4.61                      4.10   0.51     7.67
  SINCE JAN 1      6.50                      6.78  -0.28    12.95

SNOWFALL (IN)
  YESTERDAY        0.0           2.0  1940   0.1   -0.1      0.0
                                      1912
  MONTH TO DATE    1.0                       1.9   -0.9      0.3
  SINCE MAR 1      9.2                       8.9    0.3     15.5
  SINCE JUL 1     59.2                      50.0    9.2     70.6
  SNOW DEPTH       0

DEGREE DAYS
 HEATING
  YESTERDAY       20                        18      2       25
  MONTH TO DATE  374                       359     15      425
  SINCE MAR 1   1522                      1322    200     1607
  SINCE JUL 1   7634                      6808    826     6765

 COOLING
  YESTERDAY        0                         0      0        0
  MONTH TO DATE    0                         0      0        0
  SINCE MAR 1      0                         0      0        0
  SINCE JAN 1      0                         0      0        0
..................................................................


WIND (MPH)
  HIGHEST WIND SPEED    26   HIGHEST WIND DIRECTION     S (170)
  HIGHEST GUST SPEED    45   HIGHEST GUST DIRECTION     S (200)
  AVERAGE WIND SPEED    10.0


SKY COVER
  POSSIBLE SUNSHINE  MM
  AVERAGE SKY COVER 0.8


WEATHER CONDITIONS
 THE FOLLOWING WEATHER WAS RECORDED YESTERDAY.
  NO SIGNIFICANT WEATHER WAS OBSERVED.


RELATIVE HUMIDITY (PERCENT)
 HIGHEST    82          1000 PM
 LOWEST     47           300 PM
 AVERAGE    65

..........................................................


THE MADISON WI CLIMATE NORMALS FOR TODAY
                         NORMAL    RECORD    YEAR
 MAXIMUM TEMPERATURE (F)   59        87      1977
 MINIMUM TEMPERATURE (F)   37        18      1983


SUNRISE AND SUNSET
APRIL 18 2014.........SUNRISE   611 AM CDT   SUNSET   744 PM CDT
APRIL 19 2014.........SUNRISE   609 AM CDT   SUNSET   745 PM CDT


-  INDICATES NEGATIVE NUMBERS.
R  INDICATES RECORD WAS SET OR TIED.
MM INDICATES DATA IS MISSING.
T  INDICATES TRACE AMOUNT.




$$
