000
CDUS43 KMKX 182044
CLIMSN


CLIMATE REPORT
NATIONAL WEATHER SERVICE IN MILWAUKEE
343 PM CDT THU AUG 18 2016


...................................

...THE MADISON WI CLIMATE SUMMARY FOR AUGUST 18 2016...
VALID TODAY AS OF 0300 PM LOCAL TIME.

CLIMATE NORMAL PERIOD 1981 TO 2010
CLIMATE RECORD PERIOD 1871 TO 2016


WEATHER ITEM   OBSERVED TIME   RECORD YEAR NORMAL DEPARTURE LAST
                VALUE   (LST)  VALUE       VALUE  FROM      YEAR
                                                  NORMAL
..................................................................
TEMPERATURE (F)
 TODAY
  MAXIMUM         85    159 PM 101    1936  79      6       80
  MINIMUM         65    530 AM  41    1977  59      6       65
  AVERAGE         75                        69      6       73

PRECIPITATION (IN)
  TODAY            0.00          3.39 2007   0.15  -0.15     1.52
  MONTH TO DATE    3.16                      2.55   0.61     2.23
  SINCE JUN 1     13.74                     11.27   2.47    10.40
  SINCE JAN 1     23.53                     23.10   0.43    20.92

SNOWFALL (IN)
  TODAY            0.0           0.0    MM   0.0    0.0      0.0
  MONTH TO DATE    0.0                       0.0    0.0      0.0
  SINCE JUN 1      0.0                       0.0    0.0      0.0
  SINCE JUL 1      0.0                       0.0    0.0      0.0
  SNOW DEPTH       0

DEGREE DAYS
 HEATING
  TODAY            0                         1     -1        0
  MONTH TO DATE    0                        15    -15        0
  SINCE JUN 1     18                        85    -67       53
  SINCE JUL 1      4                        25    -21       16

 COOLING
  TODAY           10                         5      5        8
  MONTH TO DATE  169                       102     67      152
  SINCE JUN 1    573                       428    145      463
  SINCE JAN 1    625                       458    167      513
..................................................................


WIND (MPH)
  HIGHEST WIND SPEED    13   HIGHEST WIND DIRECTION     S (170)
  HIGHEST GUST SPEED    19   HIGHEST GUST DIRECTION     S (200)
  AVERAGE WIND SPEED     3.7


SKY COVER
  POSSIBLE SUNSHINE  MM
  AVERAGE SKY COVER 0.2


WEATHER CONDITIONS
 THE FOLLOWING WEATHER WAS RECORDED TODAY.
  FOG


RELATIVE HUMIDITY (PERCENT)
 HIGHEST   100           200 AM
 LOWEST     61           200 PM
 AVERAGE    81

..........................................................


THE MADISON WI CLIMATE NORMALS FOR TOMORROW
                         NORMAL    RECORD    YEAR
 MAXIMUM TEMPERATURE (F)   79        97      1983
 MINIMUM TEMPERATURE (F)   59        43      1981


SUNRISE AND SUNSET
AUGUST 18 2016........SUNRISE   607 AM CDT   SUNSET   754 PM CDT
AUGUST 19 2016........SUNRISE   608 AM CDT   SUNSET   753 PM CDT


-  INDICATES NEGATIVE NUMBERS.
R  INDICATES RECORD WAS SET OR TIED.
MM INDICATES DATA IS MISSING.
T  INDICATES TRACE AMOUNT.




$$
