000
CDUS43 KMKX 240712
CLIMSN


CLIMATE REPORT
NATIONAL WEATHER SERVICE IN MILWAUKEE
110 AM CST MON NOV 24 2014


...................................

...THE MADISON WI CLIMATE SUMMARY FOR NOVEMBER 23 2014...

CLIMATE NORMAL PERIOD 1981 TO 2010
CLIMATE RECORD PERIOD 1871 TO 2014


WEATHER ITEM   OBSERVED TIME   RECORD YEAR NORMAL DEPARTURE LAST
                VALUE   (LST)  VALUE       VALUE  FROM      YEAR
                                                  NORMAL
..................................................................
TEMPERATURE (F)
 YESTERDAY
  MAXIMUM         50    953 AM  63    1931  40     10       25
  MINIMUM         45   1154 PM  -3    1950  25     20       10
  AVERAGE         48                        32     16       18

PRECIPITATION (IN)
  YESTERDAY        0.70          1.70 2003   0.08   0.62      T
  MONTH TO DATE    1.14                      1.85  -0.71     2.06
  SINCE SEP 1      6.07                      7.38  -1.31     7.14
  SINCE JAN 1     33.88                     32.20   1.68    43.62

SNOWFALL (IN)
  YESTERDAY        0.0           2.8  1977   0.1   -0.1       T
  MONTH TO DATE    2.6                       2.0    0.6      1.8
  SINCE SEP 1      2.8                       2.5    0.3      1.8
  SINCE JUL 1      2.8                       2.5    0.3      1.8
  SNOW DEPTH       0

DEGREE DAYS
 HEATING
  YESTERDAY       17                        33    -16       47
  MONTH TO DATE  753                       623    130      611
  SINCE SEP 1   1379                      1299     80     1199
  SINCE JUL 1   1396                      1336     60     1229

 COOLING
  YESTERDAY        0                         0      0        0
  MONTH TO DATE    0                         0      0        0
  SINCE SEP 1     44                        55    -11       96
  SINCE JAN 1    620                       568     52      709
..................................................................


WIND (MPH)
  HIGHEST WIND SPEED    17   HIGHEST WIND DIRECTION     S (180)
  HIGHEST GUST SPEED    28   HIGHEST GUST DIRECTION    SE (120)
  AVERAGE WIND SPEED     8.2


SKY COVER
  POSSIBLE SUNSHINE  MM
  AVERAGE SKY COVER 1.0


WEATHER CONDITIONS
 THE FOLLOWING WEATHER WAS RECORDED YESTERDAY.
  RAIN
  LIGHT RAIN
  FOG


RELATIVE HUMIDITY (PERCENT)
 HIGHEST   100           900 PM
 LOWEST     86           900 AM
 AVERAGE    93

..........................................................


THE MADISON WI CLIMATE NORMALS FOR TODAY
                         NORMAL    RECORD    YEAR
 MAXIMUM TEMPERATURE (F)   39        62      1931
 MINIMUM TEMPERATURE (F)   24        -6      1950


SUNRISE AND SUNSET
NOVEMBER 24 2014......SUNRISE   701 AM CST   SUNSET   427 PM CST
NOVEMBER 25 2014......SUNRISE   702 AM CST   SUNSET   426 PM CST


-  INDICATES NEGATIVE NUMBERS.
R  INDICATES RECORD WAS SET OR TIED.
MM INDICATES DATA IS MISSING.
T  INDICATES TRACE AMOUNT.




$$
