000
CDUS43 KMKX 130642
CLIMSN


CLIMATE REPORT
NATIONAL WEATHER SERVICE IN MILWAUKEE
141 AM CDT MON MAR 13 2017


...................................

...THE MADISON WI CLIMATE SUMMARY FOR MARCH 12 2017...

CLIMATE NORMAL PERIOD 1981 TO 2010
CLIMATE RECORD PERIOD 1871 TO 2017


WEATHER ITEM   OBSERVED TIME   RECORD YEAR NORMAL DEPARTURE LAST
                VALUE   (LST)  VALUE       VALUE  FROM      YEAR
                                                  NORMAL
..................................................................
TEMPERATURE (F)
 YESTERDAY
  MAXIMUM         29    500 PM  75    1990  41    -12       60
  MINIMUM         12    644 AM  -7    1948  23    -11       35
  AVERAGE         21                        32    -11       48

PRECIPITATION (IN)
  YESTERDAY        0.14          0.81 1923   0.06   0.08     0.02
  MONTH TO DATE    0.80                      0.73   0.07     0.50
  SINCE MAR 1      0.80                      0.73   0.07     0.50
  SINCE JAN 1      5.50                      3.41   2.09     2.00

SNOWFALL (IN)
  YESTERDAY        1.7          12.9  1923   0.2    1.5      0.0
  MONTH TO DATE    5.8                       3.3    2.5      3.5
  SINCE MAR 1      5.8                       3.3    2.5      3.5
  SINCE JUL 1     41.5                      44.4   -2.9     28.0
  SNOW DEPTH       0

DEGREE DAYS
 HEATING
  YESTERDAY       44                        33     11       17
  MONTH TO DATE  395                       419    -24      325
  SINCE MAR 1    395                       419    -24      325
  SINCE JUL 1   4907                      5905   -998     4925

 COOLING
  YESTERDAY        0                         0      0        0
  MONTH TO DATE    0                         0      0        0
  SINCE MAR 1      0                         0      0        0
  SINCE JAN 1      0                         0      0        0
..................................................................


WIND (MPH)
  HIGHEST WIND SPEED    17   HIGHEST WIND DIRECTION     S (160)
  HIGHEST GUST SPEED    24   HIGHEST GUST DIRECTION    SE (120)
  AVERAGE WIND SPEED     6.0


SKY COVER
  POSSIBLE SUNSHINE  MM
  AVERAGE SKY COVER 0.7


WEATHER CONDITIONS
 THE FOLLOWING WEATHER WAS RECORDED YESTERDAY.
  LIGHT SNOW
  FOG


RELATIVE HUMIDITY (PERCENT)
 HIGHEST    92          1100 PM
 LOWEST     29           200 PM
 AVERAGE    61

..........................................................


THE MADISON WI CLIMATE NORMALS FOR TODAY
                         NORMAL    RECORD    YEAR
 MAXIMUM TEMPERATURE (F)   42        71      1995
                                             1990
 MINIMUM TEMPERATURE (F)   24        -6      1975


SUNRISE AND SUNSET
MARCH 13 2017.........SUNRISE   712 AM CDT   SUNSET   702 PM CDT
MARCH 14 2017.........SUNRISE   711 AM CDT   SUNSET   703 PM CDT


-  INDICATES NEGATIVE NUMBERS.
R  INDICATES RECORD WAS SET OR TIED.
MM INDICATES DATA IS MISSING.
T  INDICATES TRACE AMOUNT.




$$
