000
CDUS43 KMKX 230700
CLIMSN


CLIMATE REPORT
NATIONAL WEATHER SERVICE IN MILWAUKEE
100 AM CST TUE DEC 23 2014


...................................

...THE MADISON WI CLIMATE SUMMARY FOR DECEMBER 22 2014...

CLIMATE NORMAL PERIOD 1981 TO 2010
CLIMATE RECORD PERIOD 1871 TO 2014


WEATHER ITEM   OBSERVED TIME   RECORD YEAR NORMAL DEPARTURE LAST
                VALUE   (LST)  VALUE       VALUE  FROM      YEAR
                                                  NORMAL
..................................................................
TEMPERATURE (F)
 YESTERDAY
  MAXIMUM         39   1159 PM  54    1875  28     11       27
  MINIMUM         33    731 AM -17    1983  14     19       14
  AVERAGE         36                        21     15       21

PRECIPITATION (IN)
  YESTERDAY        0.15          1.18 1869   0.05   0.10     0.49
  MONTH TO DATE    0.65                      1.34  -0.69     1.31
  SINCE DEC 1      0.65                      1.34  -0.69     1.31
  SINCE JAN 1     34.93                     34.08   0.85    45.07

SNOWFALL (IN)
  YESTERDAY        0.0           5.9  2013   0.4   -0.4      5.9
  MONTH TO DATE    0.1                       9.7   -9.6     16.0
  SINCE DEC 1      0.1                       9.7   -9.6     16.0
  SINCE JUL 1      8.6                      13.8   -5.2     19.5
  SNOW DEPTH       0

DEGREE DAYS
 HEATING
  YESTERDAY       29                        44    -15       44
  MONTH TO DATE  789                       897   -108      995
  SINCE DEC 1    789                       897   -108      995
  SINCE JUL 1   2473                      2476     -3     2514

 COOLING
  YESTERDAY        0                         0      0        0
  MONTH TO DATE    0                         0      0        0
  SINCE DEC 1      0                         0      0        0
  SINCE JAN 1    620                       568     52      709
..................................................................


WIND (MPH)
  HIGHEST WIND SPEED    20   HIGHEST WIND DIRECTION     E (100)
  HIGHEST GUST SPEED    23   HIGHEST GUST DIRECTION     E (100)
  AVERAGE WIND SPEED    11.4


SKY COVER
  POSSIBLE SUNSHINE  MM
  AVERAGE SKY COVER 1.0


WEATHER CONDITIONS
 THE FOLLOWING WEATHER WAS RECORDED YESTERDAY.
  LIGHT RAIN
  SNOW
  LIGHT SNOW
  FOG
  HAZE


RELATIVE HUMIDITY (PERCENT)
 HIGHEST    92           200 PM
 LOWEST     75          1200 AM
 AVERAGE    84

..........................................................


THE MADISON WI CLIMATE NORMALS FOR TODAY
                         NORMAL    RECORD    YEAR
 MAXIMUM TEMPERATURE (F)   28        58      1877
 MINIMUM TEMPERATURE (F)   14       -21      1983


SUNRISE AND SUNSET
DECEMBER 23 2014......SUNRISE   727 AM CST   SUNSET   426 PM CST
DECEMBER 24 2014......SUNRISE   727 AM CST   SUNSET   427 PM CST


-  INDICATES NEGATIVE NUMBERS.
R  INDICATES RECORD WAS SET OR TIED.
MM INDICATES DATA IS MISSING.
T  INDICATES TRACE AMOUNT.




$$
