000
CDUS43 KMKX 240043
CLIMSN


CLIMATE REPORT
NATIONAL WEATHER SERVICE IN MILWAUKEE
641 PM CST MON FEB 23 2015


...................................

...THE MADISON WI CLIMATE SUMMARY FOR FEBRUARY 23 2015...
VALID TODAY AS OF 0600 PM LOCAL TIME.

CLIMATE NORMAL PERIOD 1981 TO 2010
CLIMATE RECORD PERIOD 1871 TO 2015


WEATHER ITEM   OBSERVED TIME   RECORD YEAR NORMAL DEPARTURE LAST
                VALUE   (LST)  VALUE       VALUE  FROM      YEAR
                                                  NORMAL
..................................................................
TEMPERATURE (F)
 TODAY
  MAXIMUM          9    426 PM  58    1984  34    -25       25
  MINIMUM        -12    604 AM -20    1889  18    -30        8
                                      1873
  AVERAGE         -1                        26    -27       17

PRECIPITATION (IN)
  TODAY            0.00          1.15 1977   0.06  -0.06     0.00
  MONTH TO DATE    0.48                      1.15  -0.67     1.16
  SINCE DEC 1      2.17                      4.12  -1.95     3.43
  SINCE JAN 1      1.14                      2.38  -1.24     1.81

SNOWFALL (IN)
  TODAY            0.0          11.6  1994   0.4   -0.4      0.0
  MONTH TO DATE    9.3                       8.9    0.4     11.0
  SINCE DEC 1     19.6                      35.3  -15.7     45.5
  SINCE JUL 1     28.1                      39.4  -11.3     49.0
  SNOW DEPTH       6

DEGREE DAYS
 HEATING
  TODAY           66                        39     27       48
  MONTH TO DATE 1232                       981    251     1182
  SINCE DEC 1   3752                      3715     37     4305
  SINCE JUL 1   5436                      5294    142     5824

 COOLING
  TODAY            0                         0      0        0
  MONTH TO DATE    0                         0      0        0
  SINCE DEC 1      0                         0      0        0
  SINCE JAN 1      0                         0      0        0
..................................................................


WIND (MPH)
  HIGHEST WIND SPEED    13   HIGHEST WIND DIRECTION    SW (220)
  HIGHEST GUST SPEED    19   HIGHEST GUST DIRECTION    SW (210)
  AVERAGE WIND SPEED     5.0


SKY COVER
  POSSIBLE SUNSHINE  MM
  AVERAGE SKY COVER 0.1


WEATHER CONDITIONS
 THE FOLLOWING WEATHER WAS RECORDED TODAY.
  NO SIGNIFICANT WEATHER WAS OBSERVED.


RELATIVE HUMIDITY (PERCENT)
 HIGHEST    72           500 AM
 LOWEST     41           300 PM
 AVERAGE    57

..........................................................


THE MADISON WI CLIMATE NORMALS FOR TOMORROW
                         NORMAL    RECORD    YEAR
 MAXIMUM TEMPERATURE (F)   34        62      2002
 MINIMUM TEMPERATURE (F)   18       -13      1889


SUNRISE AND SUNSET
FEBRUARY 23 2015......SUNRISE   643 AM CST   SUNSET   539 PM CST
FEBRUARY 24 2015......SUNRISE   642 AM CST   SUNSET   540 PM CST


-  INDICATES NEGATIVE NUMBERS.
R  INDICATES RECORD WAS SET OR TIED.
MM INDICATES DATA IS MISSING.
T  INDICATES TRACE AMOUNT.




$$
