000
CDUS43 KMKX 190705
CLIMSN


CLIMATE REPORT
NATIONAL WEATHER SERVICE IN MILWAUKEE
204 AM CDT TUE AUG 19 2014


...................................

...THE MADISON WI CLIMATE SUMMARY FOR AUGUST 18 2014...

CLIMATE NORMAL PERIOD 1981 TO 2010
CLIMATE RECORD PERIOD 1871 TO 2014


WEATHER ITEM   OBSERVED TIME   RECORD YEAR NORMAL DEPARTURE LAST
                VALUE   (LST)  VALUE       VALUE  FROM      YEAR
                                                  NORMAL
..................................................................
TEMPERATURE (F)
 YESTERDAY
  MAXIMUM         84    210 PM 101    1936  79      5       81
  MINIMUM         59    443 AM  41    1977  59      0       52
  AVERAGE         72                        69      3       67

PRECIPITATION (IN)
  YESTERDAY        0.00          3.39 2007   0.15  -0.15     0.00
  MONTH TO DATE    2.69                      2.55   0.14     0.30
  SINCE JUN 1     13.32                     11.27   2.05    15.16
  SINCE JAN 1     25.07                     23.10   1.97    35.25

SNOWFALL (IN)
  YESTERDAY        0.0           0.0    MM   0.0    0.0      0.0
  MONTH TO DATE    0.0                       0.0    0.0      0.0
  SINCE JUN 1      0.0                       0.0    0.0      0.0
  SINCE JUL 1      0.0                       0.0    0.0      0.0
  SNOW DEPTH       0

DEGREE DAYS
 HEATING
  YESTERDAY        0                         1     -1        0
  MONTH TO DATE    4                        15    -11       12
  SINCE JUN 1     26                        85    -59       82
  SINCE JUL 1     17                        25     -8       30

 COOLING
  YESTERDAY        7                         5      2        2
  MONTH TO DATE   90                       102    -12       52
  SINCE JUN 1    415                       428    -13      420
  SINCE JAN 1    466                       458      8      473
..................................................................


WIND (MPH)
  HIGHEST WIND SPEED    17   HIGHEST WIND DIRECTION     S (190)
  HIGHEST GUST SPEED    22   HIGHEST GUST DIRECTION     E (110)
  AVERAGE WIND SPEED     8.4


SKY COVER
  POSSIBLE SUNSHINE  MM
  AVERAGE SKY COVER 0.7


WEATHER CONDITIONS
 THE FOLLOWING WEATHER WAS RECORDED YESTERDAY.
  FOG


RELATIVE HUMIDITY (PERCENT)
 HIGHEST    90           100 AM
 LOWEST     58           100 PM
 AVERAGE    74

..........................................................


THE MADISON WI CLIMATE NORMALS FOR TODAY
                         NORMAL    RECORD    YEAR
 MAXIMUM TEMPERATURE (F)   79        97      1983
 MINIMUM TEMPERATURE (F)   59        43      1981


SUNRISE AND SUNSET
AUGUST 19 2014........SUNRISE   607 AM CDT   SUNSET   754 PM CDT
AUGUST 20 2014........SUNRISE   608 AM CDT   SUNSET   752 PM CDT


-  INDICATES NEGATIVE NUMBERS.
R  INDICATES RECORD WAS SET OR TIED.
MM INDICATES DATA IS MISSING.
T  INDICATES TRACE AMOUNT.




$$
