000
CDUS43 KMKX 280043
CLIMSN


CLIMATE REPORT
NATIONAL WEATHER SERVICE IN MILWAUKEE
743 PM CDT THU AUG 27 2015


...................................

...THE MADISON WI CLIMATE SUMMARY FOR AUGUST 27 2015...
VALID TODAY AS OF 0700 PM LOCAL TIME.

CLIMATE NORMAL PERIOD 1981 TO 2010
CLIMATE RECORD PERIOD 1871 TO 2015


WEATHER ITEM   OBSERVED TIME   RECORD YEAR NORMAL DEPARTURE LAST
                VALUE   (LST)  VALUE       VALUE  FROM      YEAR
                                                  NORMAL
..................................................................
TEMPERATURE (F)
 TODAY
  MAXIMUM         75    310 PM  95    1953  78     -3       77
  MINIMUM         50    601 AM  35    1968  57     -7       58
  AVERAGE         63                        68     -5       68

PRECIPITATION (IN)
  TODAY            0.00          2.78 1959   0.13  -0.13      T
  MONTH TO DATE    2.30                      3.74  -1.44     5.22
  SINCE JUN 1     10.47                     12.46  -1.99    15.85
  SINCE JAN 1     20.99                     24.29  -3.30    27.60

SNOWFALL (IN)
  TODAY            0.0           0.0    MM   0.0    0.0      0.0
  MONTH TO DATE    0.0                       0.0    0.0      0.0
  SINCE JUN 1      0.0                       0.0    0.0      0.0
  SINCE JUL 1      0.0                       0.0    0.0      0.0
  SNOW DEPTH       0

DEGREE DAYS
 HEATING
  TODAY            2                         1      1        0
  MONTH TO DATE   14                        24    -10        4
  SINCE JUN 1     67                        94    -27       26
  SINCE JUL 1     30                        34     -4       17

 COOLING
  TODAY            0                         4     -4        3
  MONTH TO DATE  160                       143     17      173
  SINCE JUN 1    471                       469      2      498
  SINCE JAN 1    521                       499     22      549
..................................................................


WIND (MPH)
  HIGHEST WIND SPEED    15   HIGHEST WIND DIRECTION     S (160)
  HIGHEST GUST SPEED    18   HIGHEST GUST DIRECTION     S (160)
  AVERAGE WIND SPEED     4.5


SKY COVER
  POSSIBLE SUNSHINE  MM
  AVERAGE SKY COVER 0.4


WEATHER CONDITIONS
 THE FOLLOWING WEATHER WAS RECORDED TODAY.
  FOG


RELATIVE HUMIDITY (PERCENT)
 HIGHEST   100           500 AM
 LOWEST     53           100 PM
 AVERAGE    77

..........................................................


THE MADISON WI CLIMATE NORMALS FOR TOMORROW
                         NORMAL    RECORD    YEAR
 MAXIMUM TEMPERATURE (F)   78        95      1955
 MINIMUM TEMPERATURE (F)   57        38      1982
                                             1968


SUNRISE AND SUNSET
AUGUST 27 2015........SUNRISE   616 AM CDT   SUNSET   741 PM CDT
AUGUST 28 2015........SUNRISE   617 AM CDT   SUNSET   739 PM CDT


-  INDICATES NEGATIVE NUMBERS.
R  INDICATES RECORD WAS SET OR TIED.
MM INDICATES DATA IS MISSING.
T  INDICATES TRACE AMOUNT.




$$
