000
CDUS43 KMKX 172150
CLIMSN


CLIMATE REPORT
NATIONAL WEATHER SERVICE IN MILWAUKEE
449 PM CDT SUN JUL 17 2016


...................................

...THE MADISON WI CLIMATE SUMMARY FOR JULY 17 2016...
VALID TODAY AS OF 0400 PM LOCAL TIME.

CLIMATE NORMAL PERIOD 1981 TO 2010
CLIMATE RECORD PERIOD 1871 TO 2016


WEATHER ITEM   OBSERVED TIME   RECORD YEAR NORMAL DEPARTURE LAST
                VALUE   (LST)  VALUE       VALUE  FROM      YEAR
                                                  NORMAL
..................................................................
TEMPERATURE (F)
 TODAY
  MAXIMUM         82    239 PM 100    2012  82      0       91
  MINIMUM         66    602 AM  45    1976  61      5       70
                                      1958
  AVERAGE         74                        72      2       81

PRECIPITATION (IN)
  TODAY            0.36          3.43 1903   0.14   0.22     0.00
  MONTH TO DATE    1.01                      2.38  -1.37     2.48
  SINCE JUN 1      6.36                      6.92  -0.56     5.63
  SINCE JAN 1     16.15                     18.75  -2.60    16.15

SNOWFALL (IN)
  TODAY            0.0           0.0    MM   0.0    0.0      0.0
  MONTH TO DATE    0.0                       0.0    0.0      0.0
  SINCE JUN 1      0.0                       0.0    0.0      0.0
  SINCE JUL 1      0.0                       0.0    0.0      0.0
  SNOW DEPTH       0

DEGREE DAYS
 HEATING
  TODAY            0                         0      0        0
  MONTH TO DATE    4                         0      4       16
  SINCE JUN 1     18                        60    -42       53
  SINCE JUL 1      4                         0      4       16

 COOLING
  TODAY            9                         7      2       16
  MONTH TO DATE  110                       117     -7       72
  SINCE JUN 1    259                       237     22      183
  SINCE JAN 1    311                       267     44      233
..................................................................


WIND (MPH)
  HIGHEST WIND SPEED    29   HIGHEST WIND DIRECTION     S (160)
  HIGHEST GUST SPEED    34   HIGHEST GUST DIRECTION     S (170)
  AVERAGE WIND SPEED     9.3


SKY COVER
  POSSIBLE SUNSHINE  MM
  AVERAGE SKY COVER 0.5


WEATHER CONDITIONS
 THE FOLLOWING WEATHER WAS RECORDED TODAY.
  THUNDERSTORM
  HEAVY RAIN
  RAIN
  LIGHT RAIN
  FOG


RELATIVE HUMIDITY (PERCENT)
 HIGHEST    93           600 AM
 LOWEST     58          1100 AM
 AVERAGE    76

..........................................................


THE MADISON WI CLIMATE NORMALS FOR TOMORROW
                         NORMAL    RECORD    YEAR
 MAXIMUM TEMPERATURE (F)   82        95      1894
 MINIMUM TEMPERATURE (F)   61        47      1979


SUNRISE AND SUNSET
JULY 17 2016..........SUNRISE   534 AM CDT   SUNSET   833 PM CDT
JULY 18 2016..........SUNRISE   534 AM CDT   SUNSET   832 PM CDT


-  INDICATES NEGATIVE NUMBERS.
R  INDICATES RECORD WAS SET OR TIED.
MM INDICATES DATA IS MISSING.
T  INDICATES TRACE AMOUNT.




$$
