348
CDUS43 KMKX 200756 RRA
CLIMSN

CLIMATE REPORT
NATIONAL WEATHER SERVICE IN MILWAUKEE
100 AM CST FRI JAN 20 2017


...................................

...THE MADISON WI CLIMATE SUMMARY FOR JANUARY 19 2017...

CLIMATE NORMAL PERIOD 1981 TO 2010
CLIMATE RECORD PERIOD 1871 TO 2017


WEATHER ITEM   OBSERVED TIME   RECORD YEAR NORMAL DEPARTURE LAST
                VALUE   (LST)  VALUE       VALUE  FROM      YEAR
                                                  NORMAL
..................................................................
TEMPERATURE (F)
 YESTERDAY
  MAXIMUM         36    713 PM  47    2006  26     10       13
                                      1933
                                      1921
  MINIMUM         32   1045 AM -27    1994  11     21       -6
  AVERAGE         34                        18     16        4

PRECIPITATION (IN)
  YESTERDAY        0.31          1.07 1995   0.04   0.27     0.00
  MONTH TO DATE    1.73                      0.76   0.97     0.56
  SINCE DEC 1      3.76                      2.50   1.26     3.89
  SINCE JAN 1      1.73                      0.76   0.97     0.56

SNOWFALL (IN)
  YESTERDAY        0.0          12.6  1995   0.4   MM        0.0
  MONTH TO DATE    2.1                       7.9   -5.8      2.1
  SINCE DEC 1     24.8                      21.4    3.4      9.5
  SINCE JUL 1     24.8                      25.5   -0.7     13.6
  SNOW DEPTH       1

DEGREE DAYS
 HEATING
  YESTERDAY       31                        47    -16       61
  MONTH TO DATE  863                       882    -19      917
  SINCE DEC 1   2172                      2182    -10     1838
  SINCE JUL 1   3194                      3761   -567     3029

 COOLING
  YESTERDAY        0                         0      0        0
  MONTH TO DATE    0                         0      0        0
  SINCE DEC 1      0                         0      0        0
  SINCE JAN 1      0                         0      0        0
..................................................................


WIND (MPH)
  HIGHEST WIND SPEED    13   HIGHEST WIND DIRECTION     E (70)
  HIGHEST GUST SPEED    15   HIGHEST GUST DIRECTION     E (70)
  AVERAGE WIND SPEED     5.2


SKY COVER
  POSSIBLE SUNSHINE  MM
  AVERAGE SKY COVER 1.0


WEATHER CONDITIONS
 THE FOLLOWING WEATHER WAS RECORDED YESTERDAY.
  RAIN
  LIGHT RAIN
  FOG
  FOG W/VISIBILITY <= 1/4 MILE


RELATIVE HUMIDITY (PERCENT)
 HIGHEST   100           200 AM
 LOWEST     92           800 AM
 AVERAGE    96

..........................................................


THE MADISON WI CLIMATE NORMALS FOR TODAY
                         NORMAL    RECORD    YEAR
 MAXIMUM TEMPERATURE (F)   26        53      1906
 MINIMUM TEMPERATURE (F)   11       -27      1994


SUNRISE AND SUNSET
JANUARY 20 2017.......SUNRISE   723 AM CST   SUNSET   454 PM CST
JANUARY 21 2017.......SUNRISE   722 AM CST   SUNSET   456 PM CST


-  INDICATES NEGATIVE NUMBERS.
R  INDICATES RECORD WAS SET OR TIED.
MM INDICATES DATA IS MISSING.
T  INDICATES TRACE AMOUNT.




$$
