000
CDUS43 KMKX 180643
CLIMSN


CLIMATE REPORT
NATIONAL WEATHER SERVICE IN MILWAUKEE
142 AM CDT WED MAY 18 2016


...................................

...THE MADISON WI CLIMATE SUMMARY FOR MAY 17 2016...

CLIMATE NORMAL PERIOD 1981 TO 2010
CLIMATE RECORD PERIOD 1871 TO 2016


WEATHER ITEM   OBSERVED TIME   RECORD YEAR NORMAL DEPARTURE LAST
                VALUE   (LST)  VALUE       VALUE  FROM      YEAR
                                                  NORMAL
..................................................................
TEMPERATURE (F)
 YESTERDAY
  MAXIMUM         61    339 PM  86    2001  69     -8       80
                                      1987
                                      1971
  MINIMUM         39   1159 PM  32    2002  46     -7       67
  AVERAGE         50                        58     -8       74

PRECIPITATION (IN)
  YESTERDAY        T             2.58 2000   0.11  -0.11     1.57
  MONTH TO DATE    1.49                      1.85  -0.36     2.64
  SINCE MAR 1      7.56                      7.45   0.11     7.78
  SINCE JAN 1      9.06                     10.13  -1.07     8.98

SNOWFALL (IN)
  YESTERDAY        0.0           0.0    MM   0.0    0.0      0.0
  MONTH TO DATE    0.0                       0.2   -0.2      0.0
  SINCE MAR 1      8.2                       9.8   -1.6      4.2
  SINCE JUL 1     32.7                      50.9  -18.2     33.7
  SNOW DEPTH       0

DEGREE DAYS
 HEATING
  YESTERDAY       15                         8      7        0
  MONTH TO DATE  209                       176     33       99
  SINCE MAR 1   1547                      1697   -150     1528
  SINCE JUL 1   6147                      7183  -1036     7239

 COOLING
  YESTERDAY        0                         1     -1        9
  MONTH TO DATE    0                         7     -7       26
  SINCE MAR 1      0                        11    -11       26
  SINCE JAN 1      0                        11    -11       26
..................................................................


WIND (MPH)
  HIGHEST WIND SPEED    16   HIGHEST WIND DIRECTION    NE (30)
  HIGHEST GUST SPEED    21   HIGHEST GUST DIRECTION    NE (30)
  AVERAGE WIND SPEED     7.4


SKY COVER
  POSSIBLE SUNSHINE  MM
  AVERAGE SKY COVER 0.5


WEATHER CONDITIONS
 THE FOLLOWING WEATHER WAS RECORDED YESTERDAY.
  LIGHT RAIN


RELATIVE HUMIDITY (PERCENT)
 HIGHEST    82           500 AM
 LOWEST     36           600 PM
 AVERAGE    59

..........................................................


THE MADISON WI CLIMATE NORMALS FOR TODAY
                         NORMAL    RECORD    YEAR
 MAXIMUM TEMPERATURE (F)   69        91      1934
 MINIMUM TEMPERATURE (F)   47        28      2002


SUNRISE AND SUNSET
MAY 18 2016...........SUNRISE   530 AM CDT   SUNSET   818 PM CDT
MAY 19 2016...........SUNRISE   529 AM CDT   SUNSET   819 PM CDT


-  INDICATES NEGATIVE NUMBERS.
R  INDICATES RECORD WAS SET OR TIED.
MM INDICATES DATA IS MISSING.
T  INDICATES TRACE AMOUNT.




$$
