000
CDUS43 KMKX 150042
CLIMSN


CLIMATE REPORT
NATIONAL WEATHER SERVICE IN MILWAUKEE
742 PM CDT SUN SEP 14 2014


...................................

...THE MADISON WI CLIMATE SUMMARY FOR SEPTEMBER 14 2014...
VALID TODAY AS OF 0700 PM LOCAL TIME.

CLIMATE NORMAL PERIOD 1981 TO 2010
CLIMATE RECORD PERIOD 1871 TO 2014


WEATHER ITEM   OBSERVED TIME   RECORD YEAR NORMAL DEPARTURE LAST
                VALUE   (LST)  VALUE       VALUE  FROM      YEAR
                                                  NORMAL
..................................................................
TEMPERATURE (F)
 TODAY
  MAXIMUM         66    417 PM  96    1939  73     -7       72
  MINIMUM         40   1257 AM  32    1963  51    -11       40
  AVERAGE         53                        62     -9       56

PRECIPITATION (IN)
  TODAY            0.00          2.63 1914   0.10  -0.10     0.00
  MONTH TO DATE    1.51                      1.54  -0.03     0.26
  SINCE SEP 1      1.51                      1.54  -0.03     0.26
  SINCE JAN 1     29.32                     26.36   2.96    36.74

SNOWFALL (IN)
  TODAY            0.0           0.0    MM   0.0    0.0      0.0
  MONTH TO DATE    0.0                       0.0    0.0      0.0
  SINCE SEP 1      0.0                       0.0    0.0      0.0
  SINCE JUL 1      0.0                       0.0    0.0      0.0
  SNOW DEPTH       0

DEGREE DAYS
 HEATING
  TODAY           12                         5      7        9
  MONTH TO DATE   71                        46     25       27
  SINCE SEP 1     71                        46     25       27
  SINCE JUL 1     88                        83      5       57

 COOLING
  TODAY            0                         2     -2        0
  MONTH TO DATE   34                        36     -2       77
  SINCE SEP 1     34                        36     -2       77
  SINCE JAN 1    610                       549     61      690
..................................................................


WIND (MPH)
  HIGHEST WIND SPEED    16   HIGHEST WIND DIRECTION     S (190)
  HIGHEST GUST SPEED    49   HIGHEST GUST DIRECTION     E (90)
  AVERAGE WIND SPEED     6.5


SKY COVER
  POSSIBLE SUNSHINE  MM
  AVERAGE SKY COVER 0.5


WEATHER CONDITIONS
 THE FOLLOWING WEATHER WAS RECORDED TODAY.
  NO SIGNIFICANT WEATHER WAS OBSERVED.


RELATIVE HUMIDITY (PERCENT)
 HIGHEST    92           100 AM
 LOWEST     45           300 PM
 AVERAGE    69

..........................................................


THE MADISON WI CLIMATE NORMALS FOR TOMORROW
                         NORMAL    RECORD    YEAR
 MAXIMUM TEMPERATURE (F)   72        96      1939
 MINIMUM TEMPERATURE (F)   51        32      2007


SUNRISE AND SUNSET
SEPTEMBER 14 2014.....SUNRISE   636 AM CDT   SUNSET   709 PM CDT
SEPTEMBER 15 2014.....SUNRISE   637 AM CDT   SUNSET   707 PM CDT


-  INDICATES NEGATIVE NUMBERS.
R  INDICATES RECORD WAS SET OR TIED.
MM INDICATES DATA IS MISSING.
T  INDICATES TRACE AMOUNT.




$$
