000
CDUS43 KMKX 230730
CLIMSN


CLIMATE REPORT
NATIONAL WEATHER SERVICE IN MILWAUKEE
122 AM CST SUN NOV 23 2014


...................................

...THE MADISON WI CLIMATE SUMMARY FOR NOVEMBER 22 2014...

CLIMATE NORMAL PERIOD 1981 TO 2010
CLIMATE RECORD PERIOD 1871 TO 2014


WEATHER ITEM   OBSERVED TIME   RECORD YEAR NORMAL DEPARTURE LAST
                VALUE   (LST)  VALUE       VALUE  FROM      YEAR
                                                  NORMAL
..................................................................
TEMPERATURE (F)
 YESTERDAY
  MAXIMUM         50   1151 PM  64    2010  40     10       38
                                      1913
  MINIMUM         30    102 AM   0    1929  25      5       24
  AVERAGE         40                        33      7       31

PRECIPITATION (IN)
  YESTERDAY        0.01          1.20 1963   0.08  -0.07     0.06
  MONTH TO DATE    0.44                      1.77  -1.33     2.06
  SINCE SEP 1      5.37                      7.30  -1.93     7.14
  SINCE JAN 1     33.18                     32.12   1.06    43.62

SNOWFALL (IN)
  YESTERDAY        0.0           4.3  1909   0.2    0.0      1.0
  MONTH TO DATE    2.6                       1.9    0.7      1.8
  SINCE SEP 1      2.8                       2.4    0.4      1.8
  SINCE JUL 1      2.8                       2.4    0.4      1.8
  SNOW DEPTH       1

DEGREE DAYS
 HEATING
  YESTERDAY       25                        32     -7       34
  MONTH TO DATE  736                       590    146      564
  SINCE SEP 1   1362                      1266     96     1152
  SINCE JUL 1   1379                      1303     76     1182

 COOLING
  YESTERDAY        0                         0      0        0
  MONTH TO DATE    0                         0      0        0
  SINCE SEP 1     44                        55    -11       96
  SINCE JAN 1    620                       568     52      709
..................................................................


WIND (MPH)
  HIGHEST WIND SPEED    16   HIGHEST WIND DIRECTION     S (190)
  HIGHEST GUST SPEED    24   HIGHEST GUST DIRECTION     S (190)
  AVERAGE WIND SPEED     9.1


SKY COVER
  POSSIBLE SUNSHINE  MM
  AVERAGE SKY COVER 1.0


WEATHER CONDITIONS
 THE FOLLOWING WEATHER WAS RECORDED YESTERDAY.
  LIGHT RAIN
  FOG


RELATIVE HUMIDITY (PERCENT)
 HIGHEST    93           200 PM
 LOWEST     54          1200 AM
 AVERAGE    74

..........................................................


THE MADISON WI CLIMATE NORMALS FOR TODAY
                         NORMAL    RECORD    YEAR
 MAXIMUM TEMPERATURE (F)   40        63      1931
 MINIMUM TEMPERATURE (F)   25        -3      1950


SUNRISE AND SUNSET
NOVEMBER 23 2014......SUNRISE   700 AM CST   SUNSET   427 PM CST
NOVEMBER 24 2014......SUNRISE   701 AM CST   SUNSET   427 PM CST


-  INDICATES NEGATIVE NUMBERS.
R  INDICATES RECORD WAS SET OR TIED.
MM INDICATES DATA IS MISSING.
T  INDICATES TRACE AMOUNT.




$$
