000
CDUS43 KMKX 300700
CLIMSN


CLIMATE REPORT
NATIONAL WEATHER SERVICE IN MILWAUKEE
100 AM CST THU NOV 30 2017


...................................

...THE MADISON WI CLIMATE SUMMARY FOR NOVEMBER 29 2017...

CLIMATE NORMAL PERIOD 1981 TO 2010
CLIMATE RECORD PERIOD 1871 TO 2017


WEATHER ITEM   OBSERVED TIME   RECORD YEAR NORMAL DEPARTURE LAST
                VALUE   (LST)  VALUE       VALUE  FROM      YEAR
                                                  NORMAL
..................................................................
TEMPERATURE (F)
 YESTERDAY
  MAXIMUM         43    320 PM  64    1998  37      6       48
  MINIMUM         24    709 AM -11    1875  22      2       34
  AVERAGE         34                        29      5       41

PRECIPITATION (IN)
  YESTERDAY        T             0.67 1975   0.08  -0.08     0.00
  MONTH TO DATE    0.68                      2.31  -1.63     1.87
  SINCE SEP 1      4.79                      7.84  -3.05    15.29
  SINCE JAN 1     37.55                     32.66   4.89    43.53

SNOWFALL (IN)
  YESTERDAY       MM             6.0  1991   0.3   MM        0.0
  MONTH TO DATE    0.3                       3.4   -3.1       T
  SINCE SEP 1      0.3                       3.9   -3.6       T
  SINCE JUL 1      0.3                       3.9   -3.6       T
  SNOW DEPTH       0

DEGREE DAYS
 HEATING
  YESTERDAY       31                        36     -5       24
  MONTH TO DATE  848                       830     18      597
  SINCE SEP 1   1308                      1506   -198      986
  SINCE JUL 1   1333                      1543   -210      993

 COOLING
  YESTERDAY        0                         0      0        0
  MONTH TO DATE    0                         0      0        0
  SINCE SEP 1    120                        55     65       85
  SINCE JAN 1    580                       568     12      780
..................................................................


WIND (MPH)
  HIGHEST WIND SPEED    15   HIGHEST WIND DIRECTION    SE (150)
  HIGHEST GUST SPEED    19   HIGHEST GUST DIRECTION     S (160)
  AVERAGE WIND SPEED     5.7


SKY COVER
  POSSIBLE SUNSHINE  MM
  AVERAGE SKY COVER 0.2


WEATHER CONDITIONS
 THE FOLLOWING WEATHER WAS RECORDED YESTERDAY.
  LIGHT RAIN


RELATIVE HUMIDITY (PERCENT)
 HIGHEST    76          1000 PM
 LOWEST     37          1200 AM
 AVERAGE    57

..........................................................


THE MADISON WI CLIMATE NORMALS FOR TODAY
                         NORMAL    RECORD    YEAR
 MAXIMUM TEMPERATURE (F)   36        63      1998
 MINIMUM TEMPERATURE (F)   22        -4      1947
                                             1929


SUNRISE AND SUNSET
NOVEMBER 30 2017......SUNRISE   708 AM CST   SUNSET   424 PM CST
DECEMBER  1 2017......SUNRISE   709 AM CST   SUNSET   423 PM CST


-  INDICATES NEGATIVE NUMBERS.
R  INDICATES RECORD WAS SET OR TIED.
MM INDICATES DATA IS MISSING.
T  INDICATES TRACE AMOUNT.




$$
