000
CDUS43 KMKX 112202
CLIMSN

CLIMATE REPORT
NATIONAL WEATHER SERVICE IN MILWAUKEE
400 PM CST WED JAN 11 2017


...................................

...THE MADISON WI CLIMATE SUMMARY FOR JANUARY 11 2017...
VALID TODAY AS OF 0400 PM LOCAL TIME.

CLIMATE NORMAL PERIOD 1981 TO 2010
CLIMATE RECORD PERIOD 1871 TO 2017


WEATHER ITEM   OBSERVED TIME   RECORD YEAR NORMAL DEPARTURE LAST
                VALUE   (LST)  VALUE       VALUE  FROM      YEAR
                                                  NORMAL
..................................................................
TEMPERATURE (F)
 TODAY
  MAXIMUM         32   1243 PM  53    2012  26      6       10
                                      1880
  MINIMUM         16   1254 AM -28    1979  11      5       -7
  AVERAGE         24                        18      6        2

PRECIPITATION (IN)
  TODAY            T             0.75 1890   0.04  -0.04     0.04
  MONTH TO DATE    0.64                      0.45   0.19     0.56
  SINCE DEC 1      2.67                      2.19   0.48     3.89
  SINCE JAN 1      0.64                      0.45   0.19     0.56

SNOWFALL (IN)
  TODAY            0.0           6.5  1991   0.5   MM        1.5
  MONTH TO DATE    1.0                       4.5   -3.5      1.8
  SINCE DEC 1     23.7                      18.0    5.7      9.2
  SINCE JUL 1     23.7                      22.1    1.6     13.3
  SNOW DEPTH       1

DEGREE DAYS
 HEATING
  TODAY           41                        46     -5       63
  MONTH TO DATE  536                       506     30      478
  SINCE DEC 1   1845                      1806     39     1399
  SINCE JUL 1   2867                      3385   -518     2590

 COOLING
  TODAY            0                         0      0        0
  MONTH TO DATE    0                         0      0        0
  SINCE DEC 1      0                         0      0        0
  SINCE JAN 1      0                         0      0        0
..................................................................


WIND (MPH)
  HIGHEST WIND SPEED    17   HIGHEST WIND DIRECTION     N (20)
  HIGHEST GUST SPEED    22   HIGHEST GUST DIRECTION     S (180)
  AVERAGE WIND SPEED     8.0


SKY COVER
  POSSIBLE SUNSHINE  MM
  AVERAGE SKY COVER 0.8


WEATHER CONDITIONS
 THE FOLLOWING WEATHER WAS RECORDED TODAY.
  NO SIGNIFICANT WEATHER WAS OBSERVED.


RELATIVE HUMIDITY (PERCENT)
 HIGHEST    84           700 AM
 LOWEST     67           200 AM
 AVERAGE    76

..........................................................


THE MADISON WI CLIMATE NORMALS FOR TOMORROW
                         NORMAL    RECORD    YEAR
 MAXIMUM TEMPERATURE (F)   26        55      1871
 MINIMUM TEMPERATURE (F)   11       -25      1912


SUNRISE AND SUNSET
JANUARY 11 2017.......SUNRISE   728 AM CST   SUNSET   443 PM CST
JANUARY 12 2017.......SUNRISE   727 AM CST   SUNSET   445 PM CST


-  INDICATES NEGATIVE NUMBERS.
R  INDICATES RECORD WAS SET OR TIED.
MM INDICATES DATA IS MISSING.
T  INDICATES TRACE AMOUNT.




$$
