000
CDUS43 KMKX 180700
CLIMSN


CLIMATE REPORT
NATIONAL WEATHER SERVICE IN MILWAUKEE
159 AM CDT SAT MAR 18 2017


...................................

...THE MADISON WI CLIMATE SUMMARY FOR MARCH 17 2017...

CLIMATE NORMAL PERIOD 1981 TO 2010
CLIMATE RECORD PERIOD 1871 TO 2017


WEATHER ITEM   OBSERVED TIME   RECORD YEAR NORMAL DEPARTURE LAST
                VALUE   (LST)  VALUE       VALUE  FROM      YEAR
                                                  NORMAL
..................................................................
TEMPERATURE (F)
 YESTERDAY
  MAXIMUM         54    456 PM  80    2012  44     10       53
  MINIMUM         32    110 AM  -8    1941  25      7       35
  AVERAGE         43                        34      9       44

PRECIPITATION (IN)
  YESTERDAY        0.10          0.77 1965   0.07   0.03     0.00
  MONTH TO DATE    1.04                      1.05  -0.01     2.11
  SINCE MAR 1      1.04                      1.05  -0.01     2.11
  SINCE JAN 1      5.74                      3.73   2.01     3.61

SNOWFALL (IN)
  YESTERDAY        T             6.9  1965   0.3   -0.3      0.0
  MONTH TO DATE    8.3                       4.5    3.8      3.5
  SINCE MAR 1      8.3                       4.5    3.8      3.5
  SINCE JUL 1     44.0                      45.6   -1.6     28.0
  SNOW DEPTH      10

DEGREE DAYS
 HEATING
  YESTERDAY       22                        31     -9       21
  MONTH TO DATE  596                       576     20      415
  SINCE MAR 1    596                       576     20      415
  SINCE JUL 1   5108                      6062   -954     5015

 COOLING
  YESTERDAY        0                         0      0        0
  MONTH TO DATE    0                         0      0        0
  SINCE MAR 1      0                         0      0        0
  SINCE JAN 1      0                         0      0        0
..................................................................


WIND (MPH)
  HIGHEST WIND SPEED    20   HIGHEST WIND DIRECTION     W (290)
  HIGHEST GUST SPEED    30   HIGHEST GUST DIRECTION     W (280)
  AVERAGE WIND SPEED     8.3


SKY COVER
  POSSIBLE SUNSHINE  MM
  AVERAGE SKY COVER 0.9


WEATHER CONDITIONS
 THE FOLLOWING WEATHER WAS RECORDED YESTERDAY.
  LIGHT RAIN
  LIGHT SNOW
  FOG
  HAZE


RELATIVE HUMIDITY (PERCENT)
 HIGHEST   100           900 AM
 LOWEST     50           500 PM
 AVERAGE    75

..........................................................


THE MADISON WI CLIMATE NORMALS FOR TODAY
                         NORMAL    RECORD    YEAR
 MAXIMUM TEMPERATURE (F)   44        81      2012
 MINIMUM TEMPERATURE (F)   26        -2      1959
                                             1941
                                             1923


SUNRISE AND SUNSET
MARCH 18 2017.........SUNRISE   704 AM CDT   SUNSET   708 PM CDT
MARCH 19 2017.........SUNRISE   702 AM CDT   SUNSET   709 PM CDT


-  INDICATES NEGATIVE NUMBERS.
R  INDICATES RECORD WAS SET OR TIED.
MM INDICATES DATA IS MISSING.
T  INDICATES TRACE AMOUNT.




$$
