000
CDUS43 KMKX 132149
CLIMSN


CLIMATE REPORT
NATIONAL WEATHER SERVICE IN MILWAUKEE
445 PM CDT SAT MAY 13 2017


...................................

...THE MADISON WI CLIMATE SUMMARY FOR MAY 13 2017...
VALID TODAY AS OF 0400 PM LOCAL TIME.

CLIMATE NORMAL PERIOD 1981 TO 2010
CLIMATE RECORD PERIOD 1871 TO 2017


WEATHER ITEM   OBSERVED TIME   RECORD YEAR NORMAL DEPARTURE LAST
                VALUE   (LST)  VALUE       VALUE  FROM      YEAR
                                                  NORMAL
..................................................................
TEMPERATURE (F)
 TODAY
  MAXIMUM         80    259 PM  88    1977  68     12       60
  MINIMUM         55    240 AM  29    1966  45     10       41
  AVERAGE         68                        56     12       51

PRECIPITATION (IN)
  TODAY            T             2.39 1978   0.11  -0.11     0.20
  MONTH TO DATE    0.88                      1.42  -0.54     1.47
  SINCE MAR 1      9.01                      7.02   1.99     7.54
  SINCE JAN 1     13.71                      9.70   4.01     9.04

SNOWFALL (IN)
  TODAY            0.0           0.0    MM   0.0    0.0      0.0
  MONTH TO DATE    0.0                       0.2   -0.2      0.0
  SINCE MAR 1      8.3                       9.8   -1.5      8.2
  SINCE JUL 1     44.0                      50.9   -6.9     32.7
  SNOW DEPTH       0

DEGREE DAYS
 HEATING
  TODAY            0                         9     -9       14
  MONTH TO DATE  167                       142     25      142
  SINCE MAR 1   1559                      1663   -104     1480
  SINCE JUL 1   6071                      7149  -1078     6080

 COOLING
  TODAY            3                         1      2        0
  MONTH TO DATE    3                         3      0        0
  SINCE MAR 1      3                         7     -4        0
  SINCE JAN 1      3                         7     -4        0
..................................................................


WIND (MPH)
  HIGHEST WIND SPEED    16   HIGHEST WIND DIRECTION    NW (320)
  HIGHEST GUST SPEED    23   HIGHEST GUST DIRECTION     W (290)
  AVERAGE WIND SPEED     8.2


SKY COVER
  POSSIBLE SUNSHINE  MM
  AVERAGE SKY COVER 0.6


WEATHER CONDITIONS
 THE FOLLOWING WEATHER WAS RECORDED TODAY.
  LIGHT RAIN


RELATIVE HUMIDITY (PERCENT)
 HIGHEST    72          1200 AM
 LOWEST     32           300 PM
 AVERAGE    52

..........................................................


THE MADISON WI CLIMATE NORMALS FOR TOMORROW
                         NORMAL    RECORD    YEAR
 MAXIMUM TEMPERATURE (F)   68        89      1991
 MINIMUM TEMPERATURE (F)   46        32      2016
                                             1964


SUNRISE AND SUNSET
MAY 13 2017...........SUNRISE   536 AM CDT   SUNSET   812 PM CDT
MAY 14 2017...........SUNRISE   535 AM CDT   SUNSET   813 PM CDT


-  INDICATES NEGATIVE NUMBERS.
R  INDICATES RECORD WAS SET OR TIED.
MM INDICATES DATA IS MISSING.
T  INDICATES TRACE AMOUNT.




$$

HAHN
