000
CDUS43 KMKX 061245
CLIMSN


CLIMATE REPORT
NATIONAL WEATHER SERVICE IN MILWAUKEE
645 AM CST MON NOV 6 2017


...................................

...THE MADISON WI CLIMATE SUMMARY FOR NOVEMBER 5 2017...

CLIMATE NORMAL PERIOD 1981 TO 2010
CLIMATE RECORD PERIOD 1871 TO 2017


WEATHER ITEM   OBSERVED TIME   RECORD YEAR NORMAL DEPARTURE LAST
                VALUE   (LST)  VALUE       VALUE  FROM      YEAR
                                                  NORMAL
..................................................................
TEMPERATURE (F)
 YESTERDAY
  MAXIMUM         52    111 PM  71    2008  50      2       69
                                      1924
  MINIMUM         33   1159 PM   0    1951  33      0       42
  AVERAGE         43                        41      2       56

PRECIPITATION (IN)
  YESTERDAY        T             1.14 2005   0.08  -0.08     0.00
  MONTH TO DATE    0.35                      0.41  -0.06     0.24
  SINCE SEP 1      4.46                      5.94  -1.48    13.66
  SINCE JAN 1     37.22                     30.76   6.46    41.90

SNOWFALL (IN)
  YESTERDAY       MM             2.3  1990   0.0   MM        0.0
  MONTH TO DATE    0.0                       0.2   -0.2      0.0
  SINCE SEP 1      T                         0.7   -0.7      0.0
  SINCE JUL 1      T                         0.7   -0.7      0.0
  SNOW DEPTH       0

DEGREE DAYS
 HEATING
  YESTERDAY       22                        24     -2        9
  MONTH TO DATE  121                       114      7       60
  SINCE SEP 1    581                       790   -209      449
  SINCE JUL 1    606                       827   -221      456

 COOLING
  YESTERDAY        0                         0      0        0
  MONTH TO DATE    0                         0      0        0
  SINCE SEP 1    120                        55     65       85
  SINCE JAN 1    580                       568     12      780
..................................................................


WIND (MPH)
  HIGHEST WIND SPEED    18   HIGHEST WIND DIRECTION     N (350)
  HIGHEST GUST SPEED    27   HIGHEST GUST DIRECTION    NW (330)
  AVERAGE WIND SPEED     6.1


SKY COVER
  POSSIBLE SUNSHINE  MM
  AVERAGE SKY COVER 1.0


WEATHER CONDITIONS
 THE FOLLOWING WEATHER WAS RECORDED YESTERDAY.
  LIGHT RAIN
  FOG


RELATIVE HUMIDITY (PERCENT)
 HIGHEST   100           400 AM
 LOWEST     69          1100 PM
 AVERAGE    85

..........................................................


THE MADISON WI CLIMATE NORMALS FOR TODAY
                         NORMAL    RECORD    YEAR
 MAXIMUM TEMPERATURE (F)   49        71      1916
 MINIMUM TEMPERATURE (F)   32         7      1951


SUNRISE AND SUNSET
NOVEMBER  6 2017......SUNRISE   639 AM CST   SUNSET   443 PM CST
NOVEMBER  7 2017......SUNRISE   640 AM CST   SUNSET   441 PM CST


-  INDICATES NEGATIVE NUMBERS.
R  INDICATES RECORD WAS SET OR TIED.
MM INDICATES DATA IS MISSING.
T  INDICATES TRACE AMOUNT.




$$
