000
CDUS43 KMKX 280044
CLIMSN


CLIMATE REPORT
NATIONAL WEATHER SERVICE IN MILWAUKEE
744 PM CDT SAT SEP 27 2014


...................................

...THE MADISON WI CLIMATE SUMMARY FOR SEPTEMBER 27 2014...
VALID TODAY AS OF 0700 PM LOCAL TIME.

CLIMATE NORMAL PERIOD 1981 TO 2010
CLIMATE RECORD PERIOD 1871 TO 2014


WEATHER ITEM   OBSERVED TIME   RECORD YEAR NORMAL DEPARTURE LAST
                VALUE   (LST)  VALUE       VALUE  FROM      YEAR
                                                  NORMAL
..................................................................
TEMPERATURE (F)
 TODAY
  MAXIMUM         82    221 PM  87    1954  67     15       81
  MINIMUM         51    554 AM  27    1991  45      6       45
  AVERAGE         67                        56     11       63

PRECIPITATION (IN)
  TODAY            0.00          1.57 1902   0.09  -0.09     0.00
  MONTH TO DATE    1.79                      2.87  -1.08     3.02
  SINCE SEP 1      1.79                      2.87  -1.08     3.02
  SINCE JAN 1     29.60                     27.69   1.91    39.50

SNOWFALL (IN)
  TODAY            0.0           0.0    MM   0.0    0.0      0.0
  MONTH TO DATE    0.0                       0.0    0.0      0.0
  SINCE SEP 1      0.0                       0.0    0.0      0.0
  SINCE JUL 1      0.0                       0.0    0.0      0.0
  SNOW DEPTH       0

DEGREE DAYS
 HEATING
  TODAY            0                        10    -10        2
  MONTH TO DATE  148                       142      6      114
  SINCE SEP 1    148                       142      6      114
  SINCE JUL 1    165                       179    -14      144

 COOLING
  TODAY            2                         1      1        0
  MONTH TO DATE   41                        51    -10       92
  SINCE SEP 1     41                        51    -10       92
  SINCE JAN 1    617                       564     53      705
..................................................................


WIND (MPH)
  HIGHEST WIND SPEED    13   HIGHEST WIND DIRECTION    SE (140)
  HIGHEST GUST SPEED    15   HIGHEST GUST DIRECTION    SE (130)
  AVERAGE WIND SPEED     2.8


SKY COVER
  POSSIBLE SUNSHINE  MM
  AVERAGE SKY COVER 0.5


WEATHER CONDITIONS
 THE FOLLOWING WEATHER WAS RECORDED TODAY.
  FOG
  HAZE


RELATIVE HUMIDITY (PERCENT)
 HIGHEST    96           500 AM
 LOWEST     42           100 PM
 AVERAGE    69

..........................................................


THE MADISON WI CLIMATE NORMALS FOR TOMORROW
                         NORMAL    RECORD    YEAR
 MAXIMUM TEMPERATURE (F)   67        89      1971
 MINIMUM TEMPERATURE (F)   45        27      1964


SUNRISE AND SUNSET
SEPTEMBER 27 2014.....SUNRISE   650 AM CDT   SUNSET   646 PM CDT
SEPTEMBER 28 2014.....SUNRISE   651 AM CDT   SUNSET   644 PM CDT


-  INDICATES NEGATIVE NUMBERS.
R  INDICATES RECORD WAS SET OR TIED.
MM INDICATES DATA IS MISSING.
T  INDICATES TRACE AMOUNT.




$$
