000
CDUS43 KMKX 312200
CLIMSN


CLIMATE REPORT
NATIONAL WEATHER SERVICE IN MILWAUKEE
500 PM CDT WED AUG 31 2016


...................................

...THE MADISON WI CLIMATE SUMMARY FOR AUGUST 31 2016...
VALID TODAY AS OF 0500 PM LOCAL TIME.

CLIMATE NORMAL PERIOD 1981 TO 2010
CLIMATE RECORD PERIOD 1871 TO 2016


WEATHER ITEM   OBSERVED TIME   RECORD YEAR NORMAL DEPARTURE LAST
                VALUE   (LST)  VALUE       VALUE  FROM      YEAR
                                                  NORMAL
..................................................................
TEMPERATURE (F)
 TODAY
  MAXIMUM         77    209 PM 100    1953  77      0       83
  MINIMUM         62    720 AM  37    1967  56      6       56
  AVERAGE         70                        67      3       70

PRECIPITATION (IN)
  TODAY            0.00          1.59 1989   0.13  -0.13     0.00
  MONTH TO DATE    7.87                      4.27   3.60     4.10
  SINCE JUN 1     18.45                     12.99   5.46    12.27
  SINCE JAN 1     28.24                     24.82   3.42    22.79

SNOWFALL (IN)
  TODAY            0.0           0.0    MM   0.0    0.0      0.0
  MONTH TO DATE    0.0                       0.0    0.0      0.0
  SINCE JUN 1      0.0                       0.0    0.0      0.0
  SINCE JUL 1      0.0                       0.0    0.0      0.0
  SNOW DEPTH       0

DEGREE DAYS
 HEATING
  TODAY            0                         2     -2        0
  MONTH TO DATE    3                        30    -27       16
  SINCE JUN 1     21                        97    -76       69
  SINCE JUL 1      7                        37    -30       32

 COOLING
  TODAY            5                         4      1        5
  MONTH TO DATE  241                       157     84      168
  SINCE JUN 1    645                       483    162      479
  SINCE JAN 1    697                       513    184      529
..................................................................


WIND (MPH)
  HIGHEST WIND SPEED    16   HIGHEST WIND DIRECTION    NE (30)
  HIGHEST GUST SPEED    20   HIGHEST GUST DIRECTION    NE (30)
  AVERAGE WIND SPEED     8.1


SKY COVER
  POSSIBLE SUNSHINE  MM
  AVERAGE SKY COVER 0.4


WEATHER CONDITIONS
 THE FOLLOWING WEATHER WAS RECORDED TODAY.
  NO SIGNIFICANT WEATHER WAS OBSERVED.


RELATIVE HUMIDITY (PERCENT)
 HIGHEST    93           500 AM
 LOWEST     46           100 PM
 AVERAGE    70

..........................................................


THE MADISON WI CLIMATE NORMALS FOR TOMORROW
                         NORMAL    RECORD    YEAR
 MAXIMUM TEMPERATURE (F)   77        99      1953
 MINIMUM TEMPERATURE (F)   56        36      1967


SUNRISE AND SUNSET
AUGUST 31 2016........SUNRISE   621 AM CDT   SUNSET   733 PM CDT
SEPTEMBER  1 2016.....SUNRISE   622 AM CDT   SUNSET   731 PM CDT


-  INDICATES NEGATIVE NUMBERS.
R  INDICATES RECORD WAS SET OR TIED.
MM INDICATES DATA IS MISSING.
T  INDICATES TRACE AMOUNT.




$$
