000
CDUS43 KMKX 252050
CLIMSN


CLIMATE REPORT
NATIONAL WEATHER SERVICE IN MILWAUKEE
349 PM CDT MON AUG 25 2014


...................................

...THE MADISON WI CLIMATE SUMMARY FOR AUGUST 25 2014...
VALID TODAY AS OF 0300 PM LOCAL TIME.

CLIMATE NORMAL PERIOD 1981 TO 2010
CLIMATE RECORD PERIOD 1871 TO 2014


WEATHER ITEM   OBSERVED TIME   RECORD YEAR NORMAL DEPARTURE LAST
                VALUE   (LST)  VALUE       VALUE  FROM      YEAR
                                                  NORMAL
..................................................................
TEMPERATURE (F)
 TODAY
  MAXIMUM         79    538 AM  94    1953  79      0       88
                                      1948
  MINIMUM         68    749 AM  37    1958  58     10       71
  AVERAGE         74                        68      6       80

PRECIPITATION (IN)
  TODAY            1.31          2.30 2001   0.13   1.18     0.00
  MONTH TO DATE    5.22                      3.48   1.74     1.53
  SINCE JUN 1     15.85                     12.20   3.65    16.39
  SINCE JAN 1     27.60                     24.03   3.57    36.48

SNOWFALL (IN)
  TODAY            0.0           0.0    MM   0.0    0.0      0.0
  MONTH TO DATE    0.0                       0.0    0.0      0.0
  SINCE JUN 1      0.0                       0.0    0.0      0.0
  SINCE JUL 1      0.0                       0.0    0.0      0.0
  SNOW DEPTH       0

DEGREE DAYS
 HEATING
  TODAY            0                         1     -1        0
  MONTH TO DATE    4                        22    -18       12
  SINCE JUN 1     26                        92    -66       82
  SINCE JUL 1     17                        32    -15       30

 COOLING
  TODAY            9                         4      5       15
  MONTH TO DATE  165                       135     30      112
  SINCE JUN 1    490                       461     29      480
  SINCE JAN 1    541                       491     50      533
..................................................................


WIND (MPH)
  HIGHEST WIND SPEED    24   HIGHEST WIND DIRECTION    NW (320)
  HIGHEST GUST SPEED    38   HIGHEST GUST DIRECTION    NW (330)
  AVERAGE WIND SPEED     7.3


SKY COVER
  POSSIBLE SUNSHINE  MM
  AVERAGE SKY COVER 0.9


WEATHER CONDITIONS
 THE FOLLOWING WEATHER WAS RECORDED TODAY.
  THUNDERSTORM
  RAIN
  LIGHT RAIN
  FOG
  HAZE


RELATIVE HUMIDITY (PERCENT)
 HIGHEST    91           300 AM
 LOWEST     76           200 PM
 AVERAGE    84

..........................................................


THE MADISON WI CLIMATE NORMALS FOR TOMORROW
                         NORMAL    RECORD    YEAR
 MAXIMUM TEMPERATURE (F)   78        95      1953
 MINIMUM TEMPERATURE (F)   58        39      1964


SUNRISE AND SUNSET
AUGUST 25 2014........SUNRISE   614 AM CDT   SUNSET   744 PM CDT
AUGUST 26 2014........SUNRISE   615 AM CDT   SUNSET   742 PM CDT


-  INDICATES NEGATIVE NUMBERS.
R  INDICATES RECORD WAS SET OR TIED.
MM INDICATES DATA IS MISSING.
T  INDICATES TRACE AMOUNT.




$$
