000
CDUS43 KMKX 230046
CLIMSN


CLIMATE REPORT
NATIONAL WEATHER SERVICE IN MILWAUKEE
746 PM CDT MON AUG 22 2016


...................................

...THE MADISON WI CLIMATE SUMMARY FOR AUGUST 22 2016...
VALID TODAY AS OF 0700 PM LOCAL TIME.

CLIMATE NORMAL PERIOD 1981 TO 2010
CLIMATE RECORD PERIOD 1871 TO 2016


WEATHER ITEM   OBSERVED TIME   RECORD YEAR NORMAL DEPARTURE LAST
                VALUE   (LST)  VALUE       VALUE  FROM      YEAR
                                                  NORMAL
..................................................................
TEMPERATURE (F)
 TODAY
  MAXIMUM         77    351 PM  94    1976  79     -2       80
                                      1936
  MINIMUM         51    528 AM  44    1967  58     -7       63
  AVERAGE         64                        69     -5       72

PRECIPITATION (IN)
  TODAY            0.00          3.20 2007   0.14  -0.14     0.00
  MONTH TO DATE    6.28                      3.10   3.18     2.26
  SINCE JUN 1     16.86                     11.82   5.04    10.43
  SINCE JAN 1     26.65                     23.65   3.00    20.95

SNOWFALL (IN)
  TODAY            0.0           0.0    MM   0.0    0.0      0.0
  MONTH TO DATE    0.0                       0.0    0.0      0.0
  SINCE JUN 1      0.0                       0.0    0.0      0.0
  SINCE JUL 1      0.0                       0.0    0.0      0.0
  SNOW DEPTH       0

DEGREE DAYS
 HEATING
  TODAY            1                         1      0        0
  MONTH TO DATE    3                        19    -16        3
  SINCE JUN 1     21                        89    -68       56
  SINCE JUL 1      7                        29    -22       19

 COOLING
  TODAY            0                         5     -5        7
  MONTH TO DATE  181                       122     59      160
  SINCE JUN 1    585                       448    137      471
  SINCE JAN 1    637                       478    159      521
..................................................................


WIND (MPH)
  HIGHEST WIND SPEED    17   HIGHEST WIND DIRECTION     S (190)
  HIGHEST GUST SPEED    22   HIGHEST GUST DIRECTION     S (190)
  AVERAGE WIND SPEED     5.5


SKY COVER
  POSSIBLE SUNSHINE  MM
  AVERAGE SKY COVER 0.1


WEATHER CONDITIONS
 THE FOLLOWING WEATHER WAS RECORDED TODAY.
  FOG


RELATIVE HUMIDITY (PERCENT)
 HIGHEST   100           300 AM
 LOWEST     47           300 PM
 AVERAGE    74

..........................................................


THE MADISON WI CLIMATE NORMALS FOR TOMORROW
                         NORMAL    RECORD    YEAR
 MAXIMUM TEMPERATURE (F)   79        98      1947
 MINIMUM TEMPERATURE (F)   58        43      1952


SUNRISE AND SUNSET
AUGUST 22 2016........SUNRISE   611 AM CDT   SUNSET   748 PM CDT
AUGUST 23 2016........SUNRISE   612 AM CDT   SUNSET   746 PM CDT


-  INDICATES NEGATIVE NUMBERS.
R  INDICATES RECORD WAS SET OR TIED.
MM INDICATES DATA IS MISSING.
T  INDICATES TRACE AMOUNT.




$$
