000
CDUS43 KMKX 190700
CLIMSN


CLIMATE REPORT
NATIONAL WEATHER SERVICE IN MILWAUKEE
200 AM CDT SUN OCT 19 2014


...................................

...THE MADISON WI CLIMATE SUMMARY FOR OCTOBER 18 2014...

CLIMATE NORMAL PERIOD 1981 TO 2010
CLIMATE RECORD PERIOD 1871 TO 2014


WEATHER ITEM   OBSERVED TIME   RECORD YEAR NORMAL DEPARTURE LAST
                VALUE   (LST)  VALUE       VALUE  FROM      YEAR
                                                  NORMAL
..................................................................
TEMPERATURE (F)
 YESTERDAY
  MAXIMUM         53    338 PM  82    1953  58     -5       48
                                      1950
  MINIMUM         33   1159 PM  18    1976  38     -5       38
                                      1948
  AVERAGE         43                        48     -5       43

PRECIPITATION (IN)
  YESTERDAY        T             2.78 1984   0.08  -0.08     0.00
  MONTH TO DATE    2.88                      1.38   1.50     1.19
  SINCE SEP 1      4.72                      4.51   0.21     4.38
  SINCE JAN 1     32.53                     29.33   3.20    40.86

SNOWFALL (IN)
  YESTERDAY        0.0           0.5  1991   0.1   -0.1      0.0
  MONTH TO DATE    T                         0.2   -0.2      0.0
  SINCE SEP 1      T                         0.2   -0.2      0.0
  SINCE JUL 1      T                         0.2   -0.2      0.0
  SNOW DEPTH       0

DEGREE DAYS
 HEATING
  YESTERDAY       22                        17      5       22
  MONTH TO DATE  237                       254    -17      162
  SINCE SEP 1    403                       425    -22      289
  SINCE JUL 1    420                       462    -42      319

 COOLING
  YESTERDAY        0                         0      0        0
  MONTH TO DATE    0                         0      0        2
  SINCE SEP 1     44                        51     -7       96
  SINCE JAN 1    620                       564     56      709
..................................................................


WIND (MPH)
  HIGHEST WIND SPEED    22   HIGHEST WIND DIRECTION     N (20)
  HIGHEST GUST SPEED    27   HIGHEST GUST DIRECTION     N (20)
  AVERAGE WIND SPEED     7.1


SKY COVER
  POSSIBLE SUNSHINE  MM
  AVERAGE SKY COVER 0.7


WEATHER CONDITIONS
 THE FOLLOWING WEATHER WAS RECORDED YESTERDAY.
  LIGHT RAIN


RELATIVE HUMIDITY (PERCENT)
 HIGHEST    92           900 PM
 LOWEST     48           300 PM
 AVERAGE    70

..........................................................


THE MADISON WI CLIMATE NORMALS FOR TODAY
                         NORMAL    RECORD    YEAR
 MAXIMUM TEMPERATURE (F)   58        80      1953
 MINIMUM TEMPERATURE (F)   38        15      1972


SUNRISE AND SUNSET
OCTOBER 19 2014.......SUNRISE   716 AM CDT   SUNSET   608 PM CDT
OCTOBER 20 2014.......SUNRISE   717 AM CDT   SUNSET   607 PM CDT


-  INDICATES NEGATIVE NUMBERS.
R  INDICATES RECORD WAS SET OR TIED.
MM INDICATES DATA IS MISSING.
T  INDICATES TRACE AMOUNT.




$$
