000
CDUS43 KMKX 192143
CLIMSN


CLIMATE REPORT
NATIONAL WEATHER SERVICE IN MILWAUKEE
442 PM CDT FRI SEP 19 2014


...................................

...THE MADISON WI CLIMATE SUMMARY FOR SEPTEMBER 19 2014...
VALID TODAY AS OF 0400 PM LOCAL TIME.

CLIMATE NORMAL PERIOD 1981 TO 2010
CLIMATE RECORD PERIOD 1871 TO 2014


WEATHER ITEM   OBSERVED TIME   RECORD YEAR NORMAL DEPARTURE LAST
                VALUE   (LST)  VALUE       VALUE  FROM      YEAR
                                                  NORMAL
..................................................................
TEMPERATURE (F)
 TODAY
  MAXIMUM         74    259 PM  93    1948  71      3       87
  MINIMUM         51    132 AM  32    1956  49      2       67
  AVERAGE         63                        60      3       77

PRECIPITATION (IN)
  TODAY            0.00          1.94 2013   0.10  -0.10     1.94
  MONTH TO DATE    1.68                      2.05  -0.37     3.02
  SINCE SEP 1      1.68                      2.05  -0.37     3.02
  SINCE JAN 1     29.49                     26.87   2.62    39.50

SNOWFALL (IN)
  TODAY            0.0           0.0    MM   0.0    0.0      0.0
  MONTH TO DATE    0.0                       0.0    0.0      0.0
  SINCE SEP 1      0.0                       0.0    0.0      0.0
  SINCE JUL 1      0.0                       0.0    0.0      0.0
  SNOW DEPTH       0

DEGREE DAYS
 HEATING
  TODAY            2                         7     -5        0
  MONTH TO DATE  118                        76     42       53
  SINCE SEP 1    118                        76     42       53
  SINCE JUL 1    135                       113     22       83

 COOLING
  TODAY            0                         1     -1       12
  MONTH TO DATE   34                        43     -9       92
  SINCE SEP 1     34                        43     -9       92
  SINCE JAN 1    610                       556     54      705
..................................................................


WIND (MPH)
  HIGHEST WIND SPEED    24   HIGHEST WIND DIRECTION     S (180)
  HIGHEST GUST SPEED    35   HIGHEST GUST DIRECTION     S (170)
  AVERAGE WIND SPEED    12.2


SKY COVER
  POSSIBLE SUNSHINE  MM
  AVERAGE SKY COVER 0.7


WEATHER CONDITIONS
 THE FOLLOWING WEATHER WAS RECORDED TODAY.
  FOG
  HAZE


RELATIVE HUMIDITY (PERCENT)
 HIGHEST   100           200 AM
 LOWEST     44           100 PM
 AVERAGE    72

..........................................................


THE MADISON WI CLIMATE NORMALS FOR TOMORROW
                         NORMAL    RECORD    YEAR
 MAXIMUM TEMPERATURE (F)   70        89      1908
                                             1895
                                             1891
 MINIMUM TEMPERATURE (F)   48        28      1956


SUNRISE AND SUNSET
SEPTEMBER 19 2014.....SUNRISE   641 AM CDT   SUNSET   700 PM CDT
SEPTEMBER 20 2014.....SUNRISE   642 AM CDT   SUNSET   658 PM CDT


-  INDICATES NEGATIVE NUMBERS.
R  INDICATES RECORD WAS SET OR TIED.
MM INDICATES DATA IS MISSING.
T  INDICATES TRACE AMOUNT.




$$
