000
CDUS43 KMKX 252246
CLIMSN


CLIMATE REPORT
NATIONAL WEATHER SERVICE IN MILWAUKEE
443 PM CST FRI NOV 25 2016


...................................

...THE MADISON WI CLIMATE SUMMARY FOR NOVEMBER 25 2016...
VALID TODAY AS OF 0400 PM LOCAL TIME.

CLIMATE NORMAL PERIOD 1981 TO 2010
CLIMATE RECORD PERIOD 1871 TO 2016


WEATHER ITEM   OBSERVED TIME   RECORD YEAR NORMAL DEPARTURE LAST
                VALUE   (LST)  VALUE       VALUE  FROM      YEAR
                                                  NORMAL
..................................................................
TEMPERATURE (F)
 TODAY
  MAXIMUM         39    259 PM  62    1908  39      0       46
  MINIMUM         34    243 AM  -8    1950  24     10       34
  AVERAGE         37                        31      6       40

PRECIPITATION (IN)
  TODAY            T             0.90 1952   0.08  -0.08     0.03
  MONTH TO DATE    0.48                      2.00  -1.52     2.81
  SINCE SEP 1     13.90                      7.53   6.37    11.53
  SINCE JAN 1     42.14                     32.35   9.79    34.32

SNOWFALL (IN)
  TODAY            0.0           3.0  1987   0.2   -0.2      0.0
  MONTH TO DATE    T                         2.4   -2.4      4.1
  SINCE SEP 1      T                         2.9   -2.9      4.1
  SINCE JUL 1      T                         2.9   -2.9      4.1
  SNOW DEPTH       0

DEGREE DAYS
 HEATING
  TODAY           28                        34     -6       25
  MONTH TO DATE  503                       690   -187      527
  SINCE SEP 1    892                      1366   -474     1003
  SINCE JUL 1    899                      1403   -504     1035

 COOLING
  TODAY            0                         0      0        0
  MONTH TO DATE    0                         0      0        0
  SINCE SEP 1     85                        55     30      137
  SINCE JAN 1    780                       568    212      666
..................................................................


WIND (MPH)
  HIGHEST WIND SPEED    10   HIGHEST WIND DIRECTION     W (280)
  HIGHEST GUST SPEED    16   HIGHEST GUST DIRECTION     W (270)
  AVERAGE WIND SPEED     2.8


SKY COVER
  POSSIBLE SUNSHINE  MM
  AVERAGE SKY COVER 1.0


WEATHER CONDITIONS
 THE FOLLOWING WEATHER WAS RECORDED TODAY.
  LIGHT RAIN
  FOG


RELATIVE HUMIDITY (PERCENT)
 HIGHEST    89          1200 AM
 LOWEST     79           300 PM
 AVERAGE    84

..........................................................


THE MADISON WI CLIMATE NORMALS FOR TOMORROW
                         NORMAL    RECORD    YEAR
 MAXIMUM TEMPERATURE (F)   38        65      1990
 MINIMUM TEMPERATURE (F)   24        -5      1977


SUNRISE AND SUNSET
NOVEMBER 25 2016......SUNRISE   703 AM CST   SUNSET   426 PM CST
NOVEMBER 26 2016......SUNRISE   704 AM CST   SUNSET   425 PM CST


-  INDICATES NEGATIVE NUMBERS.
R  INDICATES RECORD WAS SET OR TIED.
MM INDICATES DATA IS MISSING.
T  INDICATES TRACE AMOUNT.




$$

HAHN
