000
CDUS43 KMKX 040700
CLIMSN


CLIMATE REPORT
NATIONAL WEATHER SERVICE IN MILWAUKEE
1259 AM CST THU JAN 4 2018


...................................

...THE MADISON WI CLIMATE SUMMARY FOR JANUARY 3 2018...

CLIMATE NORMAL PERIOD 1981 TO 2010
CLIMATE RECORD PERIOD 1871 TO 2018


WEATHER ITEM   OBSERVED TIME   RECORD YEAR NORMAL DEPARTURE LAST
                VALUE   (LST)  VALUE       VALUE  FROM      YEAR
                                                  NORMAL
..................................................................
TEMPERATURE (F)
 YESTERDAY
  MAXIMUM         12   1212 PM  57    1874  27    -15       34
  MINIMUM         -1   1159 PM -23    1887  12    -13       10
  AVERAGE          6                        19    -13       22

PRECIPITATION (IN)
  YESTERDAY        0.01          0.70 1906   0.04  -0.03     0.03
  MONTH TO DATE    0.01                      0.12  -0.11     0.03
  SINCE DEC 1      0.74                      1.86  -1.12     2.06
  SINCE JAN 1      0.01                      0.12  -0.11     0.03

SNOWFALL (IN)
  YESTERDAY        0.4           8.3  1971   0.4    0.0      0.0
  MONTH TO DATE    0.5                       1.2   -0.7      0.0
  SINCE DEC 1      4.2                      14.7  -10.5     22.7
  SINCE JUL 1      4.5                      18.8  -14.3     22.7
  SNOW DEPTH       2

DEGREE DAYS
 HEATING
  YESTERDAY       59                        46     13       43
  MONTH TO DATE  192                       138     54      115
  SINCE DEC 1   1515                      1438     77     1424
  SINCE JUL 1   2874                      3017   -143     2446

 COOLING
  YESTERDAY        0                         0      0        0
  MONTH TO DATE    0                         0      0        0
  SINCE DEC 1      0                         0      0        0
  SINCE JAN 1      0                         0      0        0
..................................................................


WIND (MPH)
  HIGHEST WIND SPEED    16   HIGHEST WIND DIRECTION    NW (330)
  HIGHEST GUST SPEED    24   HIGHEST GUST DIRECTION    NW (310)
  AVERAGE WIND SPEED     7.6


SKY COVER
  POSSIBLE SUNSHINE  MM
  AVERAGE SKY COVER 0.5


WEATHER CONDITIONS
 THE FOLLOWING WEATHER WAS RECORDED YESTERDAY.
  LIGHT SNOW
  FOG
  HAZE


RELATIVE HUMIDITY (PERCENT)
 HIGHEST    83           300 AM
 LOWEST     58           400 PM
 AVERAGE    71

..........................................................


THE MADISON WI CLIMATE NORMALS FOR TODAY
                         NORMAL    RECORD    YEAR
 MAXIMUM TEMPERATURE (F)   26        53      1880
 MINIMUM TEMPERATURE (F)   12       -26      1884


SUNRISE AND SUNSET
JANUARY  4 2018.......SUNRISE   729 AM CST   SUNSET   436 PM CST
JANUARY  5 2018.......SUNRISE   729 AM CST   SUNSET   437 PM CST


-  INDICATES NEGATIVE NUMBERS.
R  INDICATES RECORD WAS SET OR TIED.
MM INDICATES DATA IS MISSING.
T  INDICATES TRACE AMOUNT.




$$
