000
CDUS43 KMKX 162137
CLIMSN


CLIMATE REPORT
NATIONAL WEATHER SERVICE IN MILWAUKEE
437 PM CDT SUN APR 16 2017


...................................

...THE MADISON WI CLIMATE SUMMARY FOR APRIL 16 2017...
VALID TODAY AS OF 0400 PM LOCAL TIME.

CLIMATE NORMAL PERIOD 1981 TO 2010
CLIMATE RECORD PERIOD 1871 TO 2017


WEATHER ITEM   OBSERVED TIME   RECORD YEAR NORMAL DEPARTURE LAST
                VALUE   (LST)  VALUE       VALUE  FROM      YEAR
                                                  NORMAL
..................................................................
TEMPERATURE (F)
 TODAY
  MAXIMUM         69    100 PM  86    2002  58     11       78
  MINIMUM         57    458 AM  12    1875  36     21       39
  AVERAGE         63                        47     16       59

PRECIPITATION (IN)
  TODAY            0.04          1.10 1880   0.12  -0.08     0.00
  MONTH TO DATE    2.56                      1.78   0.78     0.83
  SINCE MAR 1      5.39                      3.98   1.41     4.79
  SINCE JAN 1     10.09                      6.66   3.43     6.29

SNOWFALL (IN)
  TODAY            0.0          10.2  1921   0.0    0.0      0.0
  MONTH TO DATE    T                         1.8   -1.8      4.2
  SINCE MAR 1      8.3                       8.8   -0.5      8.2
  SINCE JUL 1     44.0                      49.9   -5.9     32.7
  SNOW DEPTH       0

DEGREE DAYS
 HEATING
  TODAY            2                        18    -16        6
  MONTH TO DATE  231                       341   -110      394
  SINCE MAR 1   1180                      1304   -124     1164
  SINCE JUL 1   5692                      6790  -1098     5764

 COOLING
  TODAY            0                         0      0        0
  MONTH TO DATE    0                         0      0        0
  SINCE MAR 1      0                         0      0        0
  SINCE JAN 1      0                         0      0        0
..................................................................


WIND (MPH)
  HIGHEST WIND SPEED    21   HIGHEST WIND DIRECTION    NW (310)
  HIGHEST GUST SPEED    33   HIGHEST GUST DIRECTION     W (290)
  AVERAGE WIND SPEED    11.0


SKY COVER
  POSSIBLE SUNSHINE  MM
  AVERAGE SKY COVER 0.7


WEATHER CONDITIONS
 THE FOLLOWING WEATHER WAS RECORDED TODAY.
  LIGHT RAIN
  FOG


RELATIVE HUMIDITY (PERCENT)
 HIGHEST   100           400 AM
 LOWEST     24           100 PM
 AVERAGE    62

..........................................................


THE MADISON WI CLIMATE NORMALS FOR TOMORROW
                         NORMAL    RECORD    YEAR
 MAXIMUM TEMPERATURE (F)   58        86      1977
 MINIMUM TEMPERATURE (F)   36        11      1875


SUNRISE AND SUNSET
APRIL 16 2017.........SUNRISE   613 AM CDT   SUNSET   742 PM CDT
APRIL 17 2017.........SUNRISE   612 AM CDT   SUNSET   743 PM CDT


-  INDICATES NEGATIVE NUMBERS.
R  INDICATES RECORD WAS SET OR TIED.
MM INDICATES DATA IS MISSING.
T  INDICATES TRACE AMOUNT.




$$
