000
CDUS43 KMKX 262245
CLIMSN


CLIMATE REPORT
NATIONAL WEATHER SERVICE IN MILWAUKEE
443 PM CST SAT NOV 26 2016


...................................

...THE MADISON WI CLIMATE SUMMARY FOR NOVEMBER 26 2016...
VALID TODAY AS OF 0400 PM LOCAL TIME.

CLIMATE NORMAL PERIOD 1981 TO 2010
CLIMATE RECORD PERIOD 1871 TO 2016


WEATHER ITEM   OBSERVED TIME   RECORD YEAR NORMAL DEPARTURE LAST
                VALUE   (LST)  VALUE       VALUE  FROM      YEAR
                                                  NORMAL
..................................................................
TEMPERATURE (F)
 TODAY
  MAXIMUM         47    223 PM  65    1990  38      9       55
  MINIMUM         36    829 AM  -5    1977  24     12       36
  AVERAGE         42                        31     11       46

PRECIPITATION (IN)
  TODAY            0.00          1.19 2015   0.08  -0.08     1.19
  MONTH TO DATE    0.48                      2.08  -1.60     4.00
  SINCE SEP 1     13.90                      7.61   6.29    12.72
  SINCE JAN 1     42.14                     32.43   9.71    35.51

SNOWFALL (IN)
  TODAY            0.0           3.8  1971   0.3   -0.3      0.0
                                      1940
  MONTH TO DATE    T                         2.7   -2.7      4.1
  SINCE SEP 1      T                         3.2   -3.2      4.1
  SINCE JUL 1      T                         3.2   -3.2      4.1
  SNOW DEPTH       0

DEGREE DAYS
 HEATING
  TODAY           23                        34    -11       19
  MONTH TO DATE  526                       724   -198      546
  SINCE SEP 1    915                      1400   -485     1022
  SINCE JUL 1    922                      1437   -515     1054

 COOLING
  TODAY            0                         0      0        0
  MONTH TO DATE    0                         0      0        0
  SINCE SEP 1     85                        55     30      137
  SINCE JAN 1    780                       568    212      666
..................................................................


WIND (MPH)
  HIGHEST WIND SPEED    17   HIGHEST WIND DIRECTION     S (170)
  HIGHEST GUST SPEED    20   HIGHEST GUST DIRECTION     S (170)
  AVERAGE WIND SPEED     7.8


SKY COVER
  POSSIBLE SUNSHINE  MM
  AVERAGE SKY COVER 0.9


WEATHER CONDITIONS
 THE FOLLOWING WEATHER WAS RECORDED TODAY.
  NO SIGNIFICANT WEATHER WAS OBSERVED.


RELATIVE HUMIDITY (PERCENT)
 HIGHEST    85           700 AM
 LOWEST     65           200 PM
 AVERAGE    75

..........................................................


THE MADISON WI CLIMATE NORMALS FOR TOMORROW
                         NORMAL    RECORD    YEAR
 MAXIMUM TEMPERATURE (F)   38        65      1998
                                             1990
 MINIMUM TEMPERATURE (F)   23        -7      1887


SUNRISE AND SUNSET
NOVEMBER 26 2016......SUNRISE   704 AM CST   SUNSET   425 PM CST
NOVEMBER 27 2016......SUNRISE   705 AM CST   SUNSET   425 PM CST


-  INDICATES NEGATIVE NUMBERS.
R  INDICATES RECORD WAS SET OR TIED.
MM INDICATES DATA IS MISSING.
T  INDICATES TRACE AMOUNT.




$$

HAHN
