000
CDUS43 KMKX 130659
CLIMSN


CLIMATE REPORT
NATIONAL WEATHER SERVICE IN MILWAUKEE
157 AM CDT SAT SEP 13 2014


...................................

...THE MADISON WI CLIMATE SUMMARY FOR SEPTEMBER 12 2014...

CLIMATE NORMAL PERIOD 1981 TO 2010
CLIMATE RECORD PERIOD 1871 TO 2014


WEATHER ITEM   OBSERVED TIME   RECORD YEAR NORMAL DEPARTURE LAST
                VALUE   (LST)  VALUE       VALUE  FROM      YEAR
                                                  NORMAL
..................................................................
TEMPERATURE (F)
 YESTERDAY
  MAXIMUM         47    101 PM  91    1927  74    -27       76
  MINIMUM         38   1108 PM  31    1955  52    -14       53
  AVERAGE         43                        63    -20       65

PRECIPITATION (IN)
  YESTERDAY        0.17          3.21 1915   0.10   0.07     0.00
  MONTH TO DATE    1.51                      1.33   0.18     0.26
  SINCE SEP 1      1.51                      1.33   0.18     0.26
  SINCE JAN 1     29.32                     26.15   3.17    36.74

SNOWFALL (IN)
  YESTERDAY        0.0           0.0    MM   0.0    0.0      0.0
  MONTH TO DATE    0.0                       0.0    0.0      0.0
  SINCE SEP 1      0.0                       0.0    0.0      0.0
  SINCE JUL 1      0.0                       0.0    0.0      0.0
  SNOW DEPTH       0

DEGREE DAYS
 HEATING
  YESTERDAY       22                         4     18        0
  MONTH TO DATE   42                        36      6        9
  SINCE SEP 1     42                        36      6        9
  SINCE JUL 1     59                        73    -14       39

 COOLING
  YESTERDAY        0                         2     -2        0
  MONTH TO DATE   34                        32      2       77
  SINCE SEP 1     34                        32      2       77
  SINCE JAN 1    610                       545     65      690
..................................................................


WIND (MPH)
  HIGHEST WIND SPEED    15   HIGHEST WIND DIRECTION     N (10)
  HIGHEST GUST SPEED    24   HIGHEST GUST DIRECTION    NW (300)
  AVERAGE WIND SPEED     5.2


SKY COVER
  POSSIBLE SUNSHINE  MM
  AVERAGE SKY COVER 0.7


WEATHER CONDITIONS
 THE FOLLOWING WEATHER WAS RECORDED YESTERDAY.
  LIGHT RAIN
  FOG


RELATIVE HUMIDITY (PERCENT)
 HIGHEST   100          1100 PM
 LOWEST     82          1200 PM
 AVERAGE    91

..........................................................


THE MADISON WI CLIMATE NORMALS FOR TODAY
                         NORMAL    RECORD    YEAR
 MAXIMUM TEMPERATURE (F)   73        93      1939
 MINIMUM TEMPERATURE (F)   51        31      1964


SUNRISE AND SUNSET
SEPTEMBER 13 2014.....SUNRISE   635 AM CDT   SUNSET   711 PM CDT
SEPTEMBER 14 2014.....SUNRISE   636 AM CDT   SUNSET   709 PM CDT


-  INDICATES NEGATIVE NUMBERS.
R  INDICATES RECORD WAS SET OR TIED.
MM INDICATES DATA IS MISSING.
T  INDICATES TRACE AMOUNT.




$$
