000
CDUS43 KMKX 300641
CLIMSN


CLIMATE REPORT
NATIONAL WEATHER SERVICE IN MILWAUKEE
140 AM CDT THU JUL 30 2015


...................................

...THE MADISON WI CLIMATE SUMMARY FOR JULY 29 2015...

CLIMATE NORMAL PERIOD 1981 TO 2010
CLIMATE RECORD PERIOD 1871 TO 2015


WEATHER ITEM   OBSERVED TIME   RECORD YEAR NORMAL DEPARTURE LAST
                VALUE   (LST)  VALUE       VALUE  FROM      YEAR
                                                  NORMAL
..................................................................
TEMPERATURE (F)
 YESTERDAY
  MAXIMUM         84    335 PM 101    1916  81      3       81
  MINIMUM         69    534 AM  43    1965  61      8       59
  AVERAGE         77                        71      6       70

PRECIPITATION (IN)
  YESTERDAY        1.42          2.16 1959   0.13   1.29      T
  MONTH TO DATE    5.02                      3.93   1.09     1.08
  SINCE JUN 1      8.17                      8.47  -0.30    10.63
  SINCE JAN 1     18.69                     20.30  -1.61    22.38

SNOWFALL (IN)
  YESTERDAY        0.0           0.0    MM   0.0    0.0      0.0
  MONTH TO DATE    0.0                       0.0    0.0      0.0
  SINCE JUN 1      0.0                       0.0    0.0      0.0
  SINCE JUL 1      0.0                       0.0    0.0      0.0
  SNOW DEPTH       0

DEGREE DAYS
 HEATING
  YESTERDAY        0                         0      0        0
  MONTH TO DATE   16                         0     16       13
  SINCE JUN 1     53                        60     -7       22
  SINCE JUL 1     16                         0     16       13

 COOLING
  YESTERDAY       12                         6      6        5
  MONTH TO DATE  180                       196    -16      132
  SINCE JUN 1    291                       316    -25      314
  SINCE JAN 1    341                       346     -5      365
..................................................................


WIND (MPH)
  HIGHEST WIND SPEED    16   HIGHEST WIND DIRECTION     W (290)
  HIGHEST GUST SPEED    26   HIGHEST GUST DIRECTION     W (280)
  AVERAGE WIND SPEED     6.7


SKY COVER
  POSSIBLE SUNSHINE  MM
  AVERAGE SKY COVER 0.5


WEATHER CONDITIONS
 THE FOLLOWING WEATHER WAS RECORDED YESTERDAY.
  THUNDERSTORM
  HEAVY RAIN
  RAIN
  LIGHT RAIN
  FOG


RELATIVE HUMIDITY (PERCENT)
 HIGHEST    90           500 AM
 LOWEST     33           200 PM
 AVERAGE    62

..........................................................


THE MADISON WI CLIMATE NORMALS FOR TODAY
                         NORMAL    RECORD    YEAR
 MAXIMUM TEMPERATURE (F)   81        97      1999
                                             1955
                                             1916
 MINIMUM TEMPERATURE (F)   61        45      1971


SUNRISE AND SUNSET
JULY 30 2015..........SUNRISE   545 AM CDT   SUNSET   821 PM CDT
JULY 31 2015..........SUNRISE   547 AM CDT   SUNSET   820 PM CDT


-  INDICATES NEGATIVE NUMBERS.
R  INDICATES RECORD WAS SET OR TIED.
MM INDICATES DATA IS MISSING.
T  INDICATES TRACE AMOUNT.




$$
