000
CDUS43 KMKX 032125
CLIMSN


CLIMATE REPORT
NATIONAL WEATHER SERVICE IN MILWAUKEE
422 PM CDT THU AUG 3 2017


...................................

...THE MADISON WI CLIMATE SUMMARY FOR AUGUST 3 2017...
VALID TODAY AS OF 0400 PM LOCAL TIME.

CLIMATE NORMAL PERIOD 1981 TO 2010
CLIMATE RECORD PERIOD 1871 TO 2017


WEATHER ITEM   OBSERVED TIME   RECORD YEAR NORMAL DEPARTURE LAST
                VALUE   (LST)  VALUE       VALUE  FROM      YEAR
                                                  NORMAL
..................................................................
TEMPERATURE (F)
 TODAY
  MAXIMUM         75    254 PM  96    1958  81     -6       89
  MINIMUM         63    827 AM  43    1966  60      3       70
  AVERAGE         69                        70     -1       80

PRECIPITATION (IN)
  TODAY            0.43          2.18 2004   0.13   0.30     0.00
  MONTH TO DATE    0.43                      0.41   0.02      T
  SINCE JUN 1     13.68                      9.13   4.55    10.58
  SINCE JAN 1     29.34                     20.96   8.38    20.37

SNOWFALL (IN)
  TODAY            0.0           0.0    MM   0.0    0.0      0.0
  MONTH TO DATE    0.0                       0.0    0.0      0.0
  SINCE JUN 1      0.0                       0.0    0.0      0.0
  SINCE JUL 1      0.0                       0.0    0.0      0.0
  SNOW DEPTH       0

DEGREE DAYS
 HEATING
  TODAY            0                         0      0        0
  MONTH TO DATE    0                         0      0        0
  SINCE JUN 1     30                        70    -40       18
  SINCE JUL 1      0                        10    -10        4

 COOLING
  TODAY            4                         6     -2       15
  MONTH TO DATE   19                        18      1       33
  SINCE JUN 1    378                       344     34      437
  SINCE JAN 1    393                       374     19      489
..................................................................


WIND (MPH)
  HIGHEST WIND SPEED    16   HIGHEST WIND DIRECTION    SW (240)
  HIGHEST GUST SPEED    27   HIGHEST GUST DIRECTION     W (270)
  AVERAGE WIND SPEED     6.4


SKY COVER
  POSSIBLE SUNSHINE  MM
  AVERAGE SKY COVER 0.9


WEATHER CONDITIONS
 THE FOLLOWING WEATHER WAS RECORDED TODAY.
  THUNDERSTORM
  HEAVY RAIN
  RAIN
  LIGHT RAIN
  FOG


RELATIVE HUMIDITY (PERCENT)
 HIGHEST    93           600 AM
 LOWEST     69           300 PM
 AVERAGE    81

..........................................................


THE MADISON WI CLIMATE NORMALS FOR TOMORROW
                         NORMAL    RECORD    YEAR
 MAXIMUM TEMPERATURE (F)   81        99      1947
 MINIMUM TEMPERATURE (F)   60        41      1972


SUNRISE AND SUNSET
AUGUST  3 2017........SUNRISE   550 AM CDT   SUNSET   816 PM CDT
AUGUST  4 2017........SUNRISE   551 AM CDT   SUNSET   815 PM CDT


-  INDICATES NEGATIVE NUMBERS.
R  INDICATES RECORD WAS SET OR TIED.
MM INDICATES DATA IS MISSING.
T  INDICATES TRACE AMOUNT.




$$

HAHN
