000
CDUS43 KMKX 070651
CLIMSN


CLIMATE REPORT
NATIONAL WEATHER SERVICE IN MILWAUKEE
151 AM CDT WED JUN 7 2017


...................................

...THE MADISON WI CLIMATE SUMMARY FOR JUNE 6 2017...

CLIMATE NORMAL PERIOD 1981 TO 2010
CLIMATE RECORD PERIOD 1871 TO 2017


WEATHER ITEM   OBSERVED TIME   RECORD YEAR NORMAL DEPARTURE LAST
                VALUE   (LST)  VALUE       VALUE  FROM      YEAR
                                                  NORMAL
..................................................................
TEMPERATURE (F)
 YESTERDAY
  MAXIMUM         77    352 PM  94    2011  75      2       73
                                      1952
  MINIMUM         49    443 AM  36    1982  53     -4       54
  AVERAGE         63                        64     -1       64

PRECIPITATION (IN)
  YESTERDAY        0.00          1.36 1930   0.15  -0.15      T
  MONTH TO DATE    0.01                      0.89  -0.88     1.10
  SINCE JUN 1      0.01                      0.89  -0.88     1.10
  SINCE JAN 1     15.67                     12.72   2.95    10.89

SNOWFALL (IN)
  YESTERDAY        0.0           0.0    MM   0.0    0.0      0.0
  MONTH TO DATE    0.0                       0.0    0.0      0.0
  SINCE JUN 1      0.0                       0.0    0.0      0.0
  SINCE JUL 1     44.0                      50.9   -6.9     32.7
  SNOW DEPTH       0

DEGREE DAYS
 HEATING
  YESTERDAY        2                         3     -1        1
  MONTH TO DATE    6                        24    -18        2
  SINCE JUN 1      6                        24    -18        2
  SINCE JUL 1   6194                      7297  -1103     6186

 COOLING
  YESTERDAY        0                         2     -2        0
  MONTH TO DATE   18                        12      6       15
  SINCE JUN 1     18                        12      6       15
  SINCE JAN 1     33                        42     -9       67
..................................................................


WIND (MPH)
  HIGHEST WIND SPEED    15   HIGHEST WIND DIRECTION     N (10)
  HIGHEST GUST SPEED    21   HIGHEST GUST DIRECTION    NE (60)
  AVERAGE WIND SPEED     6.8


SKY COVER
  POSSIBLE SUNSHINE  MM
  AVERAGE SKY COVER 0.2


WEATHER CONDITIONS
 THE FOLLOWING WEATHER WAS RECORDED YESTERDAY.
  NO SIGNIFICANT WEATHER WAS OBSERVED.


RELATIVE HUMIDITY (PERCENT)
 HIGHEST    93           400 AM
 LOWEST     33           200 PM
 AVERAGE    63

..........................................................


THE MADISON WI CLIMATE NORMALS FOR TODAY
                         NORMAL    RECORD    YEAR
 MAXIMUM TEMPERATURE (F)   76        96      2011
 MINIMUM TEMPERATURE (F)   53        38      1977


SUNRISE AND SUNSET
JUNE  7 2017..........SUNRISE   518 AM CDT   SUNSET   835 PM CDT
JUNE  8 2017..........SUNRISE   518 AM CDT   SUNSET   835 PM CDT


-  INDICATES NEGATIVE NUMBERS.
R  INDICATES RECORD WAS SET OR TIED.
MM INDICATES DATA IS MISSING.
T  INDICATES TRACE AMOUNT.




$$
