214
CDUS43 KMKX 160052
CLIMSN


CLIMATE REPORT
NATIONAL WEATHER SERVICE IN MILWAUKEE
752 PM CDT FRI MAY 15 2015


...................................

...THE MADISON WI CLIMATE SUMMARY FOR MAY 15 2015...
VALID TODAY AS OF 0700 PM LOCAL TIME.

CLIMATE NORMAL PERIOD 1981 TO 2010
CLIMATE RECORD PERIOD 1871 TO 2015


WEATHER ITEM   OBSERVED TIME   RECORD YEAR NORMAL DEPARTURE LAST
                VALUE   (LST)  VALUE       VALUE  FROM      YEAR
                                                  NORMAL
..................................................................
TEMPERATURE (F)
 TODAY
  MAXIMUM         75    415 PM  86    2012  68      7       57
                                      1977
  MINIMUM         54   1211 AM  30    1983  46      8       40
  AVERAGE         65                        57      8       49

PRECIPITATION (IN)
  TODAY            0.03          1.39 1933   0.10  -0.07     0.08
  MONTH TO DATE    1.07                      1.63  -0.56     1.44
  SINCE MAR 1      6.21                      7.23  -1.02     7.83
  SINCE JAN 1      7.41                      9.91  -2.50     9.72

SNOWFALL (IN)
  TODAY            0.0           T    1997   0.0    0.0      0.0
  MONTH TO DATE    0.0                       0.2   -0.2      0.0
  SINCE MAR 1      4.2                       9.8   -5.6      9.2
  SINCE JUL 1     33.7                      50.9  -17.2     59.2
  SNOW DEPTH       0

DEGREE DAYS
 HEATING
  TODAY            0                         9     -9       16
  MONTH TO DATE   99                       160    -61      146
  SINCE MAR 1   1528                      1681   -153     1874
  SINCE JUL 1   7239                      7167     72     7986

 COOLING
  TODAY            0                         1     -1        0
  MONTH TO DATE   12                         5      7        9
  SINCE MAR 1     12                         9      3        9
  SINCE JAN 1     12                         9      3        9
..................................................................


WIND (MPH)
  HIGHEST WIND SPEED    10   HIGHEST WIND DIRECTION     W (290)
  HIGHEST GUST SPEED    15   HIGHEST GUST DIRECTION    SE (150)
  AVERAGE WIND SPEED     5.2


SKY COVER
  POSSIBLE SUNSHINE  MM
  AVERAGE SKY COVER 0.9


WEATHER CONDITIONS
 THE FOLLOWING WEATHER WAS RECORDED TODAY.
  LIGHT RAIN
  FOG
  HAZE


RELATIVE HUMIDITY (PERCENT)
 HIGHEST   100           300 AM
 LOWEST     49           300 PM
 AVERAGE    75

..........................................................


THE MADISON WI CLIMATE NORMALS FOR TOMORROW
                         NORMAL    RECORD    YEAR
 MAXIMUM TEMPERATURE (F)   68        87      1992
                                             1977
                                             1951
 MINIMUM TEMPERATURE (F)   46        27      1997


SUNRISE AND SUNSET
MAY 15 2015...........SUNRISE   534 AM CDT   SUNSET   814 PM CDT
MAY 16 2015...........SUNRISE   533 AM CDT   SUNSET   815 PM CDT


-  INDICATES NEGATIVE NUMBERS.
R  INDICATES RECORD WAS SET OR TIED.
MM INDICATES DATA IS MISSING.
T  INDICATES TRACE AMOUNT.




$$
