000
CDUS43 KMKX 130655
CLIMSN


CLIMATE REPORT
NATIONAL WEATHER SERVICE IN MILWAUKEE
154 AM CDT THU APR 13 2017


...................................

...THE MADISON WI CLIMATE SUMMARY FOR APRIL 12 2017...

CLIMATE NORMAL PERIOD 1981 TO 2010
CLIMATE RECORD PERIOD 1871 TO 2017


WEATHER ITEM   OBSERVED TIME   RECORD YEAR NORMAL DEPARTURE LAST
                VALUE   (LST)  VALUE       VALUE  FROM      YEAR
                                                  NORMAL
..................................................................
TEMPERATURE (F)
 YESTERDAY
  MAXIMUM         60    346 PM  86    1887  56      4       49
  MINIMUM         30    528 AM  17    1939  35     -5       26
  AVERAGE         45                        45      0       38

PRECIPITATION (IN)
  YESTERDAY        0.01          1.41 1991   0.12  -0.11     0.00
  MONTH TO DATE    0.90                      1.31  -0.41     0.83
  SINCE MAR 1      3.73                      3.51   0.22     4.79
  SINCE JAN 1      8.43                      6.19   2.24     6.29

SNOWFALL (IN)
  YESTERDAY        0.0           2.6  1997   0.1   -0.1      0.0
  MONTH TO DATE    T                         1.5   -1.5      4.2
  SINCE MAR 1      8.3                       8.5   -0.2      8.2
  SINCE JUL 1     44.0                      49.6   -5.6     32.7
  SNOW DEPTH       0

DEGREE DAYS
 HEATING
  YESTERDAY       20                        20      0       27
  MONTH TO DATE  202                       266    -64      340
  SINCE MAR 1   1151                      1229    -78     1110
  SINCE JUL 1   5663                      6715  -1052     5710

 COOLING
  YESTERDAY        0                         0      0        0
  MONTH TO DATE    0                         0      0        0
  SINCE MAR 1      0                         0      0        0
  SINCE JAN 1      0                         0      0        0
..................................................................


WIND (MPH)
  HIGHEST WIND SPEED    20   HIGHEST WIND DIRECTION     E (110)
  HIGHEST GUST SPEED    24   HIGHEST GUST DIRECTION    SE (120)
  AVERAGE WIND SPEED     6.0


SKY COVER
  POSSIBLE SUNSHINE  MM
  AVERAGE SKY COVER 0.6


WEATHER CONDITIONS
 THE FOLLOWING WEATHER WAS RECORDED YESTERDAY.
  LIGHT RAIN
  FOG


RELATIVE HUMIDITY (PERCENT)
 HIGHEST    92          1200 AM
 LOWEST     36           900 PM
 AVERAGE    64

..........................................................


THE MADISON WI CLIMATE NORMALS FOR TODAY
                         NORMAL    RECORD    YEAR
 MAXIMUM TEMPERATURE (F)   56        78      1938
                                             1931
                                             1870
 MINIMUM TEMPERATURE (F)   35        15      1997


SUNRISE AND SUNSET
APRIL 13 2017.........SUNRISE   618 AM CDT   SUNSET   738 PM CDT
APRIL 14 2017.........SUNRISE   617 AM CDT   SUNSET   739 PM CDT


-  INDICATES NEGATIVE NUMBERS.
R  INDICATES RECORD WAS SET OR TIED.
MM INDICATES DATA IS MISSING.
T  INDICATES TRACE AMOUNT.




$$
