000
CDUS43 KMKX 130644
CLIMSN


CLIMATE REPORT
NATIONAL WEATHER SERVICE IN MILWAUKEE
143 AM CDT TUE JUN 13 2017


...................................

...THE MADISON WI CLIMATE SUMMARY FOR JUNE 12 2017...

CLIMATE NORMAL PERIOD 1981 TO 2010
CLIMATE RECORD PERIOD 1871 TO 2017


WEATHER ITEM   OBSERVED TIME   RECORD YEAR NORMAL DEPARTURE LAST
                VALUE   (LST)  VALUE       VALUE  FROM      YEAR
                                                  NORMAL
..................................................................
TEMPERATURE (F)
 YESTERDAY
  MAXIMUM         91    201 PM  95    1976  77     14       71
  MINIMUM         65   1154 PM  38    1985  55     10       58
  AVERAGE         78                        66     12       65

PRECIPITATION (IN)
  YESTERDAY        0.36          2.57 2008   0.16   0.20     0.00
  MONTH TO DATE    0.37                      1.80  -1.43     1.76
  SINCE JUN 1      0.37                      1.80  -1.43     1.76
  SINCE JAN 1     16.03                     13.63   2.40    11.55

SNOWFALL (IN)
  YESTERDAY        0.0           0.0    MM   0.0    0.0      0.0
  MONTH TO DATE    0.0                       0.0    0.0      0.0
  SINCE JUN 1      0.0                       0.0    0.0      0.0
  SINCE JUL 1     44.0                      50.9   -6.9     32.7
  SNOW DEPTH       0

DEGREE DAYS
 HEATING
  YESTERDAY        0                         2     -2        0
  MONTH TO DATE    7                        40    -33       13
  SINCE JUN 1      7                        40    -33       13
  SINCE JUL 1   6195                      7313  -1118     6197

 COOLING
  YESTERDAY       13                         3     10        0
  MONTH TO DATE   69                        29     40       40
  SINCE JUN 1     69                        29     40       40
  SINCE JAN 1     84                        59     25       92
..................................................................


WIND (MPH)
  HIGHEST WIND SPEED    23   HIGHEST WIND DIRECTION    NW (330)
  HIGHEST GUST SPEED    34   HIGHEST GUST DIRECTION    NW (330)
  AVERAGE WIND SPEED     8.7


SKY COVER
  POSSIBLE SUNSHINE  MM
  AVERAGE SKY COVER 0.5


WEATHER CONDITIONS
 THE FOLLOWING WEATHER WAS RECORDED YESTERDAY.
  THUNDERSTORM
  HEAVY RAIN
  RAIN
  LIGHT RAIN
  FOG


RELATIVE HUMIDITY (PERCENT)
 HIGHEST    93           700 PM
 LOWEST     52           200 PM
 AVERAGE    73

..........................................................


THE MADISON WI CLIMATE NORMALS FOR TODAY
                         NORMAL    RECORD    YEAR
 MAXIMUM TEMPERATURE (F)   77        95      1976
                                             1956
 MINIMUM TEMPERATURE (F)   56        36      1965


SUNRISE AND SUNSET
JUNE 13 2017..........SUNRISE   517 AM CDT   SUNSET   838 PM CDT
JUNE 14 2017..........SUNRISE   517 AM CDT   SUNSET   838 PM CDT


-  INDICATES NEGATIVE NUMBERS.
R  INDICATES RECORD WAS SET OR TIED.
MM INDICATES DATA IS MISSING.
T  INDICATES TRACE AMOUNT.




$$
