000
CDUS43 KMKX 070651
CLIMSN


CLIMATE REPORT
NATIONAL WEATHER SERVICE IN MILWAUKEE
151 AM CDT SAT OCT 7 2017


...................................

...THE MADISON WI CLIMATE SUMMARY FOR OCTOBER 6 2017...

CLIMATE NORMAL PERIOD 1981 TO 2010
CLIMATE RECORD PERIOD 1871 TO 2017


WEATHER ITEM   OBSERVED TIME   RECORD YEAR NORMAL DEPARTURE LAST
                VALUE   (LST)  VALUE       VALUE  FROM      YEAR
                                                  NORMAL
..................................................................
TEMPERATURE (F)
 YESTERDAY
  MAXIMUM         67   1138 PM  90    1963  63      4       70
  MINIMUM         54    146 AM  22    1952  42     12       53
  AVERAGE         61                        52      9       62

PRECIPITATION (IN)
  YESTERDAY        0.39          1.19 1949   0.08   0.31     0.05
  MONTH TO DATE    1.38                      0.48   0.90     0.14
  SINCE SEP 1      1.93                      3.61  -1.68     8.60
  SINCE JAN 1     34.69                     28.43   6.26    36.84

SNOWFALL (IN)
  YESTERDAY        0.0           0.5  1964   0.0    0.0      0.0
  MONTH TO DATE    0.0                       0.0    0.0      0.0
  SINCE SEP 1      0.0                       0.0    0.0      0.0
  SINCE JUL 1      0.0                       0.0    0.0      0.0
  SNOW DEPTH       0

DEGREE DAYS
 HEATING
  YESTERDAY        4                        13     -9        3
  MONTH TO DATE   29                        72    -43       26
  SINCE SEP 1    142                       243   -101       68
  SINCE JUL 1    167                       280   -113       75

 COOLING
  YESTERDAY        0                         0      0        0
  MONTH TO DATE    8                         0      8        0
  SINCE SEP 1    118                        51     67       76
  SINCE JAN 1    578                       564     14      771
..................................................................


WIND (MPH)
  HIGHEST WIND SPEED    23   HIGHEST WIND DIRECTION     S (170)
  HIGHEST GUST SPEED    31   HIGHEST GUST DIRECTION     S (170)
  AVERAGE WIND SPEED    10.0


SKY COVER
  POSSIBLE SUNSHINE  MM
  AVERAGE SKY COVER 1.0


WEATHER CONDITIONS
 THE FOLLOWING WEATHER WAS RECORDED YESTERDAY.
  THUNDERSTORM
  HEAVY RAIN
  RAIN
  LIGHT RAIN
  FOG


RELATIVE HUMIDITY (PERCENT)
 HIGHEST   100          1200 AM
 LOWEST     78          1100 AM
 AVERAGE    89

..........................................................


THE MADISON WI CLIMATE NORMALS FOR TODAY
                         NORMAL    RECORD    YEAR
 MAXIMUM TEMPERATURE (F)   63        85      2007
                                             1997
 MINIMUM TEMPERATURE (F)   41        23      2001


SUNRISE AND SUNSET
OCTOBER  7 2017.......SUNRISE   702 AM CDT   SUNSET   628 PM CDT
OCTOBER  8 2017.......SUNRISE   703 AM CDT   SUNSET   626 PM CDT


-  INDICATES NEGATIVE NUMBERS.
R  INDICATES RECORD WAS SET OR TIED.
MM INDICATES DATA IS MISSING.
T  INDICATES TRACE AMOUNT.




$$
