000
CDUS43 KMKX 080652
CLIMSN


CLIMATE REPORT
NATIONAL WEATHER SERVICE IN MILWAUKEE
152 AM CDT THU JUN 8 2017


...................................

...THE MADISON WI CLIMATE SUMMARY FOR JUNE 7 2017...

CLIMATE NORMAL PERIOD 1981 TO 2010
CLIMATE RECORD PERIOD 1871 TO 2017


WEATHER ITEM   OBSERVED TIME   RECORD YEAR NORMAL DEPARTURE LAST
                VALUE   (LST)  VALUE       VALUE  FROM      YEAR
                                                  NORMAL
..................................................................
TEMPERATURE (F)
 YESTERDAY
  MAXIMUM         78    446 PM  96    2011  76      2       67
  MINIMUM         49    447 AM  38    1977  53     -4       51
  AVERAGE         64                        64      0       59

PRECIPITATION (IN)
  YESTERDAY        0.00          2.23 2008   0.15  -0.15     0.00
  MONTH TO DATE    0.01                      1.04  -1.03     1.10
  SINCE JUN 1      0.01                      1.04  -1.03     1.10
  SINCE JAN 1     15.67                     12.87   2.80    10.89

SNOWFALL (IN)
  YESTERDAY        0.0           0.0    MM   0.0    0.0      0.0
  MONTH TO DATE    0.0                       0.0    0.0      0.0
  SINCE JUN 1      0.0                       0.0    0.0      0.0
  SINCE JUL 1     44.0                      50.9   -6.9     32.7
  SNOW DEPTH       0

DEGREE DAYS
 HEATING
  YESTERDAY        1                         3     -2        6
  MONTH TO DATE    7                        27    -20        8
  SINCE JUN 1      7                        27    -20        8
  SINCE JUL 1   6195                      7300  -1105     6192

 COOLING
  YESTERDAY        0                         2     -2        0
  MONTH TO DATE   18                        14      4       15
  SINCE JUN 1     18                        14      4       15
  SINCE JAN 1     33                        44    -11       67
..................................................................


WIND (MPH)
  HIGHEST WIND SPEED    10   HIGHEST WIND DIRECTION     S (160)
  HIGHEST GUST SPEED    14   HIGHEST GUST DIRECTION     S (190)
  AVERAGE WIND SPEED     3.2


SKY COVER
  POSSIBLE SUNSHINE  MM
  AVERAGE SKY COVER 0.1


WEATHER CONDITIONS
 THE FOLLOWING WEATHER WAS RECORDED YESTERDAY.
  NO SIGNIFICANT WEATHER WAS OBSERVED.


RELATIVE HUMIDITY (PERCENT)
 HIGHEST    93           300 AM
 LOWEST     31           500 PM
 AVERAGE    62

..........................................................


THE MADISON WI CLIMATE NORMALS FOR TODAY
                         NORMAL    RECORD    YEAR
 MAXIMUM TEMPERATURE (F)   76        92      1985
                                             1964
 MINIMUM TEMPERATURE (F)   54        37      1949


SUNRISE AND SUNSET
JUNE  8 2017..........SUNRISE   518 AM CDT   SUNSET   835 PM CDT
JUNE  9 2017..........SUNRISE   518 AM CDT   SUNSET   836 PM CDT


-  INDICATES NEGATIVE NUMBERS.
R  INDICATES RECORD WAS SET OR TIED.
MM INDICATES DATA IS MISSING.
T  INDICATES TRACE AMOUNT.




$$
