000
CDUS43 KMKX 280704
CLIMSN


CLIMATE REPORT
NATIONAL WEATHER SERVICE IN MILWAUKEE
204 AM CDT MON JUL 28 2014


...................................

...THE MADISON WI CLIMATE SUMMARY FOR JULY 27 2014...

CLIMATE NORMAL PERIOD 1981 TO 2010
CLIMATE RECORD PERIOD 1871 TO 2014


WEATHER ITEM   OBSERVED TIME   RECORD YEAR NORMAL DEPARTURE LAST
                VALUE   (LST)  VALUE       VALUE  FROM      YEAR
                                                  NORMAL
..................................................................
TEMPERATURE (F)
 YESTERDAY
  MAXIMUM         79   1119 AM 100    1955  81     -2       61
  MINIMUM         60   1159 PM  45    1971  61     -1       51
  AVERAGE         70                        71     -1       56

PRECIPITATION (IN)
  YESTERDAY        0.03          1.62 1877   0.13  -0.10     0.01
  MONTH TO DATE    1.08                      3.68  -2.60     3.98
  SINCE JUN 1     10.63                      8.22   2.41    14.84
  SINCE JAN 1     22.38                     20.05   2.33    34.93

SNOWFALL (IN)
  YESTERDAY        0.0           0.0    MM   0.0    0.0      0.0
  MONTH TO DATE    0.0                       0.0    0.0      0.0
  SINCE JUN 1      0.0                       0.0    0.0      0.0
  SINCE JUL 1      0.0                       0.0    0.0      0.0
  SNOW DEPTH       0

DEGREE DAYS
 HEATING
  YESTERDAY        0                         0      0        9
  MONTH TO DATE   13                         0     13       13
  SINCE JUN 1     22                        60    -38       65
  SINCE JUL 1     13                         0     13       13

 COOLING
  YESTERDAY        5                         6     -1        0
  MONTH TO DATE  126                       184    -58      224
  SINCE JUN 1    308                       304      4      361
  SINCE JAN 1    359                       334     25      414
..................................................................


WIND (MPH)
  HIGHEST WIND SPEED    28   HIGHEST WIND DIRECTION     N (340)
  HIGHEST GUST SPEED    33   HIGHEST GUST DIRECTION    NW (330)
  AVERAGE WIND SPEED     9.2


SKY COVER
  POSSIBLE SUNSHINE  MM
  AVERAGE SKY COVER 0.4


WEATHER CONDITIONS
 THE FOLLOWING WEATHER WAS RECORDED YESTERDAY.
  FOG
  FOG W/VISIBILITY <= 1/4 MILE
  HAZE


RELATIVE HUMIDITY (PERCENT)
 HIGHEST    93           200 AM
 LOWEST     43          1200 PM
 AVERAGE    68

..........................................................


THE MADISON WI CLIMATE NORMALS FOR TODAY
                         NORMAL    RECORD    YEAR
 MAXIMUM TEMPERATURE (F)   81        98      1916
 MINIMUM TEMPERATURE (F)   61        47      1980
                                             1972
                                             1965


SUNRISE AND SUNSET
JULY 28 2014..........SUNRISE   544 AM CDT   SUNSET   823 PM CDT
JULY 29 2014..........SUNRISE   545 AM CDT   SUNSET   822 PM CDT


-  INDICATES NEGATIVE NUMBERS.
R  INDICATES RECORD WAS SET OR TIED.
MM INDICATES DATA IS MISSING.
T  INDICATES TRACE AMOUNT.




$$
