000
CDUS43 KMKX 160649
CLIMSN


CLIMATE REPORT
NATIONAL WEATHER SERVICE IN MILWAUKEE
147 AM CDT WED APR 16 2014


...................................

...THE MADISON WI CLIMATE SUMMARY FOR APRIL 15 2014...

CLIMATE NORMAL PERIOD 1981 TO 2010
CLIMATE RECORD PERIOD 1871 TO 2014


WEATHER ITEM   OBSERVED TIME   RECORD YEAR NORMAL DEPARTURE LAST
                VALUE   (LST)  VALUE       VALUE  FROM      YEAR
                                                  NORMAL
..................................................................
TEMPERATURE (F)
 YESTERDAY
  MAXIMUM         37    410 PM  87    2002  57    -20       59
  MINIMUM         18R   503 AM  18    1928  36    -18       39
  AVERAGE         28                        46    -18       49

PRECIPITATION (IN)
  YESTERDAY        T             1.51 1998   0.11  -0.11     0.40
  MONTH TO DATE    3.35                      1.66   1.69     3.97
  SINCE MAR 1      4.61                      3.86   0.75     6.38
  SINCE JAN 1      6.50                      6.54  -0.04    11.66

SNOWFALL (IN)
  YESTERDAY        T             4.5  1923   0.1   -0.1      0.0
  MONTH TO DATE    1.0                       1.8   -0.8      0.3
  SINCE MAR 1      9.2                       8.8    0.4     15.5
  SINCE JUL 1     59.2                      49.9    9.3     70.6
  SNOW DEPTH       T

DEGREE DAYS
 HEATING
  YESTERDAY       37                        19     18       16
  MONTH TO DATE  329                       323      6      378
  SINCE MAR 1   1477                      1286    191     1560
  SINCE JUL 1   7589                      6772    817     6718

 COOLING
  YESTERDAY        0                         0      0        0
  MONTH TO DATE    0                         0      0        0
  SINCE MAR 1      0                         0      0        0
  SINCE JAN 1      0                         0      0        0
..................................................................


WIND (MPH)
  HIGHEST WIND SPEED    16   HIGHEST WIND DIRECTION     W (290)
  HIGHEST GUST SPEED    21   HIGHEST GUST DIRECTION     W (290)
  AVERAGE WIND SPEED     4.6


SKY COVER
  POSSIBLE SUNSHINE  MM
  AVERAGE SKY COVER 0.4


WEATHER CONDITIONS
 THE FOLLOWING WEATHER WAS RECORDED YESTERDAY.
  LIGHT SNOW


RELATIVE HUMIDITY (PERCENT)
 HIGHEST    91           300 AM
 LOWEST     38           500 PM
 AVERAGE    65

..........................................................


THE MADISON WI CLIMATE NORMALS FOR TODAY
                         NORMAL    RECORD    YEAR
 MAXIMUM TEMPERATURE (F)   58        86      2002
 MINIMUM TEMPERATURE (F)   36        12      1875


SUNRISE AND SUNSET
APRIL 16 2014.........SUNRISE   614 AM CDT   SUNSET   741 PM CDT
APRIL 17 2014.........SUNRISE   612 AM CDT   SUNSET   742 PM CDT


-  INDICATES NEGATIVE NUMBERS.
R  INDICATES RECORD WAS SET OR TIED.
MM INDICATES DATA IS MISSING.
T  INDICATES TRACE AMOUNT.




$$
