000
CDUS43 KMKX 201249
CLIMSN


CLIMATE REPORT
NATIONAL WEATHER SERVICE IN MILWAUKEE
745 AM CDT WED MAY 20 2015


...................................

...THE MADISON WI CLIMATE SUMMARY FOR MAY 19 2015...

CLIMATE NORMAL PERIOD 1981 TO 2010
CLIMATE RECORD PERIOD 1871 TO 2015


WEATHER ITEM   OBSERVED TIME   RECORD YEAR NORMAL DEPARTURE LAST
                VALUE   (LST)  VALUE       VALUE  FROM      YEAR
                                                  NORMAL
..................................................................
TEMPERATURE (F)
 YESTERDAY
  MAXIMUM         57    333 PM  93    1975  69    -12       66
  MINIMUM         41    829 AM  31    2002  47     -6       50
  AVERAGE         49                        58     -9       58

PRECIPITATION (IN)
  YESTERDAY        0.01          2.84 1933   0.12  -0.11     0.13
  MONTH TO DATE    2.65                      2.08   0.57     1.57
  SINCE MAR 1      7.79                      7.68   0.11     7.96
  SINCE JAN 1      8.99                     10.36  -1.37     9.85

SNOWFALL (IN)
  YESTERDAY       MM             T    1924   0.0   MM        0.0
                                      1892
  MONTH TO DATE    0.0                       0.2   -0.2      0.0
  SINCE MAR 1      4.2                       9.8   -5.6      9.2
  SINCE JUL 1     33.7                      50.9  -17.2     59.2
  SNOW DEPTH       0

DEGREE DAYS
 HEATING
  YESTERDAY       16                         8      8        7
  MONTH TO DATE  122                       192    -70      193
  SINCE MAR 1   1551                      1713   -162     1921
  SINCE JUL 1   7262                      7199     63     8033

 COOLING
  YESTERDAY        0                         1     -1        0
  MONTH TO DATE   26                         9     17        9
  SINCE MAR 1     26                        13     13        9
  SINCE JAN 1     26                        13     13        9
..................................................................


WIND (MPH)
  HIGHEST WIND SPEED    17   HIGHEST WIND DIRECTION     N (350)
  HIGHEST GUST SPEED    23   HIGHEST GUST DIRECTION    NW (300)
  AVERAGE WIND SPEED     9.1


SKY COVER
  POSSIBLE SUNSHINE  MM
  AVERAGE SKY COVER 0.7


WEATHER CONDITIONS
 THE FOLLOWING WEATHER WAS RECORDED YESTERDAY.
  LIGHT RAIN
  FOG


RELATIVE HUMIDITY (PERCENT)
 HIGHEST    82           600 AM
 LOWEST     43           400 PM
 AVERAGE    63

..........................................................


THE MADISON WI CLIMATE NORMALS FOR TODAY
                         NORMAL    RECORD    YEAR
 MAXIMUM TEMPERATURE (F)   70        91      1934
 MINIMUM TEMPERATURE (F)   47        32      1967
                                             1954


SUNRISE AND SUNSET
MAY 20 2015...........SUNRISE   529 AM CDT   SUNSET   819 PM CDT
MAY 21 2015...........SUNRISE   528 AM CDT   SUNSET   820 PM CDT


-  INDICATES NEGATIVE NUMBERS.
R  INDICATES RECORD WAS SET OR TIED.
MM INDICATES DATA IS MISSING.
T  INDICATES TRACE AMOUNT.




$$
