000
CDUS43 KMKX 252247
CLIMSN


CLIMATE REPORT
NATIONAL WEATHER SERVICE IN MILWAUKEE
447 PM CST SUN JAN 25 2015


...................................

...THE MADISON WI CLIMATE SUMMARY FOR JANUARY 25 2015...
VALID TODAY AS OF 0400 PM LOCAL TIME.

CLIMATE NORMAL PERIOD 1981 TO 2010
CLIMATE RECORD PERIOD 1871 TO 2015


WEATHER ITEM   OBSERVED TIME   RECORD YEAR NORMAL DEPARTURE LAST
                VALUE   (LST)  VALUE       VALUE  FROM      YEAR
                                                  NORMAL
..................................................................
TEMPERATURE (F)
 TODAY
  MAXIMUM         33    134 AM  53    1973  27      6       33
  MINIMUM         23   1009 AM -26    1904  11     12        5
  AVERAGE         28                        19      9       19

PRECIPITATION (IN)
  TODAY            T             1.04 1950   0.04  -0.04     0.00
  MONTH TO DATE    0.45                      0.99  -0.54     0.40
  SINCE DEC 1      1.48                      2.73  -1.25     2.02
  SINCE JAN 1      0.45                      0.99  -0.54     0.40

SNOWFALL (IN)
  TODAY            T             9.0  1898   0.4   -0.4      0.0
  MONTH TO DATE    7.4                      10.4   -3.0      7.4
  SINCE DEC 1      7.5                      23.9  -16.4     29.5
  SINCE JUL 1     16.0                      28.0  -12.0     33.0
  SNOW DEPTH       T

DEGREE DAYS
 HEATING
  TODAY           37                        46     -9       46
  MONTH TO DATE 1147                      1159    -12     1313
  SINCE DEC 1   2275                      2459   -184     2779
  SINCE JUL 1   3959                      4038    -79     4298

 COOLING
  TODAY            0                         0      0        0
  MONTH TO DATE    0                         0      0        0
  SINCE DEC 1      0                         0      0        0
  SINCE JAN 1      0                         0      0        0
..................................................................


WIND (MPH)
  HIGHEST WIND SPEED    24   HIGHEST WIND DIRECTION    NE (50)
  HIGHEST GUST SPEED    32   HIGHEST GUST DIRECTION    NE (50)
  AVERAGE WIND SPEED    15.6


SKY COVER
  POSSIBLE SUNSHINE  MM
  AVERAGE SKY COVER 0.9


WEATHER CONDITIONS
 THE FOLLOWING WEATHER WAS RECORDED TODAY.
  LIGHT SNOW
  FOG
  HAZE


RELATIVE HUMIDITY (PERCENT)
 HIGHEST    88           800 AM
 LOWEST     60           400 PM
 AVERAGE    74

..........................................................


THE MADISON WI CLIMATE NORMALS FOR TOMORROW
                         NORMAL    RECORD    YEAR
 MAXIMUM TEMPERATURE (F)   27        56      1944
 MINIMUM TEMPERATURE (F)   11       -21      1963


SUNRISE AND SUNSET
JANUARY 25 2015.......SUNRISE   720 AM CST   SUNSET   500 PM CST
JANUARY 26 2015.......SUNRISE   719 AM CST   SUNSET   501 PM CST


-  INDICATES NEGATIVE NUMBERS.
R  INDICATES RECORD WAS SET OR TIED.
MM INDICATES DATA IS MISSING.
T  INDICATES TRACE AMOUNT.




$$
