000
CDUS43 KMKX 230641
CLIMSN


CLIMATE REPORT
NATIONAL WEATHER SERVICE IN MILWAUKEE
1240 AM CST MON FEB 23 2015


...................................

...THE MADISON WI CLIMATE SUMMARY FOR FEBRUARY 22 2015...

CLIMATE NORMAL PERIOD 1981 TO 2010
CLIMATE RECORD PERIOD 1871 TO 2015


WEATHER ITEM   OBSERVED TIME   RECORD YEAR NORMAL DEPARTURE LAST
                VALUE   (LST)  VALUE       VALUE  FROM      YEAR
                                                  NORMAL
..................................................................
TEMPERATURE (F)
 YESTERDAY
  MAXIMUM         16   1226 AM  60    1984  33    -17       28
                                      1930
  MINIMUM         -4   1159 PM -15    1873  17    -21       13
  AVERAGE          6                        25    -19       21

PRECIPITATION (IN)
  YESTERDAY        0.00          1.64 1922   0.06  -0.06     0.00
  MONTH TO DATE    0.48                      1.09  -0.61     1.16
  SINCE DEC 1      2.17                      4.06  -1.89     3.43
  SINCE JAN 1      1.14                      2.32  -1.18     1.81

SNOWFALL (IN)
  YESTERDAY        0.0           3.8  1994   0.3   -0.3      0.0
  MONTH TO DATE    9.3                       8.5    0.8     11.0
  SINCE DEC 1     19.6                      34.9  -15.3     45.5
  SINCE JUL 1     28.1                      39.0  -10.9     49.0
  SNOW DEPTH       6

DEGREE DAYS
 HEATING
  YESTERDAY       59                        40     19       44
  MONTH TO DATE 1166                       942    224     1134
  SINCE DEC 1   3686                      3676     10     4257
  SINCE JUL 1   5370                      5255    115     5776

 COOLING
  YESTERDAY        0                         0      0        0
  MONTH TO DATE    0                         0      0        0
  SINCE DEC 1      0                         0      0        0
  SINCE JAN 1      0                         0      0        0
..................................................................


WIND (MPH)
  HIGHEST WIND SPEED    18   HIGHEST WIND DIRECTION    NW (320)
  HIGHEST GUST SPEED    24   HIGHEST GUST DIRECTION     N (350)
  AVERAGE WIND SPEED     9.5


SKY COVER
  POSSIBLE SUNSHINE  MM
  AVERAGE SKY COVER 0.2


WEATHER CONDITIONS
 THE FOLLOWING WEATHER WAS RECORDED YESTERDAY.
  NO SIGNIFICANT WEATHER WAS OBSERVED.


RELATIVE HUMIDITY (PERCENT)
 HIGHEST    69           500 AM
 LOWEST     45           300 PM
 AVERAGE    57

..........................................................


THE MADISON WI CLIMATE NORMALS FOR TODAY
                         NORMAL    RECORD    YEAR
 MAXIMUM TEMPERATURE (F)   34        58      1984
 MINIMUM TEMPERATURE (F)   18       -20      1889
                                             1873


SUNRISE AND SUNSET
FEBRUARY 23 2015......SUNRISE   643 AM CST   SUNSET   539 PM CST
FEBRUARY 24 2015......SUNRISE   642 AM CST   SUNSET   540 PM CST


-  INDICATES NEGATIVE NUMBERS.
R  INDICATES RECORD WAS SET OR TIED.
MM INDICATES DATA IS MISSING.
T  INDICATES TRACE AMOUNT.




$$
