000
CDUS43 KMKX 110649
CLIMSN


CLIMATE REPORT
NATIONAL WEATHER SERVICE IN MILWAUKEE
149 AM CDT TUE JUL 11 2017


...................................

...THE MADISON WI CLIMATE SUMMARY FOR JULY 10 2017...

CLIMATE NORMAL PERIOD 1981 TO 2010
CLIMATE RECORD PERIOD 1871 TO 2017


WEATHER ITEM   OBSERVED TIME   RECORD YEAR NORMAL DEPARTURE LAST
                VALUE   (LST)  VALUE       VALUE  FROM      YEAR
                                                  NORMAL
..................................................................
TEMPERATURE (F)
 YESTERDAY
  MAXIMUM         85    350 PM 104    1976  82      3       80
  MINIMUM         65    313 AM  44    1968  61      4       59
  AVERAGE         75                        72      3       70

PRECIPITATION (IN)
  YESTERDAY        0.55          1.63 1932   0.14   0.41      T
  MONTH TO DATE    2.16                      1.40   0.76     0.62
  SINCE JUN 1      8.89                      5.94   2.95     5.97
  SINCE JAN 1     24.55                     17.77   6.78    15.76

SNOWFALL (IN)
  YESTERDAY        0.0           0.0    MM   0.0    0.0      0.0
  MONTH TO DATE    0.0                       0.0    0.0      0.0
  SINCE JUN 1      0.0                       0.0    0.0      0.0
  SINCE JUL 1      0.0                       0.0    0.0      0.0
  SNOW DEPTH       0

DEGREE DAYS
 HEATING
  YESTERDAY        0                         0      0        0
  MONTH TO DATE    0                         0      0        3
  SINCE JUN 1     30                        60    -30       17
  SINCE JUL 1      0                         0      0        3

 COOLING
  YESTERDAY       10                         7      3        5
  MONTH TO DATE   71                        68      3       51
  SINCE JUN 1    228                       188     40      200
  SINCE JAN 1    243                       218     25      252
..................................................................


WIND (MPH)
  HIGHEST WIND SPEED    18   HIGHEST WIND DIRECTION     S (190)
  HIGHEST GUST SPEED    23   HIGHEST GUST DIRECTION     S (190)
  AVERAGE WIND SPEED     4.6


SKY COVER
  POSSIBLE SUNSHINE  MM
  AVERAGE SKY COVER 0.6


WEATHER CONDITIONS
 THE FOLLOWING WEATHER WAS RECORDED YESTERDAY.
  THUNDERSTORM
  HEAVY RAIN
  RAIN
  LIGHT RAIN
  FOG


RELATIVE HUMIDITY (PERCENT)
 HIGHEST   100           300 AM
 LOWEST     59           400 PM
 AVERAGE    80

..........................................................


THE MADISON WI CLIMATE NORMALS FOR TODAY
                         NORMAL    RECORD    YEAR
 MAXIMUM TEMPERATURE (F)   82       100      1936
 MINIMUM TEMPERATURE (F)   61        46      1978
                                             1968


SUNRISE AND SUNSET
JULY 11 2017..........SUNRISE   528 AM CDT   SUNSET   837 PM CDT
JULY 12 2017..........SUNRISE   529 AM CDT   SUNSET   836 PM CDT


-  INDICATES NEGATIVE NUMBERS.
R  INDICATES RECORD WAS SET OR TIED.
MM INDICATES DATA IS MISSING.
T  INDICATES TRACE AMOUNT.




$$
