000
CDUS43 KMKX 170656
CLIMSN


CLIMATE REPORT
NATIONAL WEATHER SERVICE IN MILWAUKEE
156 AM CDT FRI OCT 17 2014


...................................

...THE MADISON WI CLIMATE SUMMARY FOR OCTOBER 16 2014...

CLIMATE NORMAL PERIOD 1981 TO 2010
CLIMATE RECORD PERIOD 1871 TO 2014


WEATHER ITEM   OBSERVED TIME   RECORD YEAR NORMAL DEPARTURE LAST
                VALUE   (LST)  VALUE       VALUE  FROM      YEAR
                                                  NORMAL
..................................................................
TEMPERATURE (F)
 YESTERDAY
  MAXIMUM         66    259 PM  81    1938  59      7       55
                                      1879
  MINIMUM         50    833 AM  19    1891  39     11       47
  AVERAGE         58                        49      9       51

PRECIPITATION (IN)
  YESTERDAY        0.00          0.99 1914   0.07  -0.07     0.03
  MONTH TO DATE    2.88                      1.22   1.66     1.10
  SINCE SEP 1      4.72                      4.35   0.37     4.29
  SINCE JAN 1     32.53                     29.17   3.36    40.77

SNOWFALL (IN)
  YESTERDAY        0.0           0.6  1952   0.0    0.0      0.0
  MONTH TO DATE    T                         0.1   -0.1      0.0
  SINCE SEP 1      T                         0.1   -0.1      0.0
  SINCE JUL 1      T                         0.1   -0.1      0.0
  SNOW DEPTH       0

DEGREE DAYS
 HEATING
  YESTERDAY        7                        16     -9       14
  MONTH TO DATE  203                       220    -17      122
  SINCE SEP 1    369                       391    -22      249
  SINCE JUL 1    386                       428    -42      279

 COOLING
  YESTERDAY        0                         0      0        0
  MONTH TO DATE    0                         0      0        2
  SINCE SEP 1     44                        51     -7       96
  SINCE JAN 1    620                       564     56      709
..................................................................


WIND (MPH)
  HIGHEST WIND SPEED    10   HIGHEST WIND DIRECTION     S (190)
  HIGHEST GUST SPEED    14   HIGHEST GUST DIRECTION     S (200)
  AVERAGE WIND SPEED     4.4


SKY COVER
  POSSIBLE SUNSHINE  MM
  AVERAGE SKY COVER 0.7


WEATHER CONDITIONS
 THE FOLLOWING WEATHER WAS RECORDED YESTERDAY.
  NO SIGNIFICANT WEATHER WAS OBSERVED.


RELATIVE HUMIDITY (PERCENT)
 HIGHEST    89          1200 AM
 LOWEST     48           200 PM
 AVERAGE    69

..........................................................


THE MADISON WI CLIMATE NORMALS FOR TODAY
                         NORMAL    RECORD    YEAR
 MAXIMUM TEMPERATURE (F)   59        81      1956
                                             1953
                                             1910
 MINIMUM TEMPERATURE (F)   38        19      1948


SUNRISE AND SUNSET
OCTOBER 17 2014.......SUNRISE   713 AM CDT   SUNSET   611 PM CDT
OCTOBER 18 2014.......SUNRISE   715 AM CDT   SUNSET   610 PM CDT


-  INDICATES NEGATIVE NUMBERS.
R  INDICATES RECORD WAS SET OR TIED.
MM INDICATES DATA IS MISSING.
T  INDICATES TRACE AMOUNT.




$$
