000
CDUS43 KMKX 060643
CLIMSN


CLIMATE REPORT
NATIONAL WEATHER SERVICE IN MILWAUKEE
142 AM CDT FRI OCT 6 2017


...................................

...THE MADISON WI CLIMATE SUMMARY FOR OCTOBER 5 2017...

CLIMATE NORMAL PERIOD 1981 TO 2010
CLIMATE RECORD PERIOD 1871 TO 2017


WEATHER ITEM   OBSERVED TIME   RECORD YEAR NORMAL DEPARTURE LAST
                VALUE   (LST)  VALUE       VALUE  FROM      YEAR
                                                  NORMAL
..................................................................
TEMPERATURE (F)
 YESTERDAY
  MAXIMUM         66    444 PM  86    1922  64      2       73
  MINIMUM         43    612 AM  23    1980  42      1       53
  AVERAGE         55                        53      2       63

PRECIPITATION (IN)
  YESTERDAY        0.32          1.41 1995   0.08   0.24     0.06
  MONTH TO DATE    0.99                      0.40   0.59     0.09
  SINCE SEP 1      1.54                      3.53  -1.99     8.55
  SINCE JAN 1     34.30                     28.35   5.95    36.79

SNOWFALL (IN)
  YESTERDAY        0.0           0.0    MM   0.0    0.0      0.0
  MONTH TO DATE    0.0                       0.0    0.0      0.0
  SINCE SEP 1      0.0                       0.0    0.0      0.0
  SINCE JUL 1      0.0                       0.0    0.0      0.0
  SNOW DEPTH       0

DEGREE DAYS
 HEATING
  YESTERDAY       10                        13     -3        2
  MONTH TO DATE   25                        59    -34       23
  SINCE SEP 1    138                       230    -92       65
  SINCE JUL 1    163                       267   -104       72

 COOLING
  YESTERDAY        0                         0      0        0
  MONTH TO DATE    8                         0      8        0
  SINCE SEP 1    118                        51     67       76
  SINCE JAN 1    578                       564     14      771
..................................................................


WIND (MPH)
  HIGHEST WIND SPEED    14   HIGHEST WIND DIRECTION    NW (320)
  HIGHEST GUST SPEED    20   HIGHEST GUST DIRECTION    NW (320)
  AVERAGE WIND SPEED     3.5


SKY COVER
  POSSIBLE SUNSHINE  MM
  AVERAGE SKY COVER 0.6


WEATHER CONDITIONS
 THE FOLLOWING WEATHER WAS RECORDED YESTERDAY.
  THUNDERSTORM
  HEAVY RAIN
  RAIN
  LIGHT RAIN
  FOG


RELATIVE HUMIDITY (PERCENT)
 HIGHEST   100          1200 AM
 LOWEST     48           200 PM
 AVERAGE    74

..........................................................


THE MADISON WI CLIMATE NORMALS FOR TODAY
                         NORMAL    RECORD    YEAR
 MAXIMUM TEMPERATURE (F)   63        90      1963
 MINIMUM TEMPERATURE (F)   42        22      1952


SUNRISE AND SUNSET
OCTOBER  6 2017.......SUNRISE   701 AM CDT   SUNSET   629 PM CDT
OCTOBER  7 2017.......SUNRISE   702 AM CDT   SUNSET   628 PM CDT


-  INDICATES NEGATIVE NUMBERS.
R  INDICATES RECORD WAS SET OR TIED.
MM INDICATES DATA IS MISSING.
T  INDICATES TRACE AMOUNT.




$$
