000
CDUS43 KMKX 102159
CLIMSN


CLIMATE REPORT
NATIONAL WEATHER SERVICE IN MILWAUKEE
358 PM CST FRI FEB 10 2017


...................................

...THE MADISON WI CLIMATE SUMMARY FOR FEBRUARY 10 2017...
VALID TODAY AS OF 0300 PM LOCAL TIME.

CLIMATE NORMAL PERIOD 1981 TO 2010
CLIMATE RECORD PERIOD 1871 TO 2017


WEATHER ITEM   OBSERVED TIME   RECORD YEAR NORMAL DEPARTURE LAST
                VALUE   (LST)  VALUE       VALUE  FROM      YEAR
                                                  NORMAL
..................................................................
TEMPERATURE (F)
 TODAY
  MAXIMUM         39    259 PM  54    2009  30      9       14
  MINIMUM         19    400 AM -25    1899  14      5        3
  AVERAGE         29                        22      7        9

PRECIPITATION (IN)
  TODAY            0.00          0.65 2013   0.05  -0.05      T
  MONTH TO DATE    0.25                      0.45  -0.20     0.40
  SINCE DEC 1      5.04                      3.42   1.62     4.71
  SINCE JAN 1      3.01                      1.68   1.33     1.38

SNOWFALL (IN) AS OF 18Z
  TODAY            0.0           6.1  1959   0.3   -0.3       T
  MONTH TO DATE    T                         4.0   -4.0      3.7
  SINCE DEC 1     33.8                      30.4    3.4     18.0
  SINCE JUL 1     33.8                      34.5   -0.7     22.1
  SNOW DEPTH       2

DEGREE DAYS
 HEATING
  TODAY           36                        43     -7       56
  MONTH TO DATE  439                       444     -5      403
  SINCE DEC 1   3021                      3178   -157     2714
  SINCE JUL 1   4043                      4757   -714     3905

 COOLING
  TODAY            0                         0      0        0
  MONTH TO DATE    0                         0      0        0
  SINCE DEC 1      0                         0      0        0
  SINCE JAN 1      0                         0      0        0
..................................................................


WIND (MPH)
  HIGHEST WIND SPEED    24   HIGHEST WIND DIRECTION     S (180)
  HIGHEST GUST SPEED    29   HIGHEST GUST DIRECTION     S (180)
  AVERAGE WIND SPEED    13.9


SKY COVER
  POSSIBLE SUNSHINE  MM
  AVERAGE SKY COVER 0.9


WEATHER CONDITIONS
 THE FOLLOWING WEATHER WAS RECORDED TODAY.
  NO SIGNIFICANT WEATHER WAS OBSERVED.


RELATIVE HUMIDITY (PERCENT)
 HIGHEST    69          1100 AM
 LOWEST     51           300 AM
 AVERAGE    60

..........................................................


THE MADISON WI CLIMATE NORMALS FOR TOMORROW
                         NORMAL    RECORD    YEAR
 MAXIMUM TEMPERATURE (F)   30        61      1999
 MINIMUM TEMPERATURE (F)   14       -22      1885


SUNRISE AND SUNSET
FEBRUARY 10 2017......SUNRISE   701 AM CST   SUNSET   522 PM CST
FEBRUARY 11 2017......SUNRISE   700 AM CST   SUNSET   523 PM CST


-  INDICATES NEGATIVE NUMBERS.
R  INDICATES RECORD WAS SET OR TIED.
MM INDICATES DATA IS MISSING.
T  INDICATES TRACE AMOUNT.




$$
