000
CDUS43 KMKX 020651
CLIMSN


CLIMATE REPORT
NATIONAL WEATHER SERVICE IN MILWAUKEE
150 AM CDT MON OCT 2 2017


...................................

...THE MADISON WI CLIMATE SUMMARY FOR OCTOBER 1 2017...

CLIMATE NORMAL PERIOD 1981 TO 2010
CLIMATE RECORD PERIOD 1871 TO 2017


WEATHER ITEM   OBSERVED TIME   RECORD YEAR NORMAL DEPARTURE LAST
                VALUE   (LST)  VALUE       VALUE  FROM      YEAR
                                                  NORMAL
..................................................................
TEMPERATURE (F)
 YESTERDAY
  MAXIMUM         70    244 PM  90    1976  65      5       62
  MINIMUM         44    535 AM  27    1974  44      0       58
  AVERAGE         57                        54      3       60

PRECIPITATION (IN)
  YESTERDAY        0.00          1.53 1926   0.08  -0.08     0.03
                                      1884
  MONTH TO DATE    0.00                      0.08  -0.08     0.03
  SINCE SEP 1      0.55                      3.21  -2.66     8.49
  SINCE JAN 1     33.31                     28.03   5.28    36.73

SNOWFALL (IN)
  YESTERDAY        0.0           0.0    MM   0.0    0.0      0.0
  MONTH TO DATE    0.0                       0.0    0.0      0.0
  SINCE SEP 1      0.0                       0.0    0.0      0.0
  SINCE JUL 1      0.0                       0.0    0.0      0.0
  SNOW DEPTH       0

DEGREE DAYS
 HEATING
  YESTERDAY        8                        11     -3        5
  MONTH TO DATE    8                        11     -3        5
  SINCE SEP 1    121                       182    -61       47
  SINCE JUL 1    146                       219    -73       54

 COOLING
  YESTERDAY        0                         0      0        0
  MONTH TO DATE    0                         0      0        0
  SINCE SEP 1    110                        51     59       76
  SINCE JAN 1    570                       564      6      771
..................................................................


WIND (MPH)
  HIGHEST WIND SPEED    21   HIGHEST WIND DIRECTION     S (170)
  HIGHEST GUST SPEED    25   HIGHEST GUST DIRECTION    SE (150)
  AVERAGE WIND SPEED     9.8


SKY COVER
  POSSIBLE SUNSHINE  MM
  AVERAGE SKY COVER 0.5


WEATHER CONDITIONS
 THE FOLLOWING WEATHER WAS RECORDED YESTERDAY.
  NO SIGNIFICANT WEATHER WAS OBSERVED.


RELATIVE HUMIDITY (PERCENT)
 HIGHEST    82           600 AM
 LOWEST     33           200 PM
 AVERAGE    58

..........................................................


THE MADISON WI CLIMATE NORMALS FOR TODAY
                         NORMAL    RECORD    YEAR
 MAXIMUM TEMPERATURE (F)   65        87      1953
 MINIMUM TEMPERATURE (F)   43        22      2003
                                             1974


SUNRISE AND SUNSET
OCTOBER  2 2017.......SUNRISE   656 AM CDT   SUNSET   636 PM CDT
OCTOBER  3 2017.......SUNRISE   657 AM CDT   SUNSET   635 PM CDT


-  INDICATES NEGATIVE NUMBERS.
R  INDICATES RECORD WAS SET OR TIED.
MM INDICATES DATA IS MISSING.
T  INDICATES TRACE AMOUNT.




$$
