000
CDUS43 KMKX 110648
CLIMSN


CLIMATE REPORT
NATIONAL WEATHER SERVICE IN MILWAUKEE
147 AM CDT TUE APR 11 2017


...................................

...THE MADISON WI CLIMATE SUMMARY FOR APRIL 10 2017...

CLIMATE NORMAL PERIOD 1981 TO 2010
CLIMATE RECORD PERIOD 1871 TO 2017


WEATHER ITEM   OBSERVED TIME   RECORD YEAR NORMAL DEPARTURE LAST
                VALUE   (LST)  VALUE       VALUE  FROM      YEAR
                                                  NORMAL
..................................................................
TEMPERATURE (F)
 YESTERDAY
  MAXIMUM         72    118 PM  89    1930  55     17       48
  MINIMUM         40   1033 PM  18    1960  34      6       32
  AVERAGE         56                        44     12       40

PRECIPITATION (IN)
  YESTERDAY        0.01          2.34 1879   0.11  -0.10     0.03
  MONTH TO DATE    0.88                      1.07  -0.19     0.83
  SINCE MAR 1      3.71                      3.27   0.44     4.79
  SINCE JAN 1      8.41                      5.95   2.46     6.29

SNOWFALL (IN)
  YESTERDAY        0.0           0.8  1973   0.1   -0.1      0.0
  MONTH TO DATE    T                         1.3   -1.3      4.2
  SINCE MAR 1      8.3                       8.3    0.0      8.2
  SINCE JUL 1     44.0                      49.4   -5.4     32.7
  SNOW DEPTH       0

DEGREE DAYS
 HEATING
  YESTERDAY        9                        21    -12       25
  MONTH TO DATE  158                       226    -68      288
  SINCE MAR 1   1107                      1189    -82     1058
  SINCE JUL 1   5619                      6675  -1056     5658

 COOLING
  YESTERDAY        0                         0      0        0
  MONTH TO DATE    0                         0      0        0
  SINCE MAR 1      0                         0      0        0
  SINCE JAN 1      0                         0      0        0
..................................................................


WIND (MPH)
  HIGHEST WIND SPEED    21   HIGHEST WIND DIRECTION    SE (120)
  HIGHEST GUST SPEED    24   HIGHEST GUST DIRECTION    SE (130)
  AVERAGE WIND SPEED     9.7


SKY COVER
  POSSIBLE SUNSHINE  MM
  AVERAGE SKY COVER 0.8


WEATHER CONDITIONS
 THE FOLLOWING WEATHER WAS RECORDED YESTERDAY.
  THUNDERSTORM
  LIGHT RAIN
  FOG


RELATIVE HUMIDITY (PERCENT)
 HIGHEST    92           700 PM
 LOWEST     41          1200 PM
 AVERAGE    67

..........................................................


THE MADISON WI CLIMATE NORMALS FOR TODAY
                         NORMAL    RECORD    YEAR
 MAXIMUM TEMPERATURE (F)   55        84      1977
 MINIMUM TEMPERATURE (F)   34        12      1973


SUNRISE AND SUNSET
APRIL 11 2017.........SUNRISE   622 AM CDT   SUNSET   736 PM CDT
APRIL 12 2017.........SUNRISE   620 AM CDT   SUNSET   737 PM CDT


-  INDICATES NEGATIVE NUMBERS.
R  INDICATES RECORD WAS SET OR TIED.
MM INDICATES DATA IS MISSING.
T  INDICATES TRACE AMOUNT.




$$
