000
CDUS43 KMKX 250646
CLIMSN


CLIMATE REPORT
NATIONAL WEATHER SERVICE IN MILWAUKEE
144 AM CDT MON MAY 25 2015


...................................

...THE MADISON WI CLIMATE SUMMARY FOR MAY 24 2015...

CLIMATE NORMAL PERIOD 1981 TO 2010
CLIMATE RECORD PERIOD 1871 TO 2015


WEATHER ITEM   OBSERVED TIME   RECORD YEAR NORMAL DEPARTURE LAST
                VALUE   (LST)  VALUE       VALUE  FROM      YEAR
                                                  NORMAL
..................................................................
TEMPERATURE (F)
 YESTERDAY
  MAXIMUM         63    757 AM  92    1950  71     -8       76
  MINIMUM         52    344 AM  32    1992  49      3       44
                                      1925
  AVERAGE         58                        60     -2       60

PRECIPITATION (IN)
  YESTERDAY        0.69          1.53 2006   0.11   0.58     0.00
  MONTH TO DATE    3.34                      2.66   0.68     1.58
  SINCE MAR 1      8.48                      8.26   0.22     7.97
  SINCE JAN 1      9.68                     10.94  -1.26     9.86

SNOWFALL (IN)
  YESTERDAY        0.0           T    1925   0.0    0.0      0.0
  MONTH TO DATE    0.0                       0.2   -0.2      0.0
  SINCE MAR 1      4.2                       9.8   -5.6      9.2
  SINCE JUL 1     33.7                      50.9  -17.2     59.2
  SNOW DEPTH       0

DEGREE DAYS
 HEATING
  YESTERDAY        7                         7      0        5
  MONTH TO DATE  167                       228    -61      207
  SINCE MAR 1   1596                      1749   -153     1935
  SINCE JUL 1   7307                      7235     72     8047

 COOLING
  YESTERDAY        0                         1     -1        0
  MONTH TO DATE   26                        14     12       22
  SINCE MAR 1     26                        18      8       22
  SINCE JAN 1     26                        18      8       22
..................................................................


WIND (MPH)
  HIGHEST WIND SPEED    18   HIGHEST WIND DIRECTION     E (110)
  HIGHEST GUST SPEED    23   HIGHEST GUST DIRECTION     E (110)
  AVERAGE WIND SPEED     6.3


SKY COVER
  POSSIBLE SUNSHINE  MM
  AVERAGE SKY COVER 0.9


WEATHER CONDITIONS
 THE FOLLOWING WEATHER WAS RECORDED YESTERDAY.
  RAIN
  LIGHT RAIN
  FOG


RELATIVE HUMIDITY (PERCENT)
 HIGHEST    93           900 PM
 LOWEST     72          1200 AM
 AVERAGE    83

..........................................................


THE MADISON WI CLIMATE NORMALS FOR TODAY
                         NORMAL    RECORD    YEAR
 MAXIMUM TEMPERATURE (F)   71        89      1977
 MINIMUM TEMPERATURE (F)   49        30      1988


SUNRISE AND SUNSET
MAY 25 2015...........SUNRISE   525 AM CDT   SUNSET   824 PM CDT
MAY 26 2015...........SUNRISE   524 AM CDT   SUNSET   825 PM CDT


-  INDICATES NEGATIVE NUMBERS.
R  INDICATES RECORD WAS SET OR TIED.
MM INDICATES DATA IS MISSING.
T  INDICATES TRACE AMOUNT.




$$
