719
CDUS43 KMKX 230642
CLIMSN


CLIMATE REPORT
NATIONAL WEATHER SERVICE IN MILWAUKEE
142 AM CDT WED AUG 23 2017


...................................

...THE MADISON WI CLIMATE SUMMARY FOR AUGUST 22 2017...

CLIMATE NORMAL PERIOD 1981 TO 2010
CLIMATE RECORD PERIOD 1871 TO 2017


WEATHER ITEM   OBSERVED TIME   RECORD YEAR NORMAL DEPARTURE LAST
                VALUE   (LST)  VALUE       VALUE  FROM      YEAR
                                                  NORMAL
..................................................................
TEMPERATURE (F)
 YESTERDAY
  MAXIMUM         75    322 PM  94    1976  79     -4       77
                                      1936
  MINIMUM         60   1159 PM  44    1967  58      2       51
  AVERAGE         68                        69     -1       64

PRECIPITATION (IN)
  YESTERDAY        0.00          3.20 2007   0.14  -0.14     0.00
  MONTH TO DATE    3.34                      3.10   0.24     6.28
  SINCE JUN 1     16.59                     11.82   4.77    16.86
  SINCE JAN 1     32.25                     23.65   8.60    26.65

SNOWFALL (IN)
  YESTERDAY        0.0           0.0    MM   0.0    0.0      0.0
  MONTH TO DATE    0.0                       0.0    0.0      0.0
  SINCE JUN 1      0.0                       0.0    0.0      0.0
  SINCE JUL 1      0.0                       0.0    0.0      0.0
  SNOW DEPTH       0

DEGREE DAYS
 HEATING
  YESTERDAY        0                         1     -1        1
  MONTH TO DATE    6                        19    -13        3
  SINCE JUN 1     36                        89    -53       21
  SINCE JUL 1      6                        29    -23        7

 COOLING
  YESTERDAY        3                         5     -2        0
  MONTH TO DATE   78                       122    -44      181
  SINCE JUN 1    437                       448    -11      585
  SINCE JAN 1    452                       478    -26      637
..................................................................


WIND (MPH)
  HIGHEST WIND SPEED    18   HIGHEST WIND DIRECTION     N (340)
  HIGHEST GUST SPEED    25   HIGHEST GUST DIRECTION    NW (320)
  AVERAGE WIND SPEED     7.3


SKY COVER
  POSSIBLE SUNSHINE  MM
  AVERAGE SKY COVER 0.5


WEATHER CONDITIONS
 THE FOLLOWING WEATHER WAS RECORDED YESTERDAY.
  NO SIGNIFICANT WEATHER WAS OBSERVED.


RELATIVE HUMIDITY (PERCENT)
 HIGHEST    90          1200 AM
 LOWEST     43           300 PM
 AVERAGE    67

..........................................................


THE MADISON WI CLIMATE NORMALS FOR TODAY
                         NORMAL    RECORD    YEAR
 MAXIMUM TEMPERATURE (F)   79        98      1947
 MINIMUM TEMPERATURE (F)   58        43      1952


SUNRISE AND SUNSET
AUGUST 23 2017........SUNRISE   612 AM CDT   SUNSET   747 PM CDT
AUGUST 24 2017........SUNRISE   613 AM CDT   SUNSET   745 PM CDT


-  INDICATES NEGATIVE NUMBERS.
R  INDICATES RECORD WAS SET OR TIED.
MM INDICATES DATA IS MISSING.
T  INDICATES TRACE AMOUNT.




$$
