000
CDUS43 KMKX 300704
CLIMSN


CLIMATE REPORT
NATIONAL WEATHER SERVICE IN MILWAUKEE
203 AM CDT SAT AUG 30 2014


...................................

...THE MADISON WI CLIMATE SUMMARY FOR AUGUST 29 2014...

CLIMATE NORMAL PERIOD 1981 TO 2010
CLIMATE RECORD PERIOD 1871 TO 2014


WEATHER ITEM   OBSERVED TIME   RECORD YEAR NORMAL DEPARTURE LAST
                VALUE   (LST)  VALUE       VALUE  FROM      YEAR
                                                  NORMAL
..................................................................
TEMPERATURE (F)
 YESTERDAY
  MAXIMUM         85    329 PM  94    1953  78      7       86
                                      1948
                                      1881
  MINIMUM         65    156 AM  35    1965  57      8       61
  AVERAGE         75                        67      8       74

PRECIPITATION (IN)
  YESTERDAY        0.01          1.78 1957   0.14  -0.13     0.00
  MONTH TO DATE    5.23                      4.01   1.22     1.53
  SINCE JUN 1     15.86                     12.73   3.13    16.39
  SINCE JAN 1     27.61                     24.56   3.05    36.48

SNOWFALL (IN)
  YESTERDAY        0.0           0.0    MM   0.0    0.0      0.0
  MONTH TO DATE    0.0                       0.0    0.0      0.0
  SINCE JUN 1      0.0                       0.0    0.0      0.0
  SINCE JUL 1      0.0                       0.0    0.0      0.0
  SNOW DEPTH       0

DEGREE DAYS
 HEATING
  YESTERDAY        0                         1     -1        0
  MONTH TO DATE    4                        26    -22       12
  SINCE JUN 1     26                        96    -70       82
  SINCE JUL 1     17                        36    -19       30

 COOLING
  YESTERDAY       10                         4      6        9
  MONTH TO DATE  184                       151     33      169
  SINCE JUN 1    509                       477     32      537
  SINCE JAN 1    560                       507     53      590
..................................................................


WIND (MPH)
  HIGHEST WIND SPEED    22   HIGHEST WIND DIRECTION     S (160)
  HIGHEST GUST SPEED    26   HIGHEST GUST DIRECTION     S (180)
  AVERAGE WIND SPEED    11.7


SKY COVER
  POSSIBLE SUNSHINE  MM
  AVERAGE SKY COVER 0.7


WEATHER CONDITIONS
 THE FOLLOWING WEATHER WAS RECORDED YESTERDAY.
  THUNDERSTORM
  FOG


RELATIVE HUMIDITY (PERCENT)
 HIGHEST    93           500 AM
 LOWEST     61           200 PM
 AVERAGE    77

..........................................................


THE MADISON WI CLIMATE NORMALS FOR TODAY
                         NORMAL    RECORD    YEAR
 MAXIMUM TEMPERATURE (F)   78        97      1953
 MINIMUM TEMPERATURE (F)   57        40      1967


SUNRISE AND SUNSET
AUGUST 30 2014........SUNRISE   619 AM CDT   SUNSET   736 PM CDT
AUGUST 31 2014........SUNRISE   620 AM CDT   SUNSET   734 PM CDT


-  INDICATES NEGATIVE NUMBERS.
R  INDICATES RECORD WAS SET OR TIED.
MM INDICATES DATA IS MISSING.
T  INDICATES TRACE AMOUNT.




$$
