000
CDUS43 KMKX 290041
CLIMSN


CLIMATE REPORT
NATIONAL WEATHER SERVICE IN MILWAUKEE
741 PM CDT SUN AUG 28 2016


...................................

...THE MADISON WI CLIMATE SUMMARY FOR AUGUST 28 2016...
VALID TODAY AS OF 0700 PM LOCAL TIME.

CLIMATE NORMAL PERIOD 1981 TO 2010
CLIMATE RECORD PERIOD 1871 TO 2016


WEATHER ITEM   OBSERVED TIME   RECORD YEAR NORMAL DEPARTURE LAST
                VALUE   (LST)  VALUE       VALUE  FROM      YEAR
                                                  NORMAL
..................................................................
TEMPERATURE (F)
 TODAY
  MAXIMUM         81    326 PM  95    1955  78      3       67
  MINIMUM         62    123 AM  38    1982  57      5       59
                                      1968
  AVERAGE         72                        68      4       63

PRECIPITATION (IN)
  TODAY            0.00          3.00 1869   0.13  -0.13     0.93
  MONTH TO DATE    7.74                      3.87   3.87     3.23
  SINCE JUN 1     18.32                     12.59   5.73    11.40
  SINCE JAN 1     28.11                     24.42   3.69    21.92

SNOWFALL (IN)
  TODAY            0.0           0.0    MM   0.0    0.0      0.0
  MONTH TO DATE    0.0                       0.0    0.0      0.0
  SINCE JUN 1      0.0                       0.0    0.0      0.0
  SINCE JUL 1      0.0                       0.0    0.0      0.0
  SNOW DEPTH       0

DEGREE DAYS
 HEATING
  TODAY            0                         1     -1        2
  MONTH TO DATE    3                        25    -22       16
  SINCE JUN 1     21                        95    -74       69
  SINCE JUL 1      7                        35    -28       32

 COOLING
  TODAY            7                         4      3        0
  MONTH TO DATE  216                       147     69      160
  SINCE JUN 1    620                       473    147      471
  SINCE JAN 1    672                       503    169      521
..................................................................


WIND (MPH)
  HIGHEST WIND SPEED     9   HIGHEST WIND DIRECTION     E (70)
  HIGHEST GUST SPEED    13   HIGHEST GUST DIRECTION     E (80)
  AVERAGE WIND SPEED     3.3


SKY COVER
  POSSIBLE SUNSHINE  MM
  AVERAGE SKY COVER 0.9


WEATHER CONDITIONS
 THE FOLLOWING WEATHER WAS RECORDED TODAY.
  FOG
  FOG W/VISIBILITY <= 1/4 MILE


RELATIVE HUMIDITY (PERCENT)
 HIGHEST   100          1200 AM
 LOWEST     69           100 PM
 AVERAGE    85

..........................................................


THE MADISON WI CLIMATE NORMALS FOR TOMORROW
                         NORMAL    RECORD    YEAR
 MAXIMUM TEMPERATURE (F)   78        94      1953
                                             1948
                                             1881
 MINIMUM TEMPERATURE (F)   57        35      1965


SUNRISE AND SUNSET
AUGUST 28 2016........SUNRISE   618 AM CDT   SUNSET   738 PM CDT
AUGUST 29 2016........SUNRISE   619 AM CDT   SUNSET   736 PM CDT


-  INDICATES NEGATIVE NUMBERS.
R  INDICATES RECORD WAS SET OR TIED.
MM INDICATES DATA IS MISSING.
T  INDICATES TRACE AMOUNT.




$$
