000
CDUS43 KMKX 080643
CLIMSN


CLIMATE REPORT
NATIONAL WEATHER SERVICE IN MILWAUKEE
142 AM CDT TUE APR 8 2014


...................................

...THE MADISON WI CLIMATE SUMMARY FOR APRIL 7 2014...

CLIMATE NORMAL PERIOD 1981 TO 2010
CLIMATE RECORD PERIOD 1871 TO 2014


WEATHER ITEM   OBSERVED TIME   RECORD YEAR NORMAL DEPARTURE LAST
                VALUE   (LST)  VALUE       VALUE  FROM      YEAR
                                                  NORMAL
..................................................................
TEMPERATURE (F)
 YESTERDAY
  MAXIMUM         63    113 PM  82    1871  54      9       55
  MINIMUM         38    308 AM   0    1982  33      5       37
  AVERAGE         51                        43      8       46

PRECIPITATION (IN)
  YESTERDAY        0.13          1.19 1907   0.11   0.02     0.00
  MONTH TO DATE    0.27                      0.73  -0.46     0.07
  SINCE MAR 1      1.53                      2.93  -1.40     2.48
  SINCE JAN 1      3.42                      5.61  -2.19     7.76

SNOWFALL (IN)
  YESTERDAY        0.0           4.0  1907   0.2   -0.2      0.0
  MONTH TO DATE    T                         1.0   -1.0      0.0
  SINCE MAR 1      8.2                       8.0    0.2     15.2
  SINCE JUL 1     58.2                      49.1    9.1     70.3
  SNOW DEPTH       0

DEGREE DAYS
 HEATING
  YESTERDAY       14                        22     -8       19
  MONTH TO DATE  171                       162      9      182
  SINCE MAR 1   1319                      1125    194     1364
  SINCE JUL 1   7431                      6611    820     6522

 COOLING
  YESTERDAY        0                         0      0        0
  MONTH TO DATE    0                         0      0        0
  SINCE MAR 1      0                         0      0        0
  SINCE JAN 1      0                         0      0        0
..................................................................


WIND (MPH)
  HIGHEST WIND SPEED    16   HIGHEST WIND DIRECTION     N (350)
  HIGHEST GUST SPEED    20   HIGHEST GUST DIRECTION     N (340)
  AVERAGE WIND SPEED     5.0


SKY COVER
  POSSIBLE SUNSHINE  MM
  AVERAGE SKY COVER 0.9


WEATHER CONDITIONS
 THE FOLLOWING WEATHER WAS RECORDED YESTERDAY.
  LIGHT RAIN
  FOG


RELATIVE HUMIDITY (PERCENT)
 HIGHEST    86           800 PM
 LOWEST     42           100 PM
 AVERAGE    64

..........................................................


THE MADISON WI CLIMATE NORMALS FOR TODAY
                         NORMAL    RECORD    YEAR
 MAXIMUM TEMPERATURE (F)   54        77      1971
 MINIMUM TEMPERATURE (F)   33         9      1972


SUNRISE AND SUNSET
APRIL  8 2014.........SUNRISE   627 AM CDT   SUNSET   732 PM CDT
APRIL  9 2014.........SUNRISE   625 AM CDT   SUNSET   733 PM CDT


-  INDICATES NEGATIVE NUMBERS.
R  INDICATES RECORD WAS SET OR TIED.
MM INDICATES DATA IS MISSING.
T  INDICATES TRACE AMOUNT.




$$
