000
CDUS43 KMKX 290647
CLIMSN


CLIMATE REPORT
NATIONAL WEATHER SERVICE IN MILWAUKEE
1244 AM CST TUE NOV 29 2016


...................................

...THE MADISON WI CLIMATE SUMMARY FOR NOVEMBER 28 2016...

CLIMATE NORMAL PERIOD 1981 TO 2010
CLIMATE RECORD PERIOD 1871 TO 2016


WEATHER ITEM   OBSERVED TIME   RECORD YEAR NORMAL DEPARTURE LAST
                VALUE   (LST)  VALUE       VALUE  FROM      YEAR
                                                  NORMAL
..................................................................
TEMPERATURE (F)
 YESTERDAY
  MAXIMUM         50    953 PM  62    1998  37     13       33
  MINIMUM         41    633 AM -14    1887  23     18       20
  AVERAGE         46                        30     16       27

PRECIPITATION (IN)
  YESTERDAY        0.79          1.02 1987   0.07   0.72     0.00
  MONTH TO DATE    1.87                      2.23  -0.36     4.21
  SINCE SEP 1     15.29                      7.76   7.53    12.93
  SINCE JAN 1     43.53                     32.58  10.95    35.72

SNOWFALL (IN)
  YESTERDAY        0.0           5.4  1911   0.2   -0.2      0.0
  MONTH TO DATE    T                         3.1   -3.1      4.1
  SINCE SEP 1      T                         3.6   -3.6      4.1
  SINCE JUL 1      T                         3.6   -3.6      4.1
  SNOW DEPTH       0

DEGREE DAYS
 HEATING
  YESTERDAY       19                        35    -16       38
  MONTH TO DATE  573                       794   -221      617
  SINCE SEP 1    962                      1470   -508     1093
  SINCE JUL 1    969                      1507   -538     1125

 COOLING
  YESTERDAY        0                         0      0        0
  MONTH TO DATE    0                         0      0        0
  SINCE SEP 1     85                        55     30      137
  SINCE JAN 1    780                       568    212      666
..................................................................


WIND (MPH)
  HIGHEST WIND SPEED    25   HIGHEST WIND DIRECTION    SE (150)
  HIGHEST GUST SPEED    32   HIGHEST GUST DIRECTION    SE (140)
  AVERAGE WIND SPEED    16.1


SKY COVER
  POSSIBLE SUNSHINE  MM
  AVERAGE SKY COVER 1.0


WEATHER CONDITIONS
 THE FOLLOWING WEATHER WAS RECORDED YESTERDAY.
  HEAVY RAIN
  RAIN
  LIGHT RAIN
  FOG


RELATIVE HUMIDITY (PERCENT)
 HIGHEST    96           900 AM
 LOWEST     89          1000 AM
 AVERAGE    93

..........................................................


THE MADISON WI CLIMATE NORMALS FOR TODAY
                         NORMAL    RECORD    YEAR
 MAXIMUM TEMPERATURE (F)   37        64      1998
 MINIMUM TEMPERATURE (F)   22       -11      1875


SUNRISE AND SUNSET
NOVEMBER 29 2016......SUNRISE   708 AM CST   SUNSET   424 PM CST
NOVEMBER 30 2016......SUNRISE   709 AM CST   SUNSET   423 PM CST


-  INDICATES NEGATIVE NUMBERS.
R  INDICATES RECORD WAS SET OR TIED.
MM INDICATES DATA IS MISSING.
T  INDICATES TRACE AMOUNT.




$$
