000
CDUS43 KMKX 120650
CLIMSN


CLIMATE REPORT
NATIONAL WEATHER SERVICE IN MILWAUKEE
149 AM CDT FRI MAY 12 2017


...................................

...THE MADISON WI CLIMATE SUMMARY FOR MAY 11 2017...

CLIMATE NORMAL PERIOD 1981 TO 2010
CLIMATE RECORD PERIOD 1871 TO 2017


WEATHER ITEM   OBSERVED TIME   RECORD YEAR NORMAL DEPARTURE LAST
                VALUE   (LST)  VALUE       VALUE  FROM      YEAR
                                                  NORMAL
..................................................................
TEMPERATURE (F)
 YESTERDAY
  MAXIMUM         71    454 PM  85    2011  67      4       66
                                      1991
                                      1922
  MINIMUM         47    423 AM  29    1990  45      2       49
  AVERAGE         59                        56      3       58

PRECIPITATION (IN)
  YESTERDAY        T             1.60 1912   0.11  -0.11     0.06
  MONTH TO DATE    0.88                      1.20  -0.32     0.83
  SINCE MAR 1      9.01                      6.80   2.21     6.90
  SINCE JAN 1     13.71                      9.48   4.23     8.40

SNOWFALL (IN)
  YESTERDAY        0.0           0.7  1966   0.0    0.0      0.0
  MONTH TO DATE    0.0                       0.1   -0.1      0.0
  SINCE MAR 1      8.3                       9.7   -1.4      8.2
  SINCE JUL 1     44.0                      50.8   -6.8     32.7
  SNOW DEPTH       0

DEGREE DAYS
 HEATING
  YESTERDAY        6                        10     -4        7
  MONTH TO DATE  164                       123     41      122
  SINCE MAR 1   1556                      1644    -88     1460
  SINCE JUL 1   6068                      7130  -1062     6060

 COOLING
  YESTERDAY        0                         1     -1        0
  MONTH TO DATE    0                         1     -1        0
  SINCE MAR 1      0                         5     -5        0
  SINCE JAN 1      0                         5     -5        0
..................................................................


WIND (MPH)
  HIGHEST WIND SPEED    10   HIGHEST WIND DIRECTION     S (160)
  HIGHEST GUST SPEED    13   HIGHEST GUST DIRECTION    SE (150)
  AVERAGE WIND SPEED     3.9


SKY COVER
  POSSIBLE SUNSHINE  MM
  AVERAGE SKY COVER 0.6


WEATHER CONDITIONS
 THE FOLLOWING WEATHER WAS RECORDED YESTERDAY.
  LIGHT RAIN
  FOG


RELATIVE HUMIDITY (PERCENT)
 HIGHEST   100           300 AM
 LOWEST     47           500 PM
 AVERAGE    74

..........................................................


THE MADISON WI CLIMATE NORMALS FOR TODAY
                         NORMAL    RECORD    YEAR
 MAXIMUM TEMPERATURE (F)   67        86      1991
 MINIMUM TEMPERATURE (F)   45        24      1981


SUNRISE AND SUNSET
MAY 12 2017...........SUNRISE   537 AM CDT   SUNSET   811 PM CDT
MAY 13 2017...........SUNRISE   536 AM CDT   SUNSET   812 PM CDT


-  INDICATES NEGATIVE NUMBERS.
R  INDICATES RECORD WAS SET OR TIED.
MM INDICATES DATA IS MISSING.
T  INDICATES TRACE AMOUNT.




$$
