000
CDUS43 KMKX 172158
CLIMSN


CLIMATE REPORT
NATIONAL WEATHER SERVICE IN MILWAUKEE
350 PM CST MON NOV 17 2014


...................................

...THE MADISON WI CLIMATE SUMMARY FOR NOVEMBER 17 2014...
VALID TODAY AS OF 0300 PM LOCAL TIME.

CLIMATE NORMAL PERIOD 1981 TO 2010
CLIMATE RECORD PERIOD 1871 TO 2014


WEATHER ITEM   OBSERVED TIME   RECORD YEAR NORMAL DEPARTURE LAST
                VALUE   (LST)  VALUE       VALUE  FROM      YEAR
                                                  NORMAL
..................................................................
TEMPERATURE (F)
 TODAY
  MAXIMUM         16    107 PM  69    1971  43    -27       58
                                      1958
                                      1953
  MINIMUM          8    231 AM  -1    1959  28    -20       39
  AVERAGE         12                        36    -24       49

PRECIPITATION (IN)
  TODAY            T             1.60 1931   0.08  -0.08     0.93
  MONTH TO DATE    0.42                      1.37  -0.95     1.96
  SINCE SEP 1      5.35                      6.90  -1.55     7.04
  SINCE JAN 1     33.16                     31.72   1.44    43.52

SNOWFALL (IN)
  TODAY            T             4.3  1892   0.1   -0.1      0.0
  MONTH TO DATE    2.4                       1.1    1.3      0.8
  SINCE SEP 1      2.6                       1.6    0.0      0.8
  SINCE JUL 1      2.6                       1.6    0.0      0.8
  SNOW DEPTH       1

DEGREE DAYS
 HEATING
  TODAY           53                        29     24       16
  MONTH TO DATE  519                       434     85      409
  SINCE SEP 1   1145                      1110     35      997
  SINCE JUL 1   1162                      1147     15     1027

 COOLING
  TODAY            0                         0      0        0
  MONTH TO DATE    0                         0      0        0
  SINCE SEP 1     44                        55    -11       96
  SINCE JAN 1    620                       568     52      709
..................................................................


WIND (MPH)
  HIGHEST WIND SPEED    18   HIGHEST WIND DIRECTION     W (290)
  HIGHEST GUST SPEED    28   HIGHEST GUST DIRECTION    NW (300)
  AVERAGE WIND SPEED     7.4


SKY COVER
  POSSIBLE SUNSHINE  MM
  AVERAGE SKY COVER 0.4


WEATHER CONDITIONS
 THE FOLLOWING WEATHER WAS RECORDED TODAY.
  LIGHT SNOW


RELATIVE HUMIDITY (PERCENT)
 HIGHEST    83           600 AM
 LOWEST     58           200 PM
 AVERAGE    71

..........................................................


THE MADISON WI CLIMATE NORMALS FOR TOMORROW
                         NORMAL    RECORD    YEAR
 MAXIMUM TEMPERATURE (F)   43        69      1953
 MINIMUM TEMPERATURE (F)   27         3      1872


SUNRISE AND SUNSET
NOVEMBER 17 2014......SUNRISE   653 AM CST   SUNSET   432 PM CST
NOVEMBER 18 2014......SUNRISE   654 AM CST   SUNSET   431 PM CST


-  INDICATES NEGATIVE NUMBERS.
R  INDICATES RECORD WAS SET OR TIED.
MM INDICATES DATA IS MISSING.
T  INDICATES TRACE AMOUNT.




$$
