049
CDUS43 KMKX 102243
CLIMSN


CLIMATE REPORT
NATIONAL WEATHER SERVICE IN MILWAUKEE
441 PM CST WED JAN 10 2018


...................................

...THE MADISON WI CLIMATE SUMMARY FOR JANUARY 10 2018...
VALID TODAY AS OF 0400 PM LOCAL TIME.

CLIMATE NORMAL PERIOD 1981 TO 2010
CLIMATE RECORD PERIOD 1871 TO 2018


WEATHER ITEM   OBSERVED TIME   RECORD YEAR NORMAL DEPARTURE LAST
                VALUE   (LST)  VALUE       VALUE  FROM      YEAR
                                                  NORMAL
..................................................................
TEMPERATURE (F)
 TODAY
  MAXIMUM         39    359 PM  53    1975  26     13       43
  MINIMUM         30    309 AM -22    1982  11     19       16
                                      1979
  AVERAGE         35                        19     16       30

PRECIPITATION (IN)
  TODAY            T             1.12 1869   0.04  -0.04     0.58
  MONTH TO DATE    0.03                      0.41  -0.38     0.64
  SINCE DEC 1      0.76                      2.15  -1.39     2.67
  SINCE JAN 1      0.03                      0.41  -0.38     0.64

SNOWFALL (IN)
  TODAY            0.0           5.3  1974   0.4   -0.4       T
  MONTH TO DATE    0.7                       4.0   -3.3      1.0
  SINCE DEC 1      4.4                      17.5  -13.1     23.7
  SINCE JUL 1      4.7                      21.6  -16.9     23.7
  SNOW DEPTH (12Z) T

DEGREE DAYS
 HEATING
  TODAY           30                        46    -16       35
  MONTH TO DATE  528                       460     68      495
  SINCE DEC 1   1851                      1760     91     1804
  SINCE JUL 1   3210                      3339   -129     2826

 COOLING
  TODAY            0                         0      0        0
  MONTH TO DATE    0                         0      0        0
  SINCE DEC 1      0                         0      0        0
  SINCE JAN 1      0                         0      0        0
..................................................................


WIND (MPH)
  HIGHEST WIND SPEED    22   HIGHEST WIND DIRECTION     S (200)
  HIGHEST GUST SPEED    34   HIGHEST GUST DIRECTION     S (200)
  AVERAGE WIND SPEED    13.2


SKY COVER
  POSSIBLE SUNSHINE  MM
  AVERAGE SKY COVER 0.9


WEATHER CONDITIONS
 THE FOLLOWING WEATHER WAS RECORDED TODAY.
  LIGHT RAIN
  FOG


RELATIVE HUMIDITY (PERCENT)
 HIGHEST   100           300 AM
 LOWEST     85          1200 AM
 AVERAGE    93

..........................................................


THE MADISON WI CLIMATE NORMALS FOR TOMORROW
                         NORMAL    RECORD    YEAR
 MAXIMUM TEMPERATURE (F)   26        53      2012
                                             1880
 MINIMUM TEMPERATURE (F)   11       -28      1979


SUNRISE AND SUNSET
JANUARY 10 2018.......SUNRISE   728 AM CST   SUNSET   442 PM CST
JANUARY 11 2018.......SUNRISE   728 AM CST   SUNSET   443 PM CST


-  INDICATES NEGATIVE NUMBERS.
R  INDICATES RECORD WAS SET OR TIED.
MM INDICATES DATA IS MISSING.
T  INDICATES TRACE AMOUNT.




$$
