692
CDUS43 KMKX 260641
CLIMSN


CLIMATE REPORT
NATIONAL WEATHER SERVICE IN MILWAUKEE
141 AM CDT MON SEP 26 2016


...................................

...THE MADISON WI CLIMATE SUMMARY FOR SEPTEMBER 25 2016...

CLIMATE NORMAL PERIOD 1981 TO 2010
CLIMATE RECORD PERIOD 1871 TO 2016


WEATHER ITEM   OBSERVED TIME   RECORD YEAR NORMAL DEPARTURE LAST
                VALUE   (LST)  VALUE       VALUE  FROM      YEAR
                                                  NORMAL
..................................................................
TEMPERATURE (F)
 YESTERDAY
  MAXIMUM         79   1043 AM  89    1920  68     11       78
  MINIMUM         60   1159 PM  30    1942  46     14       55
  AVERAGE         70                        57     13       67

PRECIPITATION (IN)
  YESTERDAY        0.25          1.74 1931   0.10   0.15     0.00
  MONTH TO DATE    8.22                      2.68   5.54     3.96
  SINCE SEP 1      8.22                      2.68   5.54     3.96
  SINCE JAN 1     36.46                     27.50   8.96    26.75

SNOWFALL (IN)
  YESTERDAY        0.0           T    1942   0.0    0.0      0.0
                                      1928
  MONTH TO DATE    0.0                       0.0    0.0      0.0
  SINCE SEP 1      0.0                       0.0    0.0      0.0
  SINCE JUL 1      0.0                       0.0    0.0      0.0
  SNOW DEPTH       0

DEGREE DAYS
 HEATING
  YESTERDAY        0                         9     -9        0
  MONTH TO DATE    9                       123   -114       40
  SINCE SEP 1      9                       123   -114       40
  SINCE JUL 1     16                       160   -144       72

 COOLING
  YESTERDAY        5                         1      4        2
  MONTH TO DATE   76                        49     27      131
  SINCE SEP 1     76                        49     27      131
  SINCE JAN 1    771                       562    209      660
..................................................................


WIND (MPH)
  HIGHEST WIND SPEED    18   HIGHEST WIND DIRECTION     S (170)
  HIGHEST GUST SPEED    24   HIGHEST GUST DIRECTION     S (170)
  AVERAGE WIND SPEED     7.8


SKY COVER
  POSSIBLE SUNSHINE  MM
  AVERAGE SKY COVER 0.6


WEATHER CONDITIONS
 THE FOLLOWING WEATHER WAS RECORDED YESTERDAY.
  THUNDERSTORM
  HEAVY RAIN
  LIGHT RAIN
  FOG


RELATIVE HUMIDITY (PERCENT)
 HIGHEST   100           200 AM
 LOWEST     67           800 PM
 AVERAGE    84

..........................................................


THE MADISON WI CLIMATE NORMALS FOR TODAY
                         NORMAL    RECORD    YEAR
 MAXIMUM TEMPERATURE (F)   68        87      1974
 MINIMUM TEMPERATURE (F)   46        27      1966


SUNRISE AND SUNSET
SEPTEMBER 26 2016.....SUNRISE   650 AM CDT   SUNSET   647 PM CDT
SEPTEMBER 27 2016.....SUNRISE   651 AM CDT   SUNSET   645 PM CDT


-  INDICATES NEGATIVE NUMBERS.
R  INDICATES RECORD WAS SET OR TIED.
MM INDICATES DATA IS MISSING.
T  INDICATES TRACE AMOUNT.




$$
